{"id":574,"date":"2019-09-27T14:25:41","date_gmt":"2019-09-27T12:25:41","guid":{"rendered":"http:\/\/fs.kswe.ch\/wur\/?page_id=574"},"modified":"2020-10-15T09:01:42","modified_gmt":"2020-10-15T07:01:42","slug":"damian-ruppen","status":"publish","type":"page","link":"https:\/\/fs.kswe.ch\/wur\/damian-ruppen\/","title":{"rendered":"Damian Ruppen"},"content":{"rendered":"<h2><b><span data-contrast=\"auto\"><img fetchpriority=\"high\" decoding=\"async\" class=\"aligncenter wp-image-559 size-medium\" src=\"http:\/\/fs.kswe.ch\/wur\/wp-content\/uploads\/sites\/14\/2019\/09\/Foto-Herr-Ruppen1-243x300.jpg\" alt=\"\" width=\"243\" height=\"300\" srcset=\"https:\/\/fs.kswe.ch\/wur\/wp-content\/uploads\/sites\/14\/2019\/09\/Foto-Herr-Ruppen1-243x300.jpg 243w, https:\/\/fs.kswe.ch\/wur\/wp-content\/uploads\/sites\/14\/2019\/09\/Foto-Herr-Ruppen1-768x950.jpg 768w, https:\/\/fs.kswe.ch\/wur\/wp-content\/uploads\/sites\/14\/2019\/09\/Foto-Herr-Ruppen1-700x866.jpg 700w, https:\/\/fs.kswe.ch\/wur\/wp-content\/uploads\/sites\/14\/2019\/09\/Foto-Herr-Ruppen1-1800x2226.jpg 1800w, https:\/\/fs.kswe.ch\/wur\/wp-content\/uploads\/sites\/14\/2019\/09\/Foto-Herr-Ruppen1-1100x1361.jpg 1100w\" sizes=\"(max-width: 243px) 100vw, 243px\" \/><\/span><\/b><\/h2>\n<h2><b><span data-contrast=\"auto\">Damian Ruppen<\/span><\/b><\/h2>\n<p>Obwohl meine Wurzeln im Wallis liegen, bin ich in der Ostschweiz am Bodensee aufgewachsen. Mein Interesse f\u00fcr wirtschaftliche Fragestellungen wuchs w\u00e4hrend meiner Zeit als Sch\u00fcler an der Kantonsschule Kreuzlingen. Erstens habe ich eigenst\u00e4ndig IT-Installationen f\u00fcr Schulen geplant, beschafft, installiert und gewartet. Zweitens habe ich als Praktikant in einer internationalen Verlags- und Medienberatungsfirma gearbeitet und fr\u00fch Einblicke in den Wirtschaftsalltag erhalten.<\/p>\n<p>Nach Abschluss meines betriebswirtschaftlichen Studiums an der Universit\u00e4t in St. Gallen habe ich f\u00fcr drei Jahre im Group Controlling eines internationalen Industriekonzerns gearbeitet.<\/p>\n<p>Da ich mich in meiner Freizeit schon sehr viele Jahre f\u00fcr die Jugendarbeit eingesetzt habe und mir im Berufsalltag bisher der direkte Draht zur Jugend gefehlt hat, habe ich mich f\u00fcr die weitere Ausbildung zum Kantonsschullehrer in Wirtschaft und Recht absolviert.<\/p>\n<p>Neben meinem Engagement an der Kantonsschule Wettingen, engagiere ich mich stark f\u00fcr den gemeinn\u00fctzigen Jugendverein <a href=\"http:\/\/www.oceanyouthsailing.com\">Ocean Youth Sailing<\/a>. Gemeinsam mit \u00fcber 400 jungen HelferInnen haben wir in \u00fcber 20000 ehrenamtlichen Arbeitsstunden einen Hochseesegelkatamaran f\u00fcr die Jugend gebaut. 2019 konnten wir bereits eine erste Variowoche auf dem Segelkatamaran mit Sch\u00fclerInnen der Kantonsschule Wettingen durchf\u00fchren.<\/p>\n<p>In meiner Freizeit bin ich gerne am Segeln, Kitesurfen, gehe gerne Joggen und bin im Winter gerne im Wallis am Snowboarden, Skifahren oder Langlaufen.<\/p>\n","protected":false},"excerpt":{"rendered":"<p>Damian Ruppen Obwohl meine Wurzeln im Wallis liegen, bin ich in der Ostschweiz am Bodensee aufgewachsen. Mein Interesse f\u00fcr wirtschaftliche Fragestellungen wuchs w\u00e4hrend meiner Zeit als Sch\u00fcler an der Kantonsschule Kreuzlingen. Erstens habe ich eigenst\u00e4ndig IT-Installationen f\u00fcr Schulen geplant, beschafft, installiert und gewartet. Zweitens habe&#8230;<\/p>\n","protected":false},"author":22,"featured_media":0,"parent":0,"menu_order":0,"comment_status":"closed","ping_status":"closed","template":"","meta":{"footnotes":""},"class_list":["post-574","page","type-page","status-publish","hentry"],"_links":{"self":[{"href":"https:\/\/fs.kswe.ch\/wur\/wp-json\/wp\/v2\/pages\/574","targetHints":{"allow":["GET"]}}],"collection":[{"href":"https:\/\/fs.kswe.ch\/wur\/wp-json\/wp\/v2\/pages"}],"about":[{"href":"https:\/\/fs.kswe.ch\/wur\/wp-json\/wp\/v2\/types\/page"}],"author":[{"embeddable":true,"href":"https:\/\/fs.kswe.ch\/wur\/wp-json\/wp\/v2\/users\/22"}],"replies":[{"embeddable":true,"href":"https:\/\/fs.kswe.ch\/wur\/wp-json\/wp\/v2\/comments?post=574"}],"version-history":[{"count":5,"href":"https:\/\/fs.kswe.ch\/wur\/wp-json\/wp\/v2\/pages\/574\/revisions"}],"predecessor-version":[{"id":841,"href":"https:\/\/fs.kswe.ch\/wur\/wp-json\/wp\/v2\/pages\/574\/revisions\/841"}],"wp:attachment":[{"href":"https:\/\/fs.kswe.ch\/wur\/wp-json\/wp\/v2\/media?parent=574"}],"curies":[{"name":"wp","href":"https:\/\/api.w.org\/{rel}","templated":true}]}}