{"id":566,"date":"2019-09-27T14:20:07","date_gmt":"2019-09-27T12:20:07","guid":{"rendered":"http:\/\/fs.kswe.ch\/wur\/?page_id=566"},"modified":"2020-08-21T11:38:25","modified_gmt":"2020-08-21T09:38:25","slug":"reto-tschumper","status":"publish","type":"page","link":"https:\/\/fs.kswe.ch\/wur\/reto-tschumper\/","title":{"rendered":"Reto Tschumper"},"content":{"rendered":"<h2><b><span data-contrast=\"auto\"><img fetchpriority=\"high\" decoding=\"async\" class=\"aligncenter wp-image-558\" src=\"http:\/\/fs.kswe.ch\/wur\/wp-content\/uploads\/sites\/14\/2019\/09\/Foto-Herr-Tschumper1.jpg\" alt=\"\" width=\"555\" height=\"676\" srcset=\"https:\/\/fs.kswe.ch\/wur\/wp-content\/uploads\/sites\/14\/2019\/09\/Foto-Herr-Tschumper1.jpg 3769w, https:\/\/fs.kswe.ch\/wur\/wp-content\/uploads\/sites\/14\/2019\/09\/Foto-Herr-Tschumper1-246x300.jpg 246w, https:\/\/fs.kswe.ch\/wur\/wp-content\/uploads\/sites\/14\/2019\/09\/Foto-Herr-Tschumper1-768x936.jpg 768w, https:\/\/fs.kswe.ch\/wur\/wp-content\/uploads\/sites\/14\/2019\/09\/Foto-Herr-Tschumper1-700x853.jpg 700w, https:\/\/fs.kswe.ch\/wur\/wp-content\/uploads\/sites\/14\/2019\/09\/Foto-Herr-Tschumper1-1800x2194.jpg 1800w, https:\/\/fs.kswe.ch\/wur\/wp-content\/uploads\/sites\/14\/2019\/09\/Foto-Herr-Tschumper1-1100x1341.jpg 1100w\" sizes=\"(max-width: 555px) 100vw, 555px\" \/><\/span><\/b><\/h2>\n<h2><b><span data-contrast=\"auto\">Reto Tschumper<\/span><\/b><\/h2>\n<p>Neben dem grossen Alltagsbezug, den das Fach Wirtschaft und Recht aufweist, sind es auch zwei intellektuell \u00e4usserst spannende Disziplinen, welche ich seit \u00fcber 20 Jahren hier an der Kanti Wettingen unterrichten darf.<\/p>\n<p>Das Wort \u00d6konomie stammt vom griechischen Begriff \u00aboikos\u00bb f\u00fcr Haushalt ab, damals wohl ein Grosshaushalt mit mehreren Generationen, Angestellten und Vieh. Das deutsche Adjektiv \u00abhaush\u00e4lterisch\u00bb bedeutet nichts anderes als sparsam, und regt uns an, das Vorhandene nicht verschwenden. Auch wenn wir in der westlichen Welt im \u00dcberfluss leben, gibt es bei genauerem Betrachten kaum etwas, was nicht knapp ist. Diese Tatsache erweitert die Anwendung der Erkenntnisse der \u00d6konomie weit \u00fcber die Finanzen und den Lohn hinaus auf Lebens-Zeit, die nat\u00fcrlichen Ressourcen, Gerechtigkeit, Demokratie oder Beziehungen.<\/p>\n<p>Als ich mich vor der Kanti f\u00fcr das damalige Wirtschaftsgymnasium entschieden habe, war mir dies alles noch nicht bewusst. Offen gesagt traf ich wohl eher eine Negativwahl. Schnell entdeckte ich jedoch mein Interesse f\u00fcr die \u00d6konomie und nat\u00fcrlich auch f\u00fcr das Recht. So entschied ich mich f\u00fcr ein Studium an der Uni St. Gallen, welches die \u00f6konomischen und die juristischen Inhalte stark miteinander verkn\u00fcpfte.<\/p>\n<p>Vor, w\u00e4hrend und auch nach dem Studium sammelte ich wertvolle Praxiserfahrung bei Bank, Versicherung, Treuhand sowie als Controller an der Bildungsdirektion des Kantons Z\u00fcrich.<\/p>\n<p>Ich bin begeistert von der Zusammenarbeit mit jungen Menschen und finde es stets aufs Neue spannend, mich von ihren Fragen herausfordern zu lassen.<\/p>\n","protected":false},"excerpt":{"rendered":"<p>Reto Tschumper Neben dem grossen Alltagsbezug, den das Fach Wirtschaft und Recht aufweist, sind es auch zwei intellektuell \u00e4usserst spannende Disziplinen, welche ich seit \u00fcber 20 Jahren hier an der Kanti Wettingen unterrichten darf. Das Wort \u00d6konomie stammt vom griechischen Begriff \u00aboikos\u00bb f\u00fcr Haushalt ab,&#8230;<\/p>\n","protected":false},"author":22,"featured_media":0,"parent":0,"menu_order":0,"comment_status":"closed","ping_status":"closed","template":"","meta":{"footnotes":""},"class_list":["post-566","page","type-page","status-publish","hentry"],"_links":{"self":[{"href":"https:\/\/fs.kswe.ch\/wur\/wp-json\/wp\/v2\/pages\/566","targetHints":{"allow":["GET"]}}],"collection":[{"href":"https:\/\/fs.kswe.ch\/wur\/wp-json\/wp\/v2\/pages"}],"about":[{"href":"https:\/\/fs.kswe.ch\/wur\/wp-json\/wp\/v2\/types\/page"}],"author":[{"embeddable":true,"href":"https:\/\/fs.kswe.ch\/wur\/wp-json\/wp\/v2\/users\/22"}],"replies":[{"embeddable":true,"href":"https:\/\/fs.kswe.ch\/wur\/wp-json\/wp\/v2\/comments?post=566"}],"version-history":[{"count":5,"href":"https:\/\/fs.kswe.ch\/wur\/wp-json\/wp\/v2\/pages\/566\/revisions"}],"predecessor-version":[{"id":787,"href":"https:\/\/fs.kswe.ch\/wur\/wp-json\/wp\/v2\/pages\/566\/revisions\/787"}],"wp:attachment":[{"href":"https:\/\/fs.kswe.ch\/wur\/wp-json\/wp\/v2\/media?parent=566"}],"curies":[{"name":"wp","href":"https:\/\/api.w.org\/{rel}","templated":true}]}}