{"id":7821,"date":"2019-06-15T23:10:44","date_gmt":"2019-06-15T21:10:44","guid":{"rendered":"https:\/\/fs.kswe.ch\/spo\/?page_id=7821"},"modified":"2019-06-16T01:05:51","modified_gmt":"2019-06-15T23:05:51","slug":"volleynight12","status":"publish","type":"page","link":"https:\/\/fs.kswe.ch\/spo\/volleynight12\/","title":{"rendered":"Volleynight12"},"content":{"rendered":"<div class=\"wpb-content-wrapper\"><p>[vc_row row_type=&#8220;row&#8220; use_row_as_full_screen_section=&#8220;no&#8220; type=&#8220;full_width&#8220; text_align=&#8220;left&#8220; background_animation=&#8220;none&#8220; css_animation=&#8220;&#8220;][vc_column][vc_empty_space height=&#8220;24px&#8220;][vc_column_text]<em><strong>Volleynight 2012<\/strong><\/em>[\/vc_column_text][\/vc_column][\/vc_row][vc_row row_type=&#8220;row&#8220; use_row_as_full_screen_section=&#8220;no&#8220; type=&#8220;full_width&#8220; text_align=&#8220;left&#8220; background_animation=&#8220;none&#8220; css_animation=&#8220;&#8220;][vc_column][vc_empty_space][\/vc_column][\/vc_row][vc_row row_type=&#8220;row&#8220; use_row_as_full_screen_section=&#8220;no&#8220; type=&#8220;full_width&#8220; text_align=&#8220;left&#8220; background_animation=&#8220;none&#8220; css_animation=&#8220;&#8220;][vc_column][vc_column_text]Auch dieses Jahr fand das Volleyball-Highlight der Kantonsschule Wettingen am letzten Freitag vor den Weihnachtsferien statt. Um 15.10 Uhr erfolgte der Startpfiff f\u00fcr die ersten Spiele. 42 motivierte Teams spielten auf sieben Feldern Volleyball auf jedem Niveau. W\u00e4hrend die Vor- und Zwischenrunde in den drei Hallen der KSWE und der Dreifachhalle der Kanti Baden durchgef\u00fchrt wurde, fand die Finalrunde nur noch in Wettingen statt. An dieser Stelle bedanken wir uns bei der Kanti Baden, dass wir ihre Sportanlage benutzen durften.<\/p>\n<p>&nbsp;<\/p>\n<p>Nach 145 Spielen standen die Finalisten 2012 fest. Im Finale der Kategorie &#8222;mixed&#8220; verlangten sich die beiden Teams &#8222;Die kleinen Turbomarienk\u00e4fer&#8220; und &#8222;Air Santas&#8220; alles ab. Die Turbomarienk\u00e4fer setzten sich jedoch durch und konnten den Sieg f\u00fcr sich entscheiden. Beim Frauenturnier fand ein klasseninternes Finale der F3A statt, bei dem das stolze Team &#8222;Rotk\u00e4ppli&#8220; gewann.<\/p>\n<p>&nbsp;<\/p>\n<p>Die meist originell verkleideten Teams sorgten f\u00fcr eine sehr gute Stimmung und ein lustiges Ambiente an diesem gelungenen Abend. Die bestplatzierten Teams wurden mit einem Spaghetti-Preis belohnt. Die Sieger der beiden Kategorien durften das begehrte Volleynight Sieger T-Shirt in Empfang nehmen. Das bestverkleidete Team &#8222;Village Pepole&#8220; erhielt den Kreativpreis. Die Fachschaft Sport gratuliert den Siegerinnen und Siegern der Volleynight 2012 und l\u00e4dt sie zur Titelverteidigung im n\u00e4chsten Jahr ein.<\/p>\n<p>&nbsp;<\/p>\n<p>Text: Rico Hirschb\u00fchl<br \/>\nPhotos: Martin Rizek[\/vc_column_text][\/vc_column][\/vc_row][vc_row row_type=&#8220;row&#8220; use_row_as_full_screen_section=&#8220;no&#8220; type=&#8220;full_width&#8220; text_align=&#8220;left&#8220; background_animation=&#8220;none&#8220; css_animation=&#8220;&#8220;][vc_column][vc_empty_space][vc_separator type=&#8220;normal&#8220; border_style=&#8220;&#8220;][\/vc_column][\/vc_row][vc_row row_type=&#8220;row&#8220; use_row_as_full_screen_section=&#8220;no&#8220; type=&#8220;full_width&#8220; text_align=&#8220;left&#8220; background_animation=&#8220;none&#8220; css_animation=&#8220;&#8220;][vc_column][vc_column_text]<\/p>\n<ul>\n<li style=\"text-align: left\"><a href=\"https:\/\/fs.kswe.ch\/spo\/volleynight\/\"><span style=\"color: #800000\">zur\u00fcck<\/span><\/a><\/li>\n<\/ul>\n<p>[\/vc_column_text][\/vc_column][\/vc_row][vc_row row_type=&#8220;row&#8220; use_row_as_full_screen_section=&#8220;no&#8220; type=&#8220;full_width&#8220; text_align=&#8220;left&#8220; background_animation=&#8220;none&#8220; css_animation=&#8220;&#8220;][vc_column][vc_empty_space height=&#8220;12px&#8220;][vc_separator type=&#8220;normal&#8220; border_style=&#8220;&#8220;][vc_empty_space][\/vc_column][\/vc_row][vc_row row_type=&#8220;row&#8220; use_row_as_full_screen_section=&#8220;no&#8220; type=&#8220;full_width&#8220; text_align=&#8220;left&#8220; background_animation=&#8220;none&#8220; css_animation=&#8220;&#8220;][vc_column][vc_column_text]Bildergalerie[\/vc_column_text][\/vc_column][\/vc_row][vc_row row_type=&#8220;row&#8220; use_row_as_full_screen_section=&#8220;no&#8220; type=&#8220;full_width&#8220; text_align=&#8220;left&#8220; background_animation=&#8220;none&#8220; css_animation=&#8220;&#8220;][vc_column][vc_empty_space][\/vc_column][\/vc_row][vc_row row_type=&#8220;row&#8220; use_row_as_full_screen_section=&#8220;no&#8220; type=&#8220;full_width&#8220; text_align=&#8220;left&#8220; background_animation=&#8220;none&#8220; css_animation=&#8220;&#8220;][vc_column][vc_gallery type=&#8220;image_grid&#8220; images=&#8220;8071,8072,8073,8074,8075,8076,8077,8078,8079,8080,8081,8083,8084,8085,8089,8090,8103,8101,8100,8098,8096,8094,8091,8105,8115,8114,8113,8111,8110,8109,8107,8116,8123,8122,8121,8120,8119,8118,8117,8124,8132,8131,8130,8129,8128,8126,8125,8133,8146,8144,8142,8140,8138,8136,8135,8147,8156,8155,8154,8153,8152,8150,8148,8157,8166,8165,8164,8163,8160,8159,8158,8168,8176,8175,8174,8173,8172,8171,8169&#8243; img_size=&#8220;full&#8220; onclick=&#8220;&#8220; column_number=&#8220;0&#8243; grayscale=&#8220;no&#8220; space_between_images=&#8220;no&#8220;][\/vc_column][\/vc_row]<\/p>\n<\/div>","protected":false},"excerpt":{"rendered":"<p>[vc_row row_type=&#8220;row&#8220; use_row_as_full_screen_section=&#8220;no&#8220; type=&#8220;full_width&#8220; text_align=&#8220;left&#8220; background_animation=&#8220;none&#8220; css_animation=&#8220;&#8220;][vc_column][vc_empty_space height=&#8220;24px&#8220;][vc_column_text]Volleynight 2012[\/vc_column_text][\/vc_column][\/vc_row][vc_row row_type=&#8220;row&#8220; use_row_as_full_screen_section=&#8220;no&#8220; type=&#8220;full_width&#8220; text_align=&#8220;left&#8220; background_animation=&#8220;none&#8220; css_animation=&#8220;&#8220;][vc_column][vc_empty_space][\/vc_column][\/vc_row][vc_row row_type=&#8220;row&#8220; use_row_as_full_screen_section=&#8220;no&#8220; type=&#8220;full_width&#8220; text_align=&#8220;left&#8220; background_animation=&#8220;none&#8220; css_animation=&#8220;&#8220;][vc_column][vc_column_text]Auch dieses Jahr fand das Volleyball-Highlight der Kantonsschule Wettingen am letzten Freitag vor den Weihnachtsferien statt. Um 15.10 Uhr erfolgte der Startpfiff f\u00fcr die ersten&#8230;<\/p>\n","protected":false},"author":10,"featured_media":0,"parent":0,"menu_order":0,"comment_status":"closed","ping_status":"closed","template":"","meta":{"footnotes":""},"class_list":["post-7821","page","type-page","status-publish","hentry"],"_links":{"self":[{"href":"https:\/\/fs.kswe.ch\/spo\/wp-json\/wp\/v2\/pages\/7821","targetHints":{"allow":["GET"]}}],"collection":[{"href":"https:\/\/fs.kswe.ch\/spo\/wp-json\/wp\/v2\/pages"}],"about":[{"href":"https:\/\/fs.kswe.ch\/spo\/wp-json\/wp\/v2\/types\/page"}],"author":[{"embeddable":true,"href":"https:\/\/fs.kswe.ch\/spo\/wp-json\/wp\/v2\/users\/10"}],"replies":[{"embeddable":true,"href":"https:\/\/fs.kswe.ch\/spo\/wp-json\/wp\/v2\/comments?post=7821"}],"version-history":[{"count":5,"href":"https:\/\/fs.kswe.ch\/spo\/wp-json\/wp\/v2\/pages\/7821\/revisions"}],"predecessor-version":[{"id":8683,"href":"https:\/\/fs.kswe.ch\/spo\/wp-json\/wp\/v2\/pages\/7821\/revisions\/8683"}],"wp:attachment":[{"href":"https:\/\/fs.kswe.ch\/spo\/wp-json\/wp\/v2\/media?parent=7821"}],"curies":[{"name":"wp","href":"https:\/\/api.w.org\/{rel}","templated":true}]}}