{"id":7798,"date":"2019-06-15T22:41:06","date_gmt":"2019-06-15T20:41:06","guid":{"rendered":"https:\/\/fs.kswe.ch\/spo\/?page_id=7798"},"modified":"2019-06-15T22:45:46","modified_gmt":"2019-06-15T20:45:46","slug":"stauseelauf17","status":"publish","type":"page","link":"https:\/\/fs.kswe.ch\/spo\/stauseelauf17\/","title":{"rendered":"Stauseelauf17"},"content":{"rendered":"<div class=\"wpb-content-wrapper\"><p>[vc_row row_type=&#8220;row&#8220; use_row_as_full_screen_section=&#8220;no&#8220; type=&#8220;full_width&#8220; text_align=&#8220;left&#8220; background_animation=&#8220;none&#8220; css_animation=&#8220;&#8220;][vc_column width=&#8220;2\/3&#8243;][vc_column_text]<em><strong>Stauseelauf 2017<br \/>\n<\/strong><\/em>[\/vc_column_text][\/vc_column][vc_column width=&#8220;1\/3&#8243;][\/vc_column][\/vc_row][vc_row row_type=&#8220;row&#8220; use_row_as_full_screen_section=&#8220;no&#8220; type=&#8220;full_width&#8220; text_align=&#8220;left&#8220; background_animation=&#8220;none&#8220; css_animation=&#8220;&#8220;][vc_column][vc_empty_space][\/vc_column][\/vc_row][vc_row row_type=&#8220;row&#8220; use_row_as_full_screen_section=&#8220;no&#8220; type=&#8220;full_width&#8220; text_align=&#8220;left&#8220; background_animation=&#8220;none&#8220; css_animation=&#8220;&#8220;][vc_column][vc_column_text]Traditionsgem\u00e4ss besammelten sich am Dienstag 19.09.2017 trotz k\u00fchlem und herbstlichem Wetter die meisten der knapp 270 Sch\u00fcler und Sch\u00fclerinnen der 3. Klassen der Kantonsschule Wettingen am Start des Stauseelaufes.<br \/>\nZuerst herrschte grosses Chaos; \u201eWo m\u00fcemmer d\u2019Wertsache heretue?\u201c \u201eWenn chonnt mer d Startnommere \u00f6ber?\u201c oder \u201eIch weiss n\u00f6mm bi wellem Block ich iiteilt ben!\u201c h\u00f6rte man viele der L\u00e4ufer und L\u00e4uferinnen durcheinander rufen.<\/p>\n<p>&nbsp;<\/p>\n<p>Schliesslich fanden sich aber alle beim richtigen Startblock ein, das Durcheinander legte sich und es konnte p\u00fcnktlich losgehen. Der erste Startschuss ert\u00f6nte um 17.32 und mit ihm brachen Jubelrufe und Klatschen der anwesenden Zuschauer aus.<br \/>\nNach 34 Minuten trafen die ersten L\u00e4ufer und ca. 3 Minuten sp\u00e4ter die ersten L\u00e4uferinnen, schwer atmend und verschwitzt im Ziel ein. Auf den letzten 100m wurden alle noch einmal angefeuert alles zu geben, bis sie schliesslich im Ziel von stolzen Sportlehrpersonen und kalten Getr\u00e4nken empfangen wurden.<\/p>\n<p>&nbsp;<\/p>\n<p>Obwohl einige mit mehr Ehrgeiz und einige mit eher gemischten Gef\u00fchlen in den Lauf gestartet sind, waren sich am Ende alle einig: Es ist ein super Gef\u00fchl wenn man \u00fcber die Ziellinie l\u00e4uft und sagen kann, dass man die 8.6 km erfolgreich gemeistert hat!<\/p>\n<p>&nbsp;<\/p>\n<p>Text: Lynn B\u00fcrge und Jacqueline Clivio, G3F<\/p>\n<p>Fotos: Simone Zuberb\u00fchler[\/vc_column_text][\/vc_column][\/vc_row][vc_row row_type=&#8220;row&#8220; use_row_as_full_screen_section=&#8220;no&#8220; type=&#8220;full_width&#8220; text_align=&#8220;left&#8220; background_animation=&#8220;none&#8220; css_animation=&#8220;&#8220;][vc_column][vc_empty_space][\/vc_column][\/vc_row][vc_row row_type=&#8220;row&#8220; use_row_as_full_screen_section=&#8220;no&#8220; type=&#8220;full_width&#8220; text_align=&#8220;left&#8220; background_animation=&#8220;none&#8220; css_animation=&#8220;&#8220;][vc_column width=&#8220;5\/6&#8243;][vc_column_text]<\/p>\n<ul>\n<li style=\"text-align: left\"><a href=\"https:\/\/fs.kswe.ch\/spo\/stauseelauf\/\"><span style=\"color: #800000\">zur\u00fcck<\/span><\/a><\/li>\n<\/ul>\n<p>[\/vc_column_text][\/vc_column][vc_column width=&#8220;1\/6&#8243;][\/vc_column][\/vc_row][vc_row row_type=&#8220;row&#8220; use_row_as_full_screen_section=&#8220;no&#8220; type=&#8220;full_width&#8220; text_align=&#8220;left&#8220; background_animation=&#8220;none&#8220; css_animation=&#8220;&#8220;][vc_column][vc_empty_space height=&#8220;12px&#8220;][vc_separator type=&#8220;normal&#8220; border_style=&#8220;&#8220;][vc_empty_space][\/vc_column][\/vc_row][vc_row row_type=&#8220;row&#8220; use_row_as_full_screen_section=&#8220;no&#8220; type=&#8220;full_width&#8220; text_align=&#8220;left&#8220; background_animation=&#8220;none&#8220; css_animation=&#8220;&#8220;][vc_column][vc_column_text]Bildergalerie[\/vc_column_text][\/vc_column][\/vc_row][vc_row row_type=&#8220;row&#8220; use_row_as_full_screen_section=&#8220;no&#8220; type=&#8220;full_width&#8220; text_align=&#8220;left&#8220; background_animation=&#8220;none&#8220; css_animation=&#8220;&#8220;][vc_column][vc_empty_space][\/vc_column][\/vc_row][vc_row row_type=&#8220;row&#8220; use_row_as_full_screen_section=&#8220;no&#8220; type=&#8220;full_width&#8220; text_align=&#8220;left&#8220; background_animation=&#8220;none&#8220; css_animation=&#8220;&#8220;][vc_column][vc_gallery type=&#8220;image_grid&#8220; images=&#8220;7677,7680,7682,7683,7685,7686,7687,7688,7696,7695,7694,7693,7692,7690,7689,7697,7706,7705,7704,7701,7700,7699,7698,7707,7715,7714,7713,7711,7710,7709,7708,7716,7723,7722,7721,7720,7719,7718,7717,7724,7734,7732,7730,7729,7728,7727&#8243; img_size=&#8220;full&#8220; onclick=&#8220;&#8220; column_number=&#8220;0&#8243; grayscale=&#8220;no&#8220; space_between_images=&#8220;no&#8220;][\/vc_column][\/vc_row]<\/p>\n<\/div>","protected":false},"excerpt":{"rendered":"<p>[vc_row row_type=&#8220;row&#8220; use_row_as_full_screen_section=&#8220;no&#8220; type=&#8220;full_width&#8220; text_align=&#8220;left&#8220; background_animation=&#8220;none&#8220; css_animation=&#8220;&#8220;][vc_column width=&#8220;2\/3&#8243;][vc_column_text]Stauseelauf 2017 [\/vc_column_text][\/vc_column][vc_column width=&#8220;1\/3&#8243;][\/vc_column][\/vc_row][vc_row row_type=&#8220;row&#8220; use_row_as_full_screen_section=&#8220;no&#8220; type=&#8220;full_width&#8220; text_align=&#8220;left&#8220; background_animation=&#8220;none&#8220; css_animation=&#8220;&#8220;][vc_column][vc_empty_space][\/vc_column][\/vc_row][vc_row row_type=&#8220;row&#8220; use_row_as_full_screen_section=&#8220;no&#8220; type=&#8220;full_width&#8220; text_align=&#8220;left&#8220; background_animation=&#8220;none&#8220; css_animation=&#8220;&#8220;][vc_column][vc_column_text]Traditionsgem\u00e4ss besammelten sich am Dienstag 19.09.2017 trotz k\u00fchlem und herbstlichem Wetter die meisten der knapp 270 Sch\u00fcler und Sch\u00fclerinnen der 3. Klassen der&#8230;<\/p>\n","protected":false},"author":10,"featured_media":0,"parent":0,"menu_order":0,"comment_status":"closed","ping_status":"closed","template":"","meta":{"footnotes":""},"class_list":["post-7798","page","type-page","status-publish","hentry"],"_links":{"self":[{"href":"https:\/\/fs.kswe.ch\/spo\/wp-json\/wp\/v2\/pages\/7798","targetHints":{"allow":["GET"]}}],"collection":[{"href":"https:\/\/fs.kswe.ch\/spo\/wp-json\/wp\/v2\/pages"}],"about":[{"href":"https:\/\/fs.kswe.ch\/spo\/wp-json\/wp\/v2\/types\/page"}],"author":[{"embeddable":true,"href":"https:\/\/fs.kswe.ch\/spo\/wp-json\/wp\/v2\/users\/10"}],"replies":[{"embeddable":true,"href":"https:\/\/fs.kswe.ch\/spo\/wp-json\/wp\/v2\/comments?post=7798"}],"version-history":[{"count":3,"href":"https:\/\/fs.kswe.ch\/spo\/wp-json\/wp\/v2\/pages\/7798\/revisions"}],"predecessor-version":[{"id":7801,"href":"https:\/\/fs.kswe.ch\/spo\/wp-json\/wp\/v2\/pages\/7798\/revisions\/7801"}],"wp:attachment":[{"href":"https:\/\/fs.kswe.ch\/spo\/wp-json\/wp\/v2\/media?parent=7798"}],"curies":[{"name":"wp","href":"https:\/\/api.w.org\/{rel}","templated":true}]}}