{"id":7796,"date":"2019-06-15T22:38:22","date_gmt":"2019-06-15T20:38:22","guid":{"rendered":"https:\/\/fs.kswe.ch\/spo\/?page_id=7796"},"modified":"2019-06-15T22:48:46","modified_gmt":"2019-06-15T20:48:46","slug":"stauseelauf16","status":"publish","type":"page","link":"https:\/\/fs.kswe.ch\/spo\/stauseelauf16\/","title":{"rendered":"Stauseelauf16"},"content":{"rendered":"<div class=\"wpb-content-wrapper\"><p>[vc_row row_type=&#8220;row&#8220; use_row_as_full_screen_section=&#8220;no&#8220; type=&#8220;full_width&#8220; text_align=&#8220;left&#8220; background_animation=&#8220;none&#8220; css_animation=&#8220;&#8220;][vc_column width=&#8220;2\/3&#8243;][vc_column_text]<em><strong>Stauseelauf 2016<br \/>\n<\/strong><\/em>[\/vc_column_text][\/vc_column][vc_column width=&#8220;1\/3&#8243;][\/vc_column][\/vc_row][vc_row row_type=&#8220;row&#8220; use_row_as_full_screen_section=&#8220;no&#8220; type=&#8220;full_width&#8220; text_align=&#8220;left&#8220; background_animation=&#8220;none&#8220; css_animation=&#8220;&#8220;][vc_column][vc_empty_space][\/vc_column][\/vc_row][vc_row row_type=&#8220;row&#8220; use_row_as_full_screen_section=&#8220;no&#8220; type=&#8220;full_width&#8220; text_align=&#8220;left&#8220; background_animation=&#8220;none&#8220; css_animation=&#8220;&#8220;][vc_column][vc_column_text]Schon von weitem sieht man die bunten Ballone der Pacemaker, welche zur Zeitorientierung der L\u00e4ufer*innen dienen. Obwohl das Wetter den ganzen Tag lang bew\u00f6lkt und unfreundlich war, tat es kurz vor dem Start des Stauseelaufes etwas auf. So starteten am 19. September 2016 alle Sch\u00fcler*innen der 3. Klassen bei angenehm k\u00fchlen Temperaturen um den 8,6 km langen Lauf zu bew\u00e4ltigen.<\/p>\n<p>&nbsp;<\/p>\n<p>Die Gef\u00fchle der L\u00e4ufer*innen sind durchmischt. Einige sind euphorisch und bereiten sich voller Freude auf die bevorstehende Herausforderung vor, andere nehmen das Ganze eher locker und unterhalten sich gem\u00fctlich. Der erste Block startet unter aufmunternden und motivierenden Zurufen der anderen. Kurz darauf folgen die weiteren vier Bl\u00f6cke, immer mit zwei Minuten Abstand. Nachdem alle L\u00e4ufer*innen gestartet sind kehrt Ruhe an der Start- und Ziellinie ein.<\/p>\n<p>&nbsp;<\/p>\n<p>W\u00e4hrend alle L\u00e4ufer*innen ihr Bestes geben, stapeln die fleissigen Helferinnen und Helfer deren R\u00fccks\u00e4cke und Taschen unter einem kleinen Zelt, da dicke Wolken aufziehen und es zu regnen droht. Nach und nach treffen die ersten im Ziel ein. Die einen legen voller Motivation zum Schluss noch einen Sprint hin und andere torkeln eher ersch\u00f6pft ins Ziel. Nach 5 M\u00e4nnern kommt auch schon die erste Frau durch das Ziel gerannt. Es treffen immer mehr L\u00e4ufer*innen ein und der Platz f\u00fcllt sich langsam wieder. Wie auch schon am Start ist die Stimmung unterschiedlich. Einige schwatzen ausgelassen \u00fcber den soeben absolvierten Lauf w\u00e4hrend andere so ersch\u00f6pft sind, dass sie nur noch herumliegen wollen.<\/p>\n<p>&nbsp;<\/p>\n<p>Doch eines ist klar: Alle L\u00e4ufer*innen k\u00f6nnen stolz auf ihre heutige Leistung sein<\/p>\n<p>&nbsp;<\/p>\n<p>Text: Lara Sara Haas G3I<\/p>\n<p>Fotos: Simone Zuberb\u00fchler[\/vc_column_text][\/vc_column][\/vc_row][vc_row row_type=&#8220;row&#8220; use_row_as_full_screen_section=&#8220;no&#8220; type=&#8220;full_width&#8220; text_align=&#8220;left&#8220; background_animation=&#8220;none&#8220; css_animation=&#8220;&#8220;][vc_column][vc_empty_space][\/vc_column][\/vc_row][vc_row row_type=&#8220;row&#8220; use_row_as_full_screen_section=&#8220;no&#8220; type=&#8220;full_width&#8220; text_align=&#8220;left&#8220; background_animation=&#8220;none&#8220; css_animation=&#8220;&#8220;][vc_column width=&#8220;5\/6&#8243;][vc_column_text]<\/p>\n<ul>\n<li style=\"text-align: left\"><a href=\"https:\/\/fs.kswe.ch\/spo\/stauseelauf\/\"><span style=\"color: #800000\">zur\u00fcck<\/span><\/a><\/li>\n<\/ul>\n<p>[\/vc_column_text][\/vc_column][vc_column width=&#8220;1\/6&#8243;][\/vc_column][\/vc_row][vc_row row_type=&#8220;row&#8220; use_row_as_full_screen_section=&#8220;no&#8220; type=&#8220;full_width&#8220; text_align=&#8220;left&#8220; background_animation=&#8220;none&#8220; css_animation=&#8220;&#8220;][vc_column][vc_empty_space height=&#8220;12px&#8220;][vc_separator type=&#8220;normal&#8220; border_style=&#8220;&#8220;][vc_empty_space][\/vc_column][\/vc_row][vc_row row_type=&#8220;row&#8220; use_row_as_full_screen_section=&#8220;no&#8220; type=&#8220;full_width&#8220; text_align=&#8220;left&#8220; background_animation=&#8220;none&#8220; css_animation=&#8220;&#8220;][vc_column][vc_column_text]Bildergalerie[\/vc_column_text][\/vc_column][\/vc_row][vc_row row_type=&#8220;row&#8220; use_row_as_full_screen_section=&#8220;no&#8220; type=&#8220;full_width&#8220; text_align=&#8220;left&#8220; background_animation=&#8220;none&#8220; css_animation=&#8220;&#8220;][vc_column][vc_empty_space][\/vc_column][\/vc_row][vc_row row_type=&#8220;row&#8220; use_row_as_full_screen_section=&#8220;no&#8220; type=&#8220;full_width&#8220; text_align=&#8220;left&#8220; background_animation=&#8220;none&#8220; css_animation=&#8220;&#8220;][vc_column][vc_gallery type=&#8220;image_grid&#8220; images=&#8220;7663,7672,7671,7661,7660,7659,7669,7668,7667,7666,7665,7664,7658,7656,7655,7654,7653,7652,7651,7650,7648,7647,7646,7645,7644,7643,7642,7641,7640,7639,7638,7637,7636,7635,7634,7633,7629,7627,7626,7625,7624,7623,7622,7621,7674,7673&#8243; img_size=&#8220;full&#8220; onclick=&#8220;&#8220; column_number=&#8220;0&#8243; grayscale=&#8220;no&#8220; space_between_images=&#8220;no&#8220;][\/vc_column][\/vc_row]<\/p>\n<\/div>","protected":false},"excerpt":{"rendered":"<p>[vc_row row_type=&#8220;row&#8220; use_row_as_full_screen_section=&#8220;no&#8220; type=&#8220;full_width&#8220; text_align=&#8220;left&#8220; background_animation=&#8220;none&#8220; css_animation=&#8220;&#8220;][vc_column width=&#8220;2\/3&#8243;][vc_column_text]Stauseelauf 2016 [\/vc_column_text][\/vc_column][vc_column width=&#8220;1\/3&#8243;][\/vc_column][\/vc_row][vc_row row_type=&#8220;row&#8220; use_row_as_full_screen_section=&#8220;no&#8220; type=&#8220;full_width&#8220; text_align=&#8220;left&#8220; background_animation=&#8220;none&#8220; css_animation=&#8220;&#8220;][vc_column][vc_empty_space][\/vc_column][\/vc_row][vc_row row_type=&#8220;row&#8220; use_row_as_full_screen_section=&#8220;no&#8220; type=&#8220;full_width&#8220; text_align=&#8220;left&#8220; background_animation=&#8220;none&#8220; css_animation=&#8220;&#8220;][vc_column][vc_column_text]Schon von weitem sieht man die bunten Ballone der Pacemaker, welche zur Zeitorientierung der L\u00e4ufer*innen dienen. Obwohl das Wetter den ganzen Tag lang&#8230;<\/p>\n","protected":false},"author":10,"featured_media":0,"parent":0,"menu_order":0,"comment_status":"closed","ping_status":"closed","template":"","meta":{"footnotes":""},"class_list":["post-7796","page","type-page","status-publish","hentry"],"_links":{"self":[{"href":"https:\/\/fs.kswe.ch\/spo\/wp-json\/wp\/v2\/pages\/7796","targetHints":{"allow":["GET"]}}],"collection":[{"href":"https:\/\/fs.kswe.ch\/spo\/wp-json\/wp\/v2\/pages"}],"about":[{"href":"https:\/\/fs.kswe.ch\/spo\/wp-json\/wp\/v2\/types\/page"}],"author":[{"embeddable":true,"href":"https:\/\/fs.kswe.ch\/spo\/wp-json\/wp\/v2\/users\/10"}],"replies":[{"embeddable":true,"href":"https:\/\/fs.kswe.ch\/spo\/wp-json\/wp\/v2\/comments?post=7796"}],"version-history":[{"count":3,"href":"https:\/\/fs.kswe.ch\/spo\/wp-json\/wp\/v2\/pages\/7796\/revisions"}],"predecessor-version":[{"id":7803,"href":"https:\/\/fs.kswe.ch\/spo\/wp-json\/wp\/v2\/pages\/7796\/revisions\/7803"}],"wp:attachment":[{"href":"https:\/\/fs.kswe.ch\/spo\/wp-json\/wp\/v2\/media?parent=7796"}],"curies":[{"name":"wp","href":"https:\/\/api.w.org\/{rel}","templated":true}]}}