{"id":7794,"date":"2019-06-15T22:36:06","date_gmt":"2019-06-15T20:36:06","guid":{"rendered":"https:\/\/fs.kswe.ch\/spo\/?page_id=7794"},"modified":"2019-06-15T22:53:33","modified_gmt":"2019-06-15T20:53:33","slug":"stauseelauf15","status":"publish","type":"page","link":"https:\/\/fs.kswe.ch\/spo\/stauseelauf15\/","title":{"rendered":"Stauseelauf15"},"content":{"rendered":"<div class=\"wpb-content-wrapper\"><p>[vc_row row_type=&#8220;row&#8220; use_row_as_full_screen_section=&#8220;no&#8220; type=&#8220;full_width&#8220; text_align=&#8220;left&#8220; background_animation=&#8220;none&#8220; css_animation=&#8220;&#8220;][vc_column width=&#8220;2\/3&#8243;][vc_column_text]<em><strong>Stauseelauf 2015<br \/>\n<\/strong><\/em>[\/vc_column_text][\/vc_column][vc_column width=&#8220;1\/3&#8243;][\/vc_column][\/vc_row][vc_row row_type=&#8220;row&#8220; use_row_as_full_screen_section=&#8220;no&#8220; type=&#8220;full_width&#8220; text_align=&#8220;left&#8220; background_animation=&#8220;none&#8220; css_animation=&#8220;&#8220;][vc_column][vc_empty_space][\/vc_column][\/vc_row][vc_row row_type=&#8220;row&#8220; use_row_as_full_screen_section=&#8220;no&#8220; type=&#8220;full_width&#8220; text_align=&#8220;left&#8220; background_animation=&#8220;none&#8220; css_animation=&#8220;&#8220;][vc_column][vc_column_text]Dienstag, 15. September. Perfektes Laufwetter! Gespannte Erwartung, gemischte Gef\u00fchle. Vor der Spinnerei treffen die L\u00e4uferinnen und L\u00e4ufer ein. Wo geh\u00f6ren die Wertsachen hin? In welchem Block bin ich eingeteilt? Wo bekomme ich die Startnummer?<\/p>\n<p>&nbsp;<\/p>\n<p>Um 17:30 Uhr startete der allj\u00e4hrliche Stauseelauf gleich mit den motiviertesten L\u00e4uferinnen und L\u00e4ufer der dritten Klasse. Richtig ambitioniert und voller Energie standen sie in den Startl\u00f6chern, bereit ihr Bestes zu geben! Trotz guter physischer und psychischer Vorbereitung waren nicht alle gleich wohlauf. Bei den einen brauchte es etwas mehr Fantasie, um sie f\u00fcr die 8,4 km zu motivieren. Eine Austauschsch\u00fclerin meinte, dass es bei ihnen in Thailand nach einer solchen Anstrengung gratis zu Essen gebe. W\u00e4re das nicht eine gute Idee f\u00fcr die n\u00e4chsten Jahre?<\/p>\n<p>&nbsp;<\/p>\n<p>In mehreren Startbl\u00f6cken, dem Niveau entsprechend, ging es an den Start. Jetzt gilt es ernst! Sitzen die Kopfh\u00f6rer und sind die Schuhe gebunden? Los gehts! Nach dem Start ging es nicht lange, bis sich die ersten L\u00e4ufer\/innen \u00fcber die Ziellinie hechteten! Taktik gab es keine. \u201eEifach dureseckle\u201c war angesagt! Eine L\u00e4uferin wollte im Ziel kein Wasser, verlangte scherzend bei ihren Kolleginnen Schmerzmittel. \ud83d\ude42<\/p>\n<p>&nbsp;<\/p>\n<p>Ja, sie haben wirklich alles gegeben! Trotz hochroten K\u00f6pfen hatten im Ziel die meisten ein Lachen im Gesicht! Geschafft! Nach und nach trudelte L\u00e4ufer f\u00fcr L\u00e4ufer ein, gerade noch rechtzeitig, bevor es zu regnen begann. Man k\u00f6nnte meinen, das Wetter habe extra gewartet.<\/p>\n<p>&nbsp;<\/p>\n<p>Der Event ging unfallfrei \u00fcber die B\u00fchne. Da und dort eine Blase, die behandelt werden musste, ein Traubenzucker, der dringend n\u00f6tig war und viel Wasser waren im Ziel neben den Gratulationen f\u00fcr alle L\u00e4uferinnen und L\u00e4ufer alles was es brauchte.<\/p>\n<p>&nbsp;<\/p>\n<p>Text: Aline Arnet,G3I und Sabine Fl\u00fcck<\/p>\n<p>Fotos: Simone Zuberb\u00fchler[\/vc_column_text][\/vc_column][\/vc_row][vc_row row_type=&#8220;row&#8220; use_row_as_full_screen_section=&#8220;no&#8220; type=&#8220;full_width&#8220; text_align=&#8220;left&#8220; background_animation=&#8220;none&#8220; css_animation=&#8220;&#8220;][vc_column][vc_empty_space][\/vc_column][\/vc_row][vc_row row_type=&#8220;row&#8220; use_row_as_full_screen_section=&#8220;no&#8220; type=&#8220;full_width&#8220; text_align=&#8220;left&#8220; background_animation=&#8220;none&#8220; css_animation=&#8220;&#8220;][vc_column width=&#8220;5\/6&#8243;][vc_column_text]<\/p>\n<ul>\n<li style=\"text-align: left\"><a href=\"https:\/\/fs.kswe.ch\/spo\/stauseelauf\/\"><span style=\"color: #800000\">zur\u00fcck<\/span><\/a><\/li>\n<\/ul>\n<p>[\/vc_column_text][\/vc_column][vc_column width=&#8220;1\/6&#8243;][\/vc_column][\/vc_row][vc_row row_type=&#8220;row&#8220; use_row_as_full_screen_section=&#8220;no&#8220; type=&#8220;full_width&#8220; text_align=&#8220;left&#8220; background_animation=&#8220;none&#8220; css_animation=&#8220;&#8220;][vc_column][vc_empty_space height=&#8220;12px&#8220;][vc_separator type=&#8220;normal&#8220; border_style=&#8220;&#8220;][vc_empty_space][\/vc_column][\/vc_row][vc_row row_type=&#8220;row&#8220; use_row_as_full_screen_section=&#8220;no&#8220; type=&#8220;full_width&#8220; text_align=&#8220;left&#8220; background_animation=&#8220;none&#8220; css_animation=&#8220;&#8220;][vc_column][vc_column_text]Bildergalerie[\/vc_column_text][\/vc_column][\/vc_row][vc_row row_type=&#8220;row&#8220; use_row_as_full_screen_section=&#8220;no&#8220; type=&#8220;full_width&#8220; text_align=&#8220;left&#8220; background_animation=&#8220;none&#8220; css_animation=&#8220;&#8220;][vc_column][vc_empty_space][\/vc_column][\/vc_row][vc_row row_type=&#8220;row&#8220; use_row_as_full_screen_section=&#8220;no&#8220; type=&#8220;full_width&#8220; text_align=&#8220;left&#8220; background_animation=&#8220;none&#8220; css_animation=&#8220;&#8220;][vc_column][vc_gallery type=&#8220;image_grid&#8220; images=&#8220;7554,7556,7557,7564,7563,7562,7561,7560,7559,7558,7572,7571,7570,7569,7568,7567,7566,7565,7580,7578,7577,7576,7575,7574,7573,7588,7587,7586,7585,7584,7583,7582,7581,7596,7595,7594,7593,7592,7591,7590,7589,7604,7603,7602,7601,7600,7599,7598,7597,7611,7610,7609,7608,7607,7606,7605,7617,7620,7619&#8243; img_size=&#8220;full&#8220; onclick=&#8220;&#8220; column_number=&#8220;0&#8243; grayscale=&#8220;no&#8220; space_between_images=&#8220;no&#8220;][\/vc_column][\/vc_row]<\/p>\n<\/div>","protected":false},"excerpt":{"rendered":"<p>[vc_row row_type=&#8220;row&#8220; use_row_as_full_screen_section=&#8220;no&#8220; type=&#8220;full_width&#8220; text_align=&#8220;left&#8220; background_animation=&#8220;none&#8220; css_animation=&#8220;&#8220;][vc_column width=&#8220;2\/3&#8243;][vc_column_text]Stauseelauf 2015 [\/vc_column_text][\/vc_column][vc_column width=&#8220;1\/3&#8243;][\/vc_column][\/vc_row][vc_row row_type=&#8220;row&#8220; use_row_as_full_screen_section=&#8220;no&#8220; type=&#8220;full_width&#8220; text_align=&#8220;left&#8220; background_animation=&#8220;none&#8220; css_animation=&#8220;&#8220;][vc_column][vc_empty_space][\/vc_column][\/vc_row][vc_row row_type=&#8220;row&#8220; use_row_as_full_screen_section=&#8220;no&#8220; type=&#8220;full_width&#8220; text_align=&#8220;left&#8220; background_animation=&#8220;none&#8220; css_animation=&#8220;&#8220;][vc_column][vc_column_text]Dienstag, 15. September. Perfektes Laufwetter! Gespannte Erwartung, gemischte Gef\u00fchle. Vor der Spinnerei treffen die L\u00e4uferinnen und L\u00e4ufer ein. Wo geh\u00f6ren die Wertsachen hin?&#8230;<\/p>\n","protected":false},"author":10,"featured_media":0,"parent":0,"menu_order":0,"comment_status":"closed","ping_status":"closed","template":"","meta":{"footnotes":""},"class_list":["post-7794","page","type-page","status-publish","hentry"],"_links":{"self":[{"href":"https:\/\/fs.kswe.ch\/spo\/wp-json\/wp\/v2\/pages\/7794","targetHints":{"allow":["GET"]}}],"collection":[{"href":"https:\/\/fs.kswe.ch\/spo\/wp-json\/wp\/v2\/pages"}],"about":[{"href":"https:\/\/fs.kswe.ch\/spo\/wp-json\/wp\/v2\/types\/page"}],"author":[{"embeddable":true,"href":"https:\/\/fs.kswe.ch\/spo\/wp-json\/wp\/v2\/users\/10"}],"replies":[{"embeddable":true,"href":"https:\/\/fs.kswe.ch\/spo\/wp-json\/wp\/v2\/comments?post=7794"}],"version-history":[{"count":3,"href":"https:\/\/fs.kswe.ch\/spo\/wp-json\/wp\/v2\/pages\/7794\/revisions"}],"predecessor-version":[{"id":7805,"href":"https:\/\/fs.kswe.ch\/spo\/wp-json\/wp\/v2\/pages\/7794\/revisions\/7805"}],"wp:attachment":[{"href":"https:\/\/fs.kswe.ch\/spo\/wp-json\/wp\/v2\/media?parent=7794"}],"curies":[{"name":"wp","href":"https:\/\/api.w.org\/{rel}","templated":true}]}}