{"id":5828,"date":"2019-05-18T19:57:25","date_gmt":"2019-05-18T17:57:25","guid":{"rendered":"https:\/\/fs.kswe.ch\/spo\/?page_id=5828"},"modified":"2019-05-23T02:34:27","modified_gmt":"2019-05-23T00:34:27","slug":"letsmove09","status":"publish","type":"page","link":"https:\/\/fs.kswe.ch\/spo\/letsmove09\/","title":{"rendered":"Let&#8217;s move 09"},"content":{"rendered":"<div class=\"wpb-content-wrapper\"><p>[vc_row row_type=&#8220;row&#8220; use_row_as_full_screen_section=&#8220;no&#8220; type=&#8220;full_width&#8220; text_align=&#8220;left&#8220; background_animation=&#8220;none&#8220; css_animation=&#8220;&#8220;][vc_column][vc_empty_space height=&#8220;24px&#8220;][vc_column_text]<em><strong>Let&#8217;s move 2009<\/strong><\/em>[\/vc_column_text][\/vc_column][\/vc_row][vc_row row_type=&#8220;row&#8220; use_row_as_full_screen_section=&#8220;no&#8220; type=&#8220;full_width&#8220; text_align=&#8220;left&#8220; background_animation=&#8220;none&#8220; css_animation=&#8220;&#8220;][vc_column][vc_empty_space][\/vc_column][\/vc_row][vc_row row_type=&#8220;row&#8220; use_row_as_full_screen_section=&#8220;no&#8220; type=&#8220;full_width&#8220; text_align=&#8220;left&#8220; background_animation=&#8220;none&#8220; css_animation=&#8220;&#8220;][vc_column][vc_column_text]Endlich war es wieder so weit! Am Donnerstagabend, 2. April, hiess es zum neunten Mal &#8222;Let&#8217;s Move&#8220;. Die Zuschauer kamen einmal mehr in den Genuss des legend\u00e4ren Bewegungsanlasses, der wie letztes Mal an einem Donnerstag, Freitag und Samstag stattfand. Unter diesem Motto wurde in der ausverkauften Turnhalle der Kantonsschule Wettingen die Tanzfl\u00e4che w\u00e4hrend dreier Abende sportbegeisterten Sch\u00fclerinnen und Sch\u00fclern \u00fcberlassen. &#8222;Let&#8217;s Move&#8220; findet jedes zweite Jahr statt und ist immer wieder eine Demonstration der gewichtigen Bedeutung von Sport im regul\u00e4ren Unterricht der Kantonsschule Wettingen.<\/p>\n<p>&nbsp;<\/p>\n<p><strong>Reibungslose Teamarbeit<\/strong><\/p>\n<p>&nbsp;<\/p>\n<p>Unter der Leitung der Fachschaft Sport waren 19 kreative und qualitativ hochstehende Darbietungen ins Leben gerufen worden. Der bunte Mix aus Sch\u00fclerinnen und Sch\u00fclern, Tanzstilen und Farben, begeisterte das Publikum und sorgte f\u00fcr Abwechslung ohne an Struktur und Spannung einzub\u00fcssen. Die Teilnehmer setzten sich aus regul\u00e4ren Schulklassen, Sch\u00fclerinnen und Sch\u00fclern des Erg\u00e4nzungsfachs Sport, der Freif\u00e4cher Tanz der Kantonsschulen Baden und Wettingen und Lehrerinnen und Lehrern der Fachschaft Sport zusammen. Dargeboten wurde eine Vielfalt an Ideen, welche unter anderem von Rock&#8217;n&#8217;Roll und Salsa \u00fcber moderne Tanzeinlagen wie HipHop und Breakdance zu akrobatischen H\u00f6chstleistungen f\u00fchrte, alles mit pers\u00f6nlicher Note, Charme und Witz. Die fantasievollen Kost\u00fcme und Requisiten unterst\u00fctzen dabei die vitale Stimmung.<\/p>\n<p>&nbsp;<\/p>\n<p>Hinter der Kulisse sorgte die Fachschaft Sport, mit Unterst\u00fctzung des Kurtheaters Baden und des &#8222;trigger.ch&#8220;-Teams, f\u00fcr fliessende technische Abl\u00e4ufe sowie f\u00fcr passende Bildprojektionen und \u00fcberzeugte einmal mehr mit ihrer durchdachten Organisation. Die Kantonsschule Wettingen zeigte den Besuchern, mit wieviel Engagement sie Bewegung und Sport f\u00f6rdert und bot ein eindr\u00fcckliches Beispiel ihrer eingespielten Teamarbeit zwischen Lehrpersonen und Sch\u00fclerschaft. W\u00fcnsche und Vorschl\u00e4ge der Teilnehmer wurden in die St\u00fccke eingearbeitet und bildeten die Grundlage dieser vielschichtigen, unvergleichlichen Show.<\/p>\n<p>&nbsp;<\/p>\n<p><strong>Anlass mit Niveau und Herz<\/strong><\/p>\n<p>&nbsp;<\/p>\n<p>Die Besucher erhielten Einblick in professionelles Arbeiten auf h\u00f6chstem Niveau, unterhaltenden Humor und wurden von der mitreissenden Lebenseinstellung dieser Schule in den Bann gezogen. Der anhaltende Beifall war die Belohnung f\u00fcr die harte Arbeit, welche hinter den atemberaubenden Auftritten steckte. Es bleibt die Hoffnung auf eine baldige Wiederholung dieser ausschliesslich positiven Erfahrung.<\/p>\n<p>&nbsp;<\/p>\n<p>Tirza Gautschi[\/vc_column_text][\/vc_column][\/vc_row][vc_row row_type=&#8220;row&#8220; use_row_as_full_screen_section=&#8220;no&#8220; type=&#8220;full_width&#8220; text_align=&#8220;left&#8220; background_animation=&#8220;none&#8220; css_animation=&#8220;&#8220;][vc_column][vc_empty_space][vc_separator type=&#8220;normal&#8220; border_style=&#8220;&#8220;][\/vc_column][\/vc_row][vc_row row_type=&#8220;row&#8220; use_row_as_full_screen_section=&#8220;no&#8220; type=&#8220;full_width&#8220; text_align=&#8220;left&#8220; background_animation=&#8220;none&#8220; css_animation=&#8220;&#8220;][vc_column][vc_column_text]<\/p>\n<ul>\n<li style=\"text-align: left\"><a href=\"https:\/\/fs.kswe.ch\/spo\/letsmove\/\"><span style=\"color: #800000\">zur\u00fcck<\/span><\/a><\/li>\n<\/ul>\n<p>[\/vc_column_text][\/vc_column][\/vc_row][vc_row row_type=&#8220;row&#8220; use_row_as_full_screen_section=&#8220;no&#8220; type=&#8220;full_width&#8220; text_align=&#8220;left&#8220; background_animation=&#8220;none&#8220; css_animation=&#8220;&#8220;][vc_column][vc_empty_space height=&#8220;12px&#8220;][vc_separator type=&#8220;normal&#8220; border_style=&#8220;&#8220;][\/vc_column][\/vc_row][vc_row row_type=&#8220;row&#8220; use_row_as_full_screen_section=&#8220;no&#8220; type=&#8220;full_width&#8220; text_align=&#8220;left&#8220; background_animation=&#8220;none&#8220; css_animation=&#8220;&#8220;][vc_column][vc_empty_space height=&#8220;24px&#8220;][\/vc_column][\/vc_row][vc_row row_type=&#8220;row&#8220; use_row_as_full_screen_section=&#8220;no&#8220; type=&#8220;full_width&#8220; text_align=&#8220;left&#8220; background_animation=&#8220;none&#8220; css_animation=&#8220;&#8220;][vc_column][vc_column_text]Bildergalerie[\/vc_column_text][\/vc_column][\/vc_row][vc_row row_type=&#8220;row&#8220; use_row_as_full_screen_section=&#8220;no&#8220; type=&#8220;full_width&#8220; text_align=&#8220;left&#8220; background_animation=&#8220;none&#8220; css_animation=&#8220;&#8220;][vc_column][vc_empty_space height=&#8220;12px&#8220;][\/vc_column][\/vc_row][vc_row row_type=&#8220;row&#8220; use_row_as_full_screen_section=&#8220;no&#8220; type=&#8220;full_width&#8220; text_align=&#8220;left&#8220; background_animation=&#8220;none&#8220; css_animation=&#8220;&#8220;][vc_column][vc_gallery type=&#8220;image_grid&#8220; images=&#8220;6368,6367,6366,6365,6364,6363,6362,6361,6360,6359,6358,6357,6356,6355,6354,6353,6352,6351,6350,6349,6348,6347,6346,6345,6344,6343,6342,6341,6340,6339,6338,6337,6336,6335,6334,6333,6332,6331,6330,6329,6328,6327,6326,6325,6324,6323,6322,6321,6320,6319,6318,6317,6316,6315,6314,6313,6312,6311,6310,6309,6308,6307,6306,6305,6304,6303,6302,6301,6300,6299,6298,6297,6296,6295,6294,6293,6292,6291,6290,6289,6288,6287,6286,6285,6284,6283&#8243; img_size=&#8220;full&#8220; onclick=&#8220;&#8220; column_number=&#8220;0&#8243; grayscale=&#8220;no&#8220; space_between_images=&#8220;no&#8220; css=&#8220;.vc_custom_1558571678158{border-radius: 5px !important;}&#8220;][\/vc_column][\/vc_row]<\/p>\n<\/div>","protected":false},"excerpt":{"rendered":"<p>[vc_row row_type=&#8220;row&#8220; use_row_as_full_screen_section=&#8220;no&#8220; type=&#8220;full_width&#8220; text_align=&#8220;left&#8220; background_animation=&#8220;none&#8220; css_animation=&#8220;&#8220;][vc_column][vc_empty_space height=&#8220;24px&#8220;][vc_column_text]Let&#8217;s move 2009[\/vc_column_text][\/vc_column][\/vc_row][vc_row row_type=&#8220;row&#8220; use_row_as_full_screen_section=&#8220;no&#8220; type=&#8220;full_width&#8220; text_align=&#8220;left&#8220; background_animation=&#8220;none&#8220; css_animation=&#8220;&#8220;][vc_column][vc_empty_space][\/vc_column][\/vc_row][vc_row row_type=&#8220;row&#8220; use_row_as_full_screen_section=&#8220;no&#8220; type=&#8220;full_width&#8220; text_align=&#8220;left&#8220; background_animation=&#8220;none&#8220; css_animation=&#8220;&#8220;][vc_column][vc_column_text]Endlich war es wieder so weit! Am Donnerstagabend, 2. April, hiess es zum neunten Mal &#8222;Let&#8217;s Move&#8220;. Die Zuschauer kamen einmal mehr in den&#8230;<\/p>\n","protected":false},"author":10,"featured_media":0,"parent":0,"menu_order":0,"comment_status":"closed","ping_status":"closed","template":"","meta":{"footnotes":""},"class_list":["post-5828","page","type-page","status-publish","hentry"],"_links":{"self":[{"href":"https:\/\/fs.kswe.ch\/spo\/wp-json\/wp\/v2\/pages\/5828","targetHints":{"allow":["GET"]}}],"collection":[{"href":"https:\/\/fs.kswe.ch\/spo\/wp-json\/wp\/v2\/pages"}],"about":[{"href":"https:\/\/fs.kswe.ch\/spo\/wp-json\/wp\/v2\/types\/page"}],"author":[{"embeddable":true,"href":"https:\/\/fs.kswe.ch\/spo\/wp-json\/wp\/v2\/users\/10"}],"replies":[{"embeddable":true,"href":"https:\/\/fs.kswe.ch\/spo\/wp-json\/wp\/v2\/comments?post=5828"}],"version-history":[{"count":5,"href":"https:\/\/fs.kswe.ch\/spo\/wp-json\/wp\/v2\/pages\/5828\/revisions"}],"predecessor-version":[{"id":7167,"href":"https:\/\/fs.kswe.ch\/spo\/wp-json\/wp\/v2\/pages\/5828\/revisions\/7167"}],"wp:attachment":[{"href":"https:\/\/fs.kswe.ch\/spo\/wp-json\/wp\/v2\/media?parent=5828"}],"curies":[{"name":"wp","href":"https:\/\/api.w.org\/{rel}","templated":true}]}}