{"id":5806,"date":"2019-05-18T18:46:35","date_gmt":"2019-05-18T16:46:35","guid":{"rendered":"https:\/\/fs.kswe.ch\/spo\/?page_id=5806"},"modified":"2019-05-23T22:19:12","modified_gmt":"2019-05-23T20:19:12","slug":"letsmove15","status":"publish","type":"page","link":"https:\/\/fs.kswe.ch\/spo\/letsmove15\/","title":{"rendered":"Let&#8217;s move 15"},"content":{"rendered":"<div class=\"wpb-content-wrapper\"><p>[vc_row row_type=&#8220;row&#8220; use_row_as_full_screen_section=&#8220;no&#8220; type=&#8220;full_width&#8220; text_align=&#8220;left&#8220; background_animation=&#8220;none&#8220; css_animation=&#8220;&#8220;][vc_column][vc_empty_space height=&#8220;24px&#8220;][vc_column_text]<em><strong>&#8222;Let`s Move 2015&#8220; &#8211; Faszinierende Tanzshow<\/strong><\/em>[\/vc_column_text][\/vc_column][\/vc_row][vc_row row_type=&#8220;row&#8220; use_row_as_full_screen_section=&#8220;no&#8220; type=&#8220;full_width&#8220; text_align=&#8220;left&#8220; background_animation=&#8220;none&#8220; css_animation=&#8220;&#8220;][vc_column][vc_empty_space][\/vc_column][\/vc_row][vc_row row_type=&#8220;row&#8220; use_row_as_full_screen_section=&#8220;no&#8220; type=&#8220;full_width&#8220; text_align=&#8220;left&#8220; background_animation=&#8220;none&#8220; css_animation=&#8220;&#8220;][vc_column][vc_column_text]<\/p>\n<div>\n<p>Bereits zum zw\u00f6lften Mal fand an der Kantonsschule Wettingen die eindr\u00fcckliche und beliebte Tanz-Show \u201eLet\u2019s Move\u201c statt. Unter dem Titel Change choreografierten die Sportlehrpersonen mit ihren Gruppen anspruchsvolle Tanz- und Akrobatik-Shows.<\/p>\n<p>Alle zwei Jahre organisiert die Fachschaft Sport die grosse Tanzshow \u201eLet\u2019s Move\u201c zusammen mit den Sch\u00fclerinnen und Sch\u00fclern der Kantonsschule Wettingen. Vom Einstudieren der T\u00e4nze bis zum Flyerdruck wurde kein Aufwand gescheut. Die Tanzshow bot den Zuschauerinnen und Zuschauern ein abwechslungsreiches und t\u00e4nzerisch anspruchsvolles Programm.<\/p>\n<p>&nbsp;<\/p>\n<\/div>\n<div><strong>\u201eLet\u2019s Move\u201c seit \u00fcber 20 Jahren<\/strong><\/div>\n<div>\n<p>&nbsp;<\/p>\n<p>Zum zw\u00f6lften Mal seit 1992 wurde an der Kantonsschule Wettingen die grosse Tanz- und Akrobatikshow \u201eLet\u2019s Move\u201c pr\u00e4sentiert. Das Tanzspektakel bot allen Kantisch\u00fclerinnen und Kantisch\u00fclern die M\u00f6glichkeit, ihre beeindruckenden Shows der \u00d6ffentlichkeit zu pr\u00e4sentieren. Dazu wurde die Sporthalle zur B\u00fchne mit spezieller Beleuchtung und Technik umfunktioniert und eine Zuschauertrib\u00fcne aufgebaut. Verschiedene Sportabteilungen und einzelne Sch\u00fclerinnen- und Sch\u00fclergruppen erarbeiteten mit viel Engagement und Motivation Choreografien f\u00fcr T\u00e4nze und akrobatische, turnerische Darbietungen. Die Kreativit\u00e4t wurde dabei gross geschrieben.<\/p>\n<p>&nbsp;<\/p>\n<p><strong>Tanz und Akrobatik<\/strong><\/p>\n<p>&nbsp;<\/p>\n<p>Die drei Vorstellungen waren schnell ausverkauft. Der Abend wurde er\u00f6ffnet von der BigBand der Kanti Wettingen mit einem mitreissenden Showact aller T\u00e4nzerinnen und T\u00e4nzer. Die Live-Begleitung war ein erster H\u00f6hepunkt und verlieh dem Abend eine eindr\u00fcckliche Note. Mit einer witzigen Choreografie zu Candyman machte das Freifach Tanz die Fortsetzung und faszinierte das Publikum. Verschiedene T\u00e4nze von Sportabteilungen reihten sich ein von Jazzdance bis Jumpstile. Nach der Pause faszinierte die traditionelle Rock\u2019n Roll Tanzshow oder T\u00e4nze wie \u201e4 seasons of Life\u201c vom Wahlsport und \u201eChanges@the Shoppingcenter\u201c vom Erg\u00e4nzungsfach. Im Bereich Akrobatik beeindruckten eine M\u00e4nnerklasse mit einer atemberaubenden Parkourshow oder das Freifach Vertikaltuch mit waghalsigen Drops.<\/p>\n<p>&nbsp;<\/p>\n<p><strong>\u00dcben lohnt sich<\/strong><\/p>\n<p>&nbsp;<\/p>\n<p>Ein Auftritt verlangt viel Probearbeit und \u00dcbezeit. Dabei inspirierte der Titel Change die Tanzgruppen in ihrer Vorbereitung. Wer im Abteilungsverband einen Tanz einstudierte, probte bereits seit Januar im Sportunterricht und feilte an den Details. Die 300 mitwirkenden Sch\u00fclerinnen und Sch\u00fcler bereiteten sich Wochen, teilweise sogar Monate im Voraus auf diese Show vor. Der p\u00e4dagogische Wert liegt dabei in der gemeinsamen Erarbeitung des Tanzes und im Auftreten vor Publikum. Die Sportabteilung erf\u00e4hrt dadurch einen besonderen Zusammenhalt. Die Tanzshow Let\u2019s Move 2015 wurde mit einem abendf\u00fcllenden Programm f\u00fcr die Zuschauenden und die Tanzenden zu einem abwechslungsreichen und eindr\u00fccklichen Event. Wie jedesmal ein unvergessliches Erlebnis.<\/p>\n<\/div>\n<p>&nbsp;<\/p>\n<p>Text: Andrea Baumeler<br \/>\nPhotos: Simone Zuberb\u00fchler[\/vc_column_text][\/vc_column][\/vc_row][vc_row row_type=&#8220;row&#8220; use_row_as_full_screen_section=&#8220;no&#8220; type=&#8220;full_width&#8220; text_align=&#8220;left&#8220; background_animation=&#8220;none&#8220; css_animation=&#8220;&#8220;][vc_column][vc_empty_space][vc_separator type=&#8220;normal&#8220; border_style=&#8220;&#8220;][\/vc_column][\/vc_row][vc_row row_type=&#8220;row&#8220; use_row_as_full_screen_section=&#8220;no&#8220; type=&#8220;full_width&#8220; text_align=&#8220;left&#8220; background_animation=&#8220;none&#8220; css_animation=&#8220;&#8220;][vc_column width=&#8220;1\/3&#8243;][vc_column_text]<\/p>\n<ul>\n<li><a href=\"https:\/\/fs.kswe.ch\/spo\/wp-content\/uploads\/sites\/9\/2019\/05\/ProgrammBroschuere15.pdf\"><span style=\"color: #800000\">Brosch\u00fcre<\/span><\/a><\/li>\n<\/ul>\n<p>[\/vc_column_text][\/vc_column][vc_column width=&#8220;1\/3&#8243;][\/vc_column][vc_column width=&#8220;1\/3&#8243;][vc_column_text]<\/p>\n<ul>\n<li style=\"text-align: right\"><a href=\"https:\/\/fs.kswe.ch\/spo\/letsmove\/\"><span style=\"color: #800000\">zur\u00fcck<\/span><\/a><\/li>\n<\/ul>\n<p>[\/vc_column_text][\/vc_column][\/vc_row][vc_row row_type=&#8220;row&#8220; use_row_as_full_screen_section=&#8220;no&#8220; type=&#8220;full_width&#8220; text_align=&#8220;left&#8220; background_animation=&#8220;none&#8220; css_animation=&#8220;&#8220;][vc_column][vc_empty_space height=&#8220;12px&#8220;][vc_separator type=&#8220;normal&#8220; border_style=&#8220;&#8220;][\/vc_column][\/vc_row][vc_row row_type=&#8220;row&#8220; use_row_as_full_screen_section=&#8220;no&#8220; type=&#8220;full_width&#8220; text_align=&#8220;left&#8220; background_animation=&#8220;none&#8220; css_animation=&#8220;&#8220;][vc_column][vc_empty_space height=&#8220;24px&#8220;][\/vc_column][\/vc_row][vc_row row_type=&#8220;row&#8220; use_row_as_full_screen_section=&#8220;no&#8220; type=&#8220;full_width&#8220; text_align=&#8220;left&#8220; background_animation=&#8220;none&#8220; css_animation=&#8220;&#8220;][vc_column][vc_column_text]Bildergalerie[\/vc_column_text][\/vc_column][\/vc_row][vc_row row_type=&#8220;row&#8220; use_row_as_full_screen_section=&#8220;no&#8220; type=&#8220;full_width&#8220; text_align=&#8220;left&#8220; background_animation=&#8220;none&#8220; css_animation=&#8220;&#8220;][vc_column][vc_empty_space height=&#8220;12px&#8220;][\/vc_column][\/vc_row][vc_row row_type=&#8220;row&#8220; use_row_as_full_screen_section=&#8220;no&#8220; type=&#8220;full_width&#8220; text_align=&#8220;left&#8220; background_animation=&#8220;none&#8220; css_animation=&#8220;&#8220;][vc_column][vc_gallery type=&#8220;image_grid&#8220; images=&#8220;6690,6689,6688,6687,6686,6685,6684,6683,6682,6681,6680,6679,6678,6677,6676,6675,6674,6673,6672,6671,6670,6669,6668,6667,6666,6665,6664,6663,6662,6661,6660,6659,6658,6657,6656,6655,6654,6653,6652,6651,6650,6649,6648,6647,6646,6645,6644,6643,6642,6641,6640,6639,6638,6637,6636,6635,6634,6633,6632,6631,6630,6629,6628,6627,6626,6625,6624,6623,6622,6621,6620,6619,6618,6617,6616,6615,6614,6613,6612,6611,6610,6609,6608,6607,6606,6605,6691&#8243; img_size=&#8220;full&#8220; onclick=&#8220;&#8220; column_number=&#8220;0&#8243; grayscale=&#8220;no&#8220; space_between_images=&#8220;no&#8220; css=&#8220;.vc_custom_1558639005083{border-radius: 5px !important;}&#8220;][\/vc_column][\/vc_row]<\/p>\n<\/div>","protected":false},"excerpt":{"rendered":"<p>[vc_row row_type=&#8220;row&#8220; use_row_as_full_screen_section=&#8220;no&#8220; type=&#8220;full_width&#8220; text_align=&#8220;left&#8220; background_animation=&#8220;none&#8220; css_animation=&#8220;&#8220;][vc_column][vc_empty_space height=&#8220;24px&#8220;][vc_column_text]&#8222;Let`s Move 2015&#8220; &#8211; Faszinierende Tanzshow[\/vc_column_text][\/vc_column][\/vc_row][vc_row row_type=&#8220;row&#8220; use_row_as_full_screen_section=&#8220;no&#8220; type=&#8220;full_width&#8220; text_align=&#8220;left&#8220; background_animation=&#8220;none&#8220; css_animation=&#8220;&#8220;][vc_column][vc_empty_space][\/vc_column][\/vc_row][vc_row row_type=&#8220;row&#8220; use_row_as_full_screen_section=&#8220;no&#8220; type=&#8220;full_width&#8220; text_align=&#8220;left&#8220; background_animation=&#8220;none&#8220; css_animation=&#8220;&#8220;][vc_column][vc_column_text] Bereits zum zw\u00f6lften Mal fand an der Kantonsschule Wettingen die eindr\u00fcckliche und beliebte Tanz-Show \u201eLet\u2019s Move\u201c statt. Unter dem Titel&#8230;<\/p>\n","protected":false},"author":10,"featured_media":0,"parent":0,"menu_order":0,"comment_status":"closed","ping_status":"closed","template":"","meta":{"footnotes":""},"class_list":["post-5806","page","type-page","status-publish","hentry"],"_links":{"self":[{"href":"https:\/\/fs.kswe.ch\/spo\/wp-json\/wp\/v2\/pages\/5806","targetHints":{"allow":["GET"]}}],"collection":[{"href":"https:\/\/fs.kswe.ch\/spo\/wp-json\/wp\/v2\/pages"}],"about":[{"href":"https:\/\/fs.kswe.ch\/spo\/wp-json\/wp\/v2\/types\/page"}],"author":[{"embeddable":true,"href":"https:\/\/fs.kswe.ch\/spo\/wp-json\/wp\/v2\/users\/10"}],"replies":[{"embeddable":true,"href":"https:\/\/fs.kswe.ch\/spo\/wp-json\/wp\/v2\/comments?post=5806"}],"version-history":[{"count":23,"href":"https:\/\/fs.kswe.ch\/spo\/wp-json\/wp\/v2\/pages\/5806\/revisions"}],"predecessor-version":[{"id":7204,"href":"https:\/\/fs.kswe.ch\/spo\/wp-json\/wp\/v2\/pages\/5806\/revisions\/7204"}],"wp:attachment":[{"href":"https:\/\/fs.kswe.ch\/spo\/wp-json\/wp\/v2\/media?parent=5806"}],"curies":[{"name":"wp","href":"https:\/\/api.w.org\/{rel}","templated":true}]}}