{"id":5102,"date":"2019-02-19T00:34:43","date_gmt":"2019-02-18T23:34:43","guid":{"rendered":"https:\/\/fs.kswe.ch\/spo\/?page_id=5102"},"modified":"2019-02-19T11:07:11","modified_gmt":"2019-02-19T10:07:11","slug":"fiveoclockdance19","status":"publish","type":"page","link":"https:\/\/fs.kswe.ch\/spo\/fiveoclockdance19\/","title":{"rendered":"FiveOClockDance19"},"content":{"rendered":"<div class=\"wpb-content-wrapper\"><p>[vc_row row_type=&#8220;row&#8220; use_row_as_full_screen_section=&#8220;no&#8220; type=&#8220;full_width&#8220; text_align=&#8220;left&#8220; background_animation=&#8220;none&#8220; css_animation=&#8220;&#8220;][vc_column width=&#8220;2\/3&#8243;][vc_column_text]<em><strong>Five o&#8217;Clock Dance 2019<br \/>\n<\/strong><\/em>[\/vc_column_text][\/vc_column][vc_column width=&#8220;1\/3&#8243;][\/vc_column][\/vc_row][vc_row row_type=&#8220;row&#8220; use_row_as_full_screen_section=&#8220;no&#8220; type=&#8220;full_width&#8220; text_align=&#8220;left&#8220; background_animation=&#8220;none&#8220; css_animation=&#8220;&#8220;][vc_column][vc_empty_space][\/vc_column][\/vc_row][vc_row row_type=&#8220;row&#8220; use_row_as_full_screen_section=&#8220;no&#8220; type=&#8220;full_width&#8220; text_align=&#8220;left&#8220; background_animation=&#8220;none&#8220; css_animation=&#8220;&#8220;][vc_column][vc_column_text]Auch in den Jahren ohne Let&#8217;s move wird in den Sporthallen der Kanti Wettingen in den Freifachkursen und im Grundlagen- sowie Erg\u00e4nzungsfach Sport fleissig an t\u00e4nzerischen Einlagen, akrobatischen Figuren und anderen Choreographien ge\u00fcbt. Damit diese spektakul\u00e4ren Elemente und originellen Ideen auch vor einem gr\u00f6sseren, interessierten Publikum gezeigt werden k\u00f6nnen, hat die Fachschaft Sport vor f\u00fcnf Jahren den \u201eFive o&#8217;clock dance&#8220; ins Leben gerufen. Obwohl dieser Event sozusagen die &#8222;kleine Schwester&#8220; des Let&#8217;s move ist, waren die Darbietungen, welche am Mittwochabend, 30. Januar, gezeigt wurden, ebenso beeindruckend, professionell und \u00fcberzeugend.<\/p>\n<p>&nbsp;<\/p>\n<p>Die Neugier und das Interesse des Publikums waren gross. Dies zeigte sich dann jeweils umso deutlicher, wenn sich die strahlenden T\u00e4nzer*innen und Turner*innen vor dem Publikum verbeugten und sie mit einem riesigen Applaus f\u00fcr ihren Auftritt belohnt wurden. Sp\u00e4testens in diesem Moment hatten sich die Nervosit\u00e4t vor dem Auftritt und die intensiven \u00dcbungsstunden mehr als ausbezahlt und die Anstrengung wich der Freude \u00fcber die gelungene Show.<\/p>\n<p>&nbsp;<\/p>\n<p>Insgesamt haben \u00fcber 150 Tanzende und Turnende das zahlreiche Publikum begeistert, beeindruckt und f\u00fcr beste Tanzlaune gesorgt. Beim vierten \u201eFive o\u2019clock dance\u201c mit dabei waren die Sch\u00fcler*innen des Erg\u00e4nzungsfaches Sport (Mario Jacky), das Freifach Tanzen (Manuela Jehle), das Freifach Vertikaltuch inkl. Luftring (Andrea Baumeler), der Wahlsport \u201eRock\u2019n Roll\u201c (Barbara Humbel), die Sportabteilungen G2FG (Andrea Baumeler), G2CHI (Barbara Humbel, Nadja Wernli), F2ABCD (Simone Zuberb\u00fchler), die G3BC mit einem \u201eFlashmob\u201c und die \u201eSchool Dance Award- Gruppe\u201c der KSWE. Das Finale brachte schliesslich alle Mitwirkenden nochmals auf die B\u00fchne.<\/p>\n<p>&nbsp;<\/p>\n<p>Die Fachschaft Sport gratuliert allen T\u00e4nzer*innen zu ihrem gelungenen Auftritt und dankt den zahlreichen Sch\u00fcler*innen, Lehrpersonen, Angeh\u00f6rigen und weiteren Tanz Interessierten f\u00fcr ihr Erscheinen.<\/p>\n<p>&nbsp;<\/p>\n<p>Text: Andrea Baumeler, Manuela Jehle<\/p>\n<p>Photos: Martin Rizek[\/vc_column_text][\/vc_column][\/vc_row][vc_row row_type=&#8220;row&#8220; use_row_as_full_screen_section=&#8220;no&#8220; type=&#8220;full_width&#8220; text_align=&#8220;left&#8220; background_animation=&#8220;none&#8220; css_animation=&#8220;&#8220;][vc_column][vc_empty_space][\/vc_column][\/vc_row][vc_row row_type=&#8220;row&#8220; use_row_as_full_screen_section=&#8220;no&#8220; type=&#8220;full_width&#8220; text_align=&#8220;left&#8220; background_animation=&#8220;none&#8220; css_animation=&#8220;&#8220;][vc_column width=&#8220;5\/6&#8243;][vc_column_text]<\/p>\n<ul>\n<li style=\"text-align: left\"><a href=\"https:\/\/fs.kswe.ch\/spo\/five_oclock_dance\/\"><span style=\"color: #800000\">zur\u00fcck<\/span><\/a><\/li>\n<\/ul>\n<p>[\/vc_column_text][\/vc_column][vc_column width=&#8220;1\/6&#8243;][\/vc_column][\/vc_row][vc_row row_type=&#8220;row&#8220; use_row_as_full_screen_section=&#8220;no&#8220; type=&#8220;full_width&#8220; text_align=&#8220;left&#8220; background_animation=&#8220;none&#8220; css_animation=&#8220;&#8220;][vc_column][vc_empty_space height=&#8220;12px&#8220;][vc_separator type=&#8220;normal&#8220; border_style=&#8220;&#8220;][vc_empty_space][\/vc_column][\/vc_row][vc_row row_type=&#8220;row&#8220; use_row_as_full_screen_section=&#8220;no&#8220; type=&#8220;full_width&#8220; text_align=&#8220;left&#8220; background_animation=&#8220;none&#8220; css_animation=&#8220;&#8220;][vc_column][vc_column_text]Bildergalerie[\/vc_column_text][\/vc_column][\/vc_row][vc_row row_type=&#8220;row&#8220; use_row_as_full_screen_section=&#8220;no&#8220; type=&#8220;full_width&#8220; text_align=&#8220;left&#8220; background_animation=&#8220;none&#8220; css_animation=&#8220;&#8220;][vc_column][vc_empty_space][\/vc_column][\/vc_row][vc_row row_type=&#8220;row&#8220; use_row_as_full_screen_section=&#8220;no&#8220; type=&#8220;full_width&#8220; text_align=&#8220;left&#8220; background_animation=&#8220;none&#8220; css_animation=&#8220;&#8220;][vc_column][vc_gallery type=&#8220;image_grid&#8220; images=&#8220;5107,5108,5109,5110,5111,5112,5113,5114,5115,5116,5117,5118,5119,5120,5121,5122,5123,5124,5125,5126,5127,5128,5129,5130,5131,5132,5133,5134,5135,5136,5137,5138,5139,5140,5141,5142,5143,5144,5145,5146,5147,5148,5149&#8243; img_size=&#8220;full&#8220; onclick=&#8220;&#8220; column_number=&#8220;0&#8243; grayscale=&#8220;no&#8220; space_between_images=&#8220;no&#8220;][\/vc_column][\/vc_row]<\/p>\n<\/div>","protected":false},"excerpt":{"rendered":"<p>[vc_row row_type=&#8220;row&#8220; use_row_as_full_screen_section=&#8220;no&#8220; type=&#8220;full_width&#8220; text_align=&#8220;left&#8220; background_animation=&#8220;none&#8220; css_animation=&#8220;&#8220;][vc_column width=&#8220;2\/3&#8243;][vc_column_text]Five o&#8217;Clock Dance 2019 [\/vc_column_text][\/vc_column][vc_column width=&#8220;1\/3&#8243;][\/vc_column][\/vc_row][vc_row row_type=&#8220;row&#8220; use_row_as_full_screen_section=&#8220;no&#8220; type=&#8220;full_width&#8220; text_align=&#8220;left&#8220; background_animation=&#8220;none&#8220; css_animation=&#8220;&#8220;][vc_column][vc_empty_space][\/vc_column][\/vc_row][vc_row row_type=&#8220;row&#8220; use_row_as_full_screen_section=&#8220;no&#8220; type=&#8220;full_width&#8220; text_align=&#8220;left&#8220; background_animation=&#8220;none&#8220; css_animation=&#8220;&#8220;][vc_column][vc_column_text]Auch in den Jahren ohne Let&#8217;s move wird in den Sporthallen der Kanti Wettingen in den Freifachkursen und im Grundlagen- sowie&#8230;<\/p>\n","protected":false},"author":10,"featured_media":0,"parent":0,"menu_order":0,"comment_status":"closed","ping_status":"closed","template":"","meta":{"footnotes":""},"class_list":["post-5102","page","type-page","status-publish","hentry"],"_links":{"self":[{"href":"https:\/\/fs.kswe.ch\/spo\/wp-json\/wp\/v2\/pages\/5102","targetHints":{"allow":["GET"]}}],"collection":[{"href":"https:\/\/fs.kswe.ch\/spo\/wp-json\/wp\/v2\/pages"}],"about":[{"href":"https:\/\/fs.kswe.ch\/spo\/wp-json\/wp\/v2\/types\/page"}],"author":[{"embeddable":true,"href":"https:\/\/fs.kswe.ch\/spo\/wp-json\/wp\/v2\/users\/10"}],"replies":[{"embeddable":true,"href":"https:\/\/fs.kswe.ch\/spo\/wp-json\/wp\/v2\/comments?post=5102"}],"version-history":[{"count":6,"href":"https:\/\/fs.kswe.ch\/spo\/wp-json\/wp\/v2\/pages\/5102\/revisions"}],"predecessor-version":[{"id":5190,"href":"https:\/\/fs.kswe.ch\/spo\/wp-json\/wp\/v2\/pages\/5102\/revisions\/5190"}],"wp:attachment":[{"href":"https:\/\/fs.kswe.ch\/spo\/wp-json\/wp\/v2\/media?parent=5102"}],"curies":[{"name":"wp","href":"https:\/\/api.w.org\/{rel}","templated":true}]}}