{"id":4940,"date":"2019-02-17T01:46:44","date_gmt":"2019-02-17T00:46:44","guid":{"rendered":"https:\/\/fs.kswe.ch\/spo\/?page_id=4940"},"modified":"2019-02-17T02:15:38","modified_gmt":"2019-02-17T01:15:38","slug":"stauseelauf18","status":"publish","type":"page","link":"https:\/\/fs.kswe.ch\/spo\/stauseelauf18\/","title":{"rendered":"Stauseelauf18"},"content":{"rendered":"<div class=\"wpb-content-wrapper\"><p>[vc_row row_type=&#8220;row&#8220; use_row_as_full_screen_section=&#8220;no&#8220; type=&#8220;full_width&#8220; text_align=&#8220;left&#8220; background_animation=&#8220;none&#8220; css_animation=&#8220;&#8220;][vc_column width=&#8220;2\/3&#8243;][vc_column_text]<em><strong>Stauseelauf 2018<br \/>\n<\/strong><\/em>[\/vc_column_text][\/vc_column][vc_column width=&#8220;1\/3&#8243;][\/vc_column][\/vc_row][vc_row row_type=&#8220;row&#8220; use_row_as_full_screen_section=&#8220;no&#8220; type=&#8220;full_width&#8220; text_align=&#8220;left&#8220; background_animation=&#8220;none&#8220; css_animation=&#8220;&#8220;][vc_column][vc_empty_space][\/vc_column][\/vc_row][vc_row row_type=&#8220;row&#8220; use_row_as_full_screen_section=&#8220;no&#8220; type=&#8220;full_width&#8220; text_align=&#8220;left&#8220; background_animation=&#8220;none&#8220; css_animation=&#8220;&#8220;][vc_column][vc_column_text]So warteten wir also in der Hitze eines sommerlich heissen Septembertags auf den Start. Spannung und Nervosit\u00e4t lagen in der Luft und erzeugten eine flirrende Atmosph\u00e4re. Einigen graute vor dem Lauf, andere waren ungeduldig und wollten loslaufen, um diese acht Kilometer so schnell wie m\u00f6glich hinter sich zu bringen. Dann \u2013 endlich \u2013 ging es los. Der erste Block startete unter den Anfeuerungsrufen der Zur\u00fcckbleibenden. In kurzer Abfolge liefen auch die anderen Bl\u00f6cke los \u2013 eine Welle Sch\u00fcler, welcher die Uferwege der Limmat flutete.<\/p>\n<p>&nbsp;<\/p>\n<p>Am Anfang noch ertr\u00e4glich, begann der Lauf aber sp\u00e4testens nach der H\u00e4lfte der Strecke beschwerlich zu werden. Es beginnt ein Kr\u00e4ftemessen zwischen Durchhaltewillen und dem kleinen Stimmchen im Kopf, das immer wieder fl\u00fcstert: \u00abKomm, halt an und geh ein St\u00fcck, ein paar Schritte nur&#8230;\u00bb So ein Lauf fordert nicht nur k\u00f6rperliche, sondern auch mentale Fitness. Dabei helfen einem auch die anderen Leidensgenossen, die einen motivieren, weiterzulaufen. \u00dcberhaupt \u00abschweisst\u00bb dieser Lauf die Leute zusammen, man rennt miteinander, ruft anderen aufmunternde Worte zu \u2013 man l\u00e4uft nicht gegeneinander, sondern miteinander.<br \/>\nAber auch wenn einem die Strecke zeitweise unendlich lange scheint, so kommt man doch voran, Schritt f\u00fcr Schritt. Und irgendwann, gef\u00fchlte Stunden sp\u00e4ter, ist man nur noch ein paar hundert Meter vom Ziel entfernt, vom Ziel, das Ruhe f\u00fcr die m\u00fcden Beine und k\u00fchles Wasser f\u00fcr die ausgetrocknete Kehle verspricht. Und obwohl man kurz davor ist, aufzugeben und jeder Atemzug in der Lunge brennt, mobilisiert man die letzten Kr\u00e4fte, steigert das Tempo und \u00fcbertritt schliesslich unter Zurufen der Wartenden die Ziellinie.<\/p>\n<p>&nbsp;<\/p>\n<p>R\u00fcckblickend ist man froh, diesen Lauf hinter sich zu haben und man empfindet auch etwas Stolz \u2013 man ist schliesslich acht Kilometer gelaufen! Dieses Gef\u00fchl wird hoffentlich auch die n\u00e4chsten Klassen, welche das Vergn\u00fcgen haben, den Acht-Kilometer-Lauf absolvieren zu d\u00fcrfen, \u00fcber den Muskelkater hinwegtr\u00f6sten.<\/p>\n<p>&nbsp;<\/p>\n<p>Text: Luisa Zumsteg, G3D[\/vc_column_text][\/vc_column][\/vc_row][vc_row row_type=&#8220;row&#8220; use_row_as_full_screen_section=&#8220;no&#8220; type=&#8220;full_width&#8220; text_align=&#8220;left&#8220; background_animation=&#8220;none&#8220; css_animation=&#8220;&#8220;][vc_column][vc_empty_space][\/vc_column][\/vc_row][vc_row row_type=&#8220;row&#8220; use_row_as_full_screen_section=&#8220;no&#8220; type=&#8220;full_width&#8220; text_align=&#8220;left&#8220; background_animation=&#8220;none&#8220; css_animation=&#8220;&#8220;][vc_column width=&#8220;5\/6&#8243;][vc_column_text]<\/p>\n<ul>\n<li style=\"text-align: left\"><a href=\"https:\/\/fs.kswe.ch\/spo\/stauseelauf\/\"><span style=\"color: #800000\">zur\u00fcck<\/span><\/a><\/li>\n<\/ul>\n<p>[\/vc_column_text][\/vc_column][vc_column width=&#8220;1\/6&#8243;][\/vc_column][\/vc_row][vc_row row_type=&#8220;row&#8220; use_row_as_full_screen_section=&#8220;no&#8220; type=&#8220;full_width&#8220; text_align=&#8220;left&#8220; background_animation=&#8220;none&#8220; css_animation=&#8220;&#8220;][vc_column][vc_empty_space height=&#8220;12px&#8220;][vc_separator type=&#8220;normal&#8220; border_style=&#8220;&#8220;][vc_empty_space][\/vc_column][\/vc_row][vc_row row_type=&#8220;row&#8220; use_row_as_full_screen_section=&#8220;no&#8220; type=&#8220;full_width&#8220; text_align=&#8220;left&#8220; background_animation=&#8220;none&#8220; css_animation=&#8220;&#8220;][vc_column][vc_column_text]Bildergalerie[\/vc_column_text][\/vc_column][\/vc_row][vc_row row_type=&#8220;row&#8220; use_row_as_full_screen_section=&#8220;no&#8220; type=&#8220;full_width&#8220; text_align=&#8220;left&#8220; background_animation=&#8220;none&#8220; css_animation=&#8220;&#8220;][vc_column][vc_empty_space][\/vc_column][\/vc_row][vc_row row_type=&#8220;row&#8220; use_row_as_full_screen_section=&#8220;no&#8220; type=&#8220;full_width&#8220; text_align=&#8220;left&#8220; background_animation=&#8220;none&#8220; css_animation=&#8220;&#8220;][vc_column][vc_gallery type=&#8220;image_grid&#8220; images=&#8220;4957,4956,4955,4954,4953,4952,4950,4949,4948,4947,4946,4945,4944&#8243; img_size=&#8220;full&#8220; onclick=&#8220;&#8220; column_number=&#8220;0&#8243; grayscale=&#8220;no&#8220; space_between_images=&#8220;no&#8220;][\/vc_column][\/vc_row][vc_row row_type=&#8220;row&#8220; use_row_as_full_screen_section=&#8220;no&#8220; type=&#8220;full_width&#8220; text_align=&#8220;left&#8220; background_animation=&#8220;none&#8220; css_animation=&#8220;&#8220;][vc_column width=&#8220;1\/2&#8243;][vc_gallery type=&#8220;image_grid&#8220; images=&#8220;4967,4959,4960,4961,4962,4963,4964,4966&#8243; img_size=&#8220;full&#8220; onclick=&#8220;&#8220; column_number=&#8220;0&#8243; grayscale=&#8220;no&#8220; space_between_images=&#8220;no&#8220;][\/vc_column][vc_column width=&#8220;1\/2&#8243;][\/vc_column][\/vc_row]<\/p>\n<\/div>","protected":false},"excerpt":{"rendered":"<p>[vc_row row_type=&#8220;row&#8220; use_row_as_full_screen_section=&#8220;no&#8220; type=&#8220;full_width&#8220; text_align=&#8220;left&#8220; background_animation=&#8220;none&#8220; css_animation=&#8220;&#8220;][vc_column width=&#8220;2\/3&#8243;][vc_column_text]Stauseelauf 2018 [\/vc_column_text][\/vc_column][vc_column width=&#8220;1\/3&#8243;][\/vc_column][\/vc_row][vc_row row_type=&#8220;row&#8220; use_row_as_full_screen_section=&#8220;no&#8220; type=&#8220;full_width&#8220; text_align=&#8220;left&#8220; background_animation=&#8220;none&#8220; css_animation=&#8220;&#8220;][vc_column][vc_empty_space][\/vc_column][\/vc_row][vc_row row_type=&#8220;row&#8220; use_row_as_full_screen_section=&#8220;no&#8220; type=&#8220;full_width&#8220; text_align=&#8220;left&#8220; background_animation=&#8220;none&#8220; css_animation=&#8220;&#8220;][vc_column][vc_column_text]So warteten wir also in der Hitze eines sommerlich heissen Septembertags auf den Start. Spannung und Nervosit\u00e4t lagen in der Luft und erzeugten&#8230;<\/p>\n","protected":false},"author":10,"featured_media":0,"parent":0,"menu_order":0,"comment_status":"closed","ping_status":"closed","template":"","meta":{"footnotes":""},"class_list":["post-4940","page","type-page","status-publish","hentry"],"_links":{"self":[{"href":"https:\/\/fs.kswe.ch\/spo\/wp-json\/wp\/v2\/pages\/4940","targetHints":{"allow":["GET"]}}],"collection":[{"href":"https:\/\/fs.kswe.ch\/spo\/wp-json\/wp\/v2\/pages"}],"about":[{"href":"https:\/\/fs.kswe.ch\/spo\/wp-json\/wp\/v2\/types\/page"}],"author":[{"embeddable":true,"href":"https:\/\/fs.kswe.ch\/spo\/wp-json\/wp\/v2\/users\/10"}],"replies":[{"embeddable":true,"href":"https:\/\/fs.kswe.ch\/spo\/wp-json\/wp\/v2\/comments?post=4940"}],"version-history":[{"count":7,"href":"https:\/\/fs.kswe.ch\/spo\/wp-json\/wp\/v2\/pages\/4940\/revisions"}],"predecessor-version":[{"id":4973,"href":"https:\/\/fs.kswe.ch\/spo\/wp-json\/wp\/v2\/pages\/4940\/revisions\/4973"}],"wp:attachment":[{"href":"https:\/\/fs.kswe.ch\/spo\/wp-json\/wp\/v2\/media?parent=4940"}],"curies":[{"name":"wp","href":"https:\/\/api.w.org\/{rel}","templated":true}]}}