{"id":4277,"date":"2019-02-16T17:45:35","date_gmt":"2019-02-16T16:45:35","guid":{"rendered":"https:\/\/fs.kswe.ch\/spo\/?page_id=4277"},"modified":"2020-01-03T00:28:18","modified_gmt":"2020-01-02T23:28:18","slug":"einweihung","status":"publish","type":"page","link":"https:\/\/fs.kswe.ch\/spo\/einweihung\/","title":{"rendered":"Einweihung"},"content":{"rendered":"<div class=\"wpb-content-wrapper\"><p>[vc_row row_type=&#8220;row&#8220; use_row_as_full_screen_section=&#8220;no&#8220; type=&#8220;full_width&#8220; text_align=&#8220;left&#8220; background_animation=&#8220;none&#8220; css_animation=&#8220;&#8220;][vc_column][vc_empty_space height=&#8220;24px&#8220;][vc_column_text]<em><strong>Einweihung Dreifachsporthalle, 7. September 2018<\/strong><br \/>\n<\/em>[\/vc_column_text][\/vc_column][\/vc_row][vc_row row_type=&#8220;row&#8220; use_row_as_full_screen_section=&#8220;no&#8220; type=&#8220;full_width&#8220; text_align=&#8220;left&#8220; background_animation=&#8220;none&#8220; css_animation=&#8220;&#8220;][vc_column][vc_empty_space][\/vc_column][\/vc_row][vc_row row_type=&#8220;row&#8220; use_row_as_full_screen_section=&#8220;no&#8220; type=&#8220;full_width&#8220; text_align=&#8220;left&#8220; background_animation=&#8220;none&#8220; css_animation=&#8220;&#8220;][vc_column][vc_column_text]Die neue Dreifachsporthalle der Kantonsschule Wettingen ist eingeweiht. Der Neubau erg\u00e4nzt die bestehende Sportinfrastruktur und bietet optimale Bedingungen f\u00fcr Schule, Vereine und die Gemeinde Wettingen. Mit einer sportlich umrahmten Feier im Beisein von Landammann Alex H\u00fcrzeler und Regierungsrat Dr. Markus Dieth wurde die vom Kanton Aargau gebaute neue Dreifachsporthalle f\u00fcr die Kantonsschule Wettingen am Freitag, 7. September 2018, offiziell eingeweiht.<\/p>\n<p>&nbsp;<\/p>\n<p>Das einzigartige unterirdische Bauwerk besteht aus einer in drei Einzelhallen unterteilbare Sporthalle, einem Foyer und sechs Gemeinschaftsgarderoben. Zus\u00e4tzlich wurden R\u00e4ume f\u00fcr Lehrpersonen, behindertengerechte Umkleider\u00e4ume und diverse Nebenr\u00e4ume realisiert. Der Neubau grenzt an die bestehenden unterirdischen Sportanlagen an und beeintr\u00e4chtigt dadurch die Sicht auf die unter nationalem Denkmalschutz stehende Klosteranlage Wettingen nicht. Die Aussensportanlagen wurden unver\u00e4ndert wiederhergestellt.<\/p>\n<p>&nbsp;<\/p>\n<p>Der Neubau der Dreifachsporthalle war dringend notwendig. Durch stark anwachsende Sch\u00fclerzahlen war bereits 2005 die Sporthallenkapazit\u00e4t der Schule \u00fcberlastet. Zudem entsprach die veraltete Sporthalle nicht mehr den heutigen Anforderungen. Der Bedarf der Halle war stets unbestritten. Nach der Zur\u00fcckweisung des Siegerprojekts durch den Grossen Rat im Januar 2014 erbrachte die \u00dcberpr\u00fcfung der Standortfrage keine Alternative. Die Baukosten konnten hingegen mit einer umfassenden Verzichtsplanung um rund 4 Millionen Franken gesenkt werden. Mit dem Spatenstich im Oktober 2016 wurde die Bauphase lanciert. Nach fast zwei Jahren Bauzeit wurde die Dreifachhalle im Juli 2018 fertiggestellt und p\u00fcnktlich zum Schulbeginn in Betrieb genommen.<\/p>\n<p>&nbsp;<\/p>\n<p>Der Kostenaufwand f\u00fcr die neue, unterirdische Sportanlage hat sich sicher gelohnt. F\u00fcr die Kantonsschule Wettingen, aber auch f\u00fcr die Wettinger Vereine steht eine hochmoderne Sportanlage zur Verf\u00fcgung, die sich optimal in das Gesamtbild der Klosterhalbinsel einf\u00fcgt.[\/vc_column_text][\/vc_column][\/vc_row][vc_row row_type=&#8220;row&#8220; use_row_as_full_screen_section=&#8220;no&#8220; type=&#8220;full_width&#8220; text_align=&#8220;left&#8220; background_animation=&#8220;none&#8220; css_animation=&#8220;&#8220;][vc_column][vc_empty_space][vc_separator type=&#8220;normal&#8220; border_style=&#8220;&#8220;][\/vc_column][\/vc_row][vc_row row_type=&#8220;row&#8220; use_row_as_full_screen_section=&#8220;no&#8220; type=&#8220;full_width&#8220; text_align=&#8220;left&#8220; background_animation=&#8220;none&#8220; css_animation=&#8220;&#8220;][vc_column width=&#8220;5\/6&#8243;][vc_column_text]<\/p>\n<ul>\n<li><a href=\"https:\/\/www.aargauerzeitung.ch\/aargau\/baden\/eine-neue-halle-fuer-fast-alle-133108648\" target=\"_blank\" rel=\"noopener noreferrer\"><span style=\"color: #800000\">Bericht AZ, 8. September 2018<\/span><\/a><\/li>\n<\/ul>\n<p>[\/vc_column_text][\/vc_column][vc_column width=&#8220;1\/6&#8243;][vc_column_text]<\/p>\n<ul>\n<li style=\"text-align: right\"><a href=\"https:\/\/fs.kswe.ch\/spo\/sportanlage\/\"><span style=\"color: #800000\">zur\u00fcck<\/span><\/a><\/li>\n<\/ul>\n<p>[\/vc_column_text][\/vc_column][\/vc_row][vc_row row_type=&#8220;row&#8220; use_row_as_full_screen_section=&#8220;no&#8220; type=&#8220;full_width&#8220; text_align=&#8220;left&#8220; background_animation=&#8220;none&#8220; css_animation=&#8220;&#8220;][vc_column][vc_empty_space height=&#8220;12px&#8220;][vc_separator type=&#8220;normal&#8220; border_style=&#8220;&#8220;][vc_empty_space][\/vc_column][\/vc_row][vc_row row_type=&#8220;row&#8220; use_row_as_full_screen_section=&#8220;no&#8220; type=&#8220;full_width&#8220; text_align=&#8220;left&#8220; background_animation=&#8220;none&#8220; css_animation=&#8220;&#8220;][vc_column][vc_column_text]Bildergalerie[\/vc_column_text][\/vc_column][\/vc_row][vc_row row_type=&#8220;row&#8220; use_row_as_full_screen_section=&#8220;no&#8220; type=&#8220;full_width&#8220; text_align=&#8220;left&#8220; background_animation=&#8220;none&#8220; css_animation=&#8220;&#8220;][vc_column][vc_empty_space][\/vc_column][\/vc_row][vc_row row_type=&#8220;row&#8220; use_row_as_full_screen_section=&#8220;no&#8220; type=&#8220;full_width&#8220; text_align=&#8220;left&#8220; background_animation=&#8220;none&#8220; css_animation=&#8220;&#8220;][vc_column][vc_gallery type=&#8220;image_grid&#8220; images=&#8220;4316,4315,4314,4313,4312,4311,4310,4309,4308,4307,4306,4305,4304,4303,4302,4301,4300,4299,4298,4297,4296,4295,4294,4293,4292,4291,4290,4289,4288,4287,4286,4285,4284&#8243; img_size=&#8220;full&#8220; onclick=&#8220;&#8220; column_number=&#8220;0&#8243; grayscale=&#8220;no&#8220; space_between_images=&#8220;no&#8220;][\/vc_column][\/vc_row][vc_row row_type=&#8220;row&#8220; use_row_as_full_screen_section=&#8220;no&#8220; type=&#8220;full_width&#8220; text_align=&#8220;left&#8220; background_animation=&#8220;none&#8220; css_animation=&#8220;&#8220;][vc_column][vc_empty_space][\/vc_column][\/vc_row]<\/p>\n<\/div>","protected":false},"excerpt":{"rendered":"<p>[vc_row row_type=&#8220;row&#8220; use_row_as_full_screen_section=&#8220;no&#8220; type=&#8220;full_width&#8220; text_align=&#8220;left&#8220; background_animation=&#8220;none&#8220; css_animation=&#8220;&#8220;][vc_column][vc_empty_space height=&#8220;24px&#8220;][vc_column_text]Einweihung Dreifachsporthalle, 7. September 2018 [\/vc_column_text][\/vc_column][\/vc_row][vc_row row_type=&#8220;row&#8220; use_row_as_full_screen_section=&#8220;no&#8220; type=&#8220;full_width&#8220; text_align=&#8220;left&#8220; background_animation=&#8220;none&#8220; css_animation=&#8220;&#8220;][vc_column][vc_empty_space][\/vc_column][\/vc_row][vc_row row_type=&#8220;row&#8220; use_row_as_full_screen_section=&#8220;no&#8220; type=&#8220;full_width&#8220; text_align=&#8220;left&#8220; background_animation=&#8220;none&#8220; css_animation=&#8220;&#8220;][vc_column][vc_column_text]Die neue Dreifachsporthalle der Kantonsschule Wettingen ist eingeweiht. Der Neubau erg\u00e4nzt die bestehende Sportinfrastruktur und bietet optimale Bedingungen f\u00fcr Schule, Vereine&#8230;<\/p>\n","protected":false},"author":10,"featured_media":0,"parent":0,"menu_order":0,"comment_status":"closed","ping_status":"closed","template":"","meta":{"footnotes":""},"class_list":["post-4277","page","type-page","status-publish","hentry"],"_links":{"self":[{"href":"https:\/\/fs.kswe.ch\/spo\/wp-json\/wp\/v2\/pages\/4277","targetHints":{"allow":["GET"]}}],"collection":[{"href":"https:\/\/fs.kswe.ch\/spo\/wp-json\/wp\/v2\/pages"}],"about":[{"href":"https:\/\/fs.kswe.ch\/spo\/wp-json\/wp\/v2\/types\/page"}],"author":[{"embeddable":true,"href":"https:\/\/fs.kswe.ch\/spo\/wp-json\/wp\/v2\/users\/10"}],"replies":[{"embeddable":true,"href":"https:\/\/fs.kswe.ch\/spo\/wp-json\/wp\/v2\/comments?post=4277"}],"version-history":[{"count":16,"href":"https:\/\/fs.kswe.ch\/spo\/wp-json\/wp\/v2\/pages\/4277\/revisions"}],"predecessor-version":[{"id":10158,"href":"https:\/\/fs.kswe.ch\/spo\/wp-json\/wp\/v2\/pages\/4277\/revisions\/10158"}],"wp:attachment":[{"href":"https:\/\/fs.kswe.ch\/spo\/wp-json\/wp\/v2\/media?parent=4277"}],"curies":[{"name":"wp","href":"https:\/\/api.w.org\/{rel}","templated":true}]}}

<div class="wpb-content-wrapper"><p>[vc_row row_type=&#8220;row&#8220; use_row_as_full_screen_section=&#8220;no&#8220; type=&#8220;full_width&#8220; text_align=&#8220;left&#8220; background_animation=&#8220;none&#8220; css_animation=&#8220;&#8220;][vc_column][vc_empty_space height=&#8220;24px&#8220;][vc_column_text]<em><strong>Einweihung Dreifachsporthalle, 7. September 2018</strong><br />
</em>[/vc_column_text][/vc_column][/vc_row][vc_row row_type=&#8220;row&#8220; use_row_as_full_screen_section=&#8220;no&#8220; type=&#8220;full_width&#8220; text_align=&#8220;left&#8220; background_animation=&#8220;none&#8220; css_animation=&#8220;&#8220;][vc_column][vc_empty_space][/vc_column][/vc_row][vc_row row_type=&#8220;row&#8220; use_row_as_full_screen_section=&#8220;no&#8220; type=&#8220;full_width&#8220; text_align=&#8220;left&#8220; background_animation=&#8220;none&#8220; css_animation=&#8220;&#8220;][vc_column][vc_column_text]Die neue Dreifachsporthalle der Kantonsschule Wettingen ist eingeweiht. Der Neubau ergänzt die bestehende Sportinfrastruktur und bietet optimale Bedingungen für Schule, Vereine und die Gemeinde Wettingen. Mit einer sportlich umrahmten Feier im Beisein von Landammann Alex Hürzeler und Regierungsrat Dr. Markus Dieth wurde die vom Kanton Aargau gebaute neue Dreifachsporthalle für die Kantonsschule Wettingen am Freitag, 7. September 2018, offiziell eingeweiht.</p>
<p>&nbsp;</p>
<p>Das einzigartige unterirdische Bauwerk besteht aus einer in drei Einzelhallen unterteilbare Sporthalle, einem Foyer und sechs Gemeinschaftsgarderoben. Zusätzlich wurden Räume für Lehrpersonen, behindertengerechte Umkleideräume und diverse Nebenräume realisiert. Der Neubau grenzt an die bestehenden unterirdischen Sportanlagen an und beeinträchtigt dadurch die Sicht auf die unter nationalem Denkmalschutz stehende Klosteranlage Wettingen nicht. Die Aussensportanlagen wurden unverändert wiederhergestellt.</p>
<p>&nbsp;</p>
<p>Der Neubau der Dreifachsporthalle war dringend notwendig. Durch stark anwachsende Schülerzahlen war bereits 2005 die Sporthallenkapazität der Schule überlastet. Zudem entsprach die veraltete Sporthalle nicht mehr den heutigen Anforderungen. Der Bedarf der Halle war stets unbestritten. Nach der Zurückweisung des Siegerprojekts durch den Grossen Rat im Januar 2014 erbrachte die Überprüfung der Standortfrage keine Alternative. Die Baukosten konnten hingegen mit einer umfassenden Verzichtsplanung um rund 4 Millionen Franken gesenkt werden. Mit dem Spatenstich im Oktober 2016 wurde die Bauphase lanciert. Nach fast zwei Jahren Bauzeit wurde die Dreifachhalle im Juli 2018 fertiggestellt und pünktlich zum Schulbeginn in Betrieb genommen.</p>
<p>&nbsp;</p>
<p>Der Kostenaufwand für die neue, unterirdische Sportanlage hat sich sicher gelohnt. Für die Kantonsschule Wettingen, aber auch für die Wettinger Vereine steht eine hochmoderne Sportanlage zur Verfügung, die sich optimal in das Gesamtbild der Klosterhalbinsel einfügt.[/vc_column_text][/vc_column][/vc_row][vc_row row_type=&#8220;row&#8220; use_row_as_full_screen_section=&#8220;no&#8220; type=&#8220;full_width&#8220; text_align=&#8220;left&#8220; background_animation=&#8220;none&#8220; css_animation=&#8220;&#8220;][vc_column][vc_empty_space][vc_separator type=&#8220;normal&#8220; border_style=&#8220;&#8220;][/vc_column][/vc_row][vc_row row_type=&#8220;row&#8220; use_row_as_full_screen_section=&#8220;no&#8220; type=&#8220;full_width&#8220; text_align=&#8220;left&#8220; background_animation=&#8220;none&#8220; css_animation=&#8220;&#8220;][vc_column width=&#8220;5/6&#8243;][vc_column_text]</p>
<ul>
<li><a href="https://www.aargauerzeitung.ch/aargau/baden/eine-neue-halle-fuer-fast-alle-133108648" target="_blank" rel="noopener noreferrer"><span style="color: #800000">Bericht AZ, 8. September 2018</span></a></li>
</ul>
<p>[/vc_column_text][/vc_column][vc_column width=&#8220;1/6&#8243;][vc_column_text]</p>
<ul>
<li style="text-align: right"><a href="https://fs.kswe.ch/spo/sportanlage/"><span style="color: #800000">zurück</span></a></li>
</ul>
<p>[/vc_column_text][/vc_column][/vc_row][vc_row row_type=&#8220;row&#8220; use_row_as_full_screen_section=&#8220;no&#8220; type=&#8220;full_width&#8220; text_align=&#8220;left&#8220; background_animation=&#8220;none&#8220; css_animation=&#8220;&#8220;][vc_column][vc_empty_space height=&#8220;12px&#8220;][vc_separator type=&#8220;normal&#8220; border_style=&#8220;&#8220;][vc_empty_space][/vc_column][/vc_row][vc_row row_type=&#8220;row&#8220; use_row_as_full_screen_section=&#8220;no&#8220; type=&#8220;full_width&#8220; text_align=&#8220;left&#8220; background_animation=&#8220;none&#8220; css_animation=&#8220;&#8220;][vc_column][vc_column_text]Bildergalerie[/vc_column_text][/vc_column][/vc_row][vc_row row_type=&#8220;row&#8220; use_row_as_full_screen_section=&#8220;no&#8220; type=&#8220;full_width&#8220; text_align=&#8220;left&#8220; background_animation=&#8220;none&#8220; css_animation=&#8220;&#8220;][vc_column][vc_empty_space][/vc_column][/vc_row][vc_row row_type=&#8220;row&#8220; use_row_as_full_screen_section=&#8220;no&#8220; type=&#8220;full_width&#8220; text_align=&#8220;left&#8220; background_animation=&#8220;none&#8220; css_animation=&#8220;&#8220;][vc_column][vc_gallery type=&#8220;image_grid&#8220; images=&#8220;4316,4315,4314,4313,4312,4311,4310,4309,4308,4307,4306,4305,4304,4303,4302,4301,4300,4299,4298,4297,4296,4295,4294,4293,4292,4291,4290,4289,4288,4287,4286,4285,4284&#8243; img_size=&#8220;full&#8220; onclick=&#8220;&#8220; column_number=&#8220;0&#8243; grayscale=&#8220;no&#8220; space_between_images=&#8220;no&#8220;][/vc_column][/vc_row][vc_row row_type=&#8220;row&#8220; use_row_as_full_screen_section=&#8220;no&#8220; type=&#8220;full_width&#8220; text_align=&#8220;left&#8220; background_animation=&#8220;none&#8220; css_animation=&#8220;&#8220;][vc_column][vc_empty_space][/vc_column][/vc_row]</p>
</div>

<p>[vc_row row_type=&#8220;row&#8220; use_row_as_full_screen_section=&#8220;no&#8220; type=&#8220;full_width&#8220; text_align=&#8220;left&#8220; background_animation=&#8220;none&#8220; css_animation=&#8220;&#8220;][vc_column][vc_empty_space height=&#8220;24px&#8220;][vc_column_text]Einweihung Dreifachsporthalle, 7. September 2018 [/vc_column_text][/vc_column][/vc_row][vc_row row_type=&#8220;row&#8220; use_row_as_full_screen_section=&#8220;no&#8220; type=&#8220;full_width&#8220; text_align=&#8220;left&#8220; background_animation=&#8220;none&#8220; css_animation=&#8220;&#8220;][vc_column][vc_empty_space][/vc_column][/vc_row][vc_row row_type=&#8220;row&#8220; use_row_as_full_screen_section=&#8220;no&#8220; type=&#8220;full_width&#8220; text_align=&#8220;left&#8220; background_animation=&#8220;none&#8220; css_animation=&#8220;&#8220;][vc_column][vc_column_text]Die neue Dreifachsporthalle der Kantonsschule Wettingen ist eingeweiht. Der Neubau ergänzt die bestehende Sportinfrastruktur und bietet optimale Bedingungen für Schule, Vereine&#8230;</p>
