{"id":14597,"date":"2026-04-02T20:59:02","date_gmt":"2026-04-02T18:59:02","guid":{"rendered":"https:\/\/fs.kswe.ch\/spo\/?page_id=14597"},"modified":"2026-04-15T14:24:18","modified_gmt":"2026-04-15T12:24:18","slug":"letsmove26","status":"publish","type":"page","link":"https:\/\/fs.kswe.ch\/spo\/letsmove26\/","title":{"rendered":"Let&#8217;s move 26"},"content":{"rendered":"<div class=\"wpb-content-wrapper\"><p>[vc_row row_type=&#8220;row&#8220; use_row_as_full_screen_section=&#8220;no&#8220; type=&#8220;full_width&#8220; text_align=&#8220;left&#8220; background_animation=&#8220;none&#8220; css_animation=&#8220;&#8220;][vc_column][vc_empty_space height=&#8220;24px&#8220;][vc_column_text css=&#8220;&#8220;]<em><strong>Let`s Move 2026<\/strong><\/em>[\/vc_column_text][\/vc_column][\/vc_row][vc_row row_type=&#8220;row&#8220; use_row_as_full_screen_section=&#8220;no&#8220; type=&#8220;full_width&#8220; text_align=&#8220;left&#8220; background_animation=&#8220;none&#8220; css_animation=&#8220;&#8220;][vc_column][vc_empty_space][\/vc_column][\/vc_row][vc_row row_type=&#8220;row&#8220; use_row_as_full_screen_section=&#8220;no&#8220; type=&#8220;full_width&#8220; text_align=&#8220;left&#8220; background_animation=&#8220;none&#8220; css_animation=&#8220;&#8220;][vc_column][vc_column_text css=&#8220;&#8220;]<strong>\u00abLet\u2019s Move\u00bb &#8211; Tanz- und Akrobatikshow der Kantonsschule Wettingen<\/strong><\/p>\n<p>&nbsp;<\/p>\n<p><strong>Wenn die Sporthalle zur Showb\u00fchne wird: \u201eLet\u2019s Move\u201c der Kantonsschule Wettingen begeistert zum 16. Mal<\/strong><\/p>\n<p>&nbsp;<\/p>\n<p>Wer am vergangenen Wochenende die Sporthalle der Kantonsschule Wettingen betrat, durfte sich verwundert die Augen reiben: Wo sonst B\u00e4lle prellen und Sprintstarts ge\u00fcbt werden, erwartete das Publikum eine B\u00fchne, die mit Licht, Farbe und Energie pulsierte.<\/p>\n<p>&nbsp;<\/p>\n<p>Seit 1992 tanzt sich die legend\u00e4re Schulshow<em> \u00ab<\/em><em>Let\u2019s Move\u00bb<\/em> in die Herzen ihres Publikums. Auch dieses Jahr bewies die 16. Ausgabe eindrucksvoll Kreativit\u00e4t, t\u00e4nzerisches K\u00f6nnen und Teamgeist. \u00dcber <strong>300 Sch\u00fclerinnen und Sch\u00fcler<\/strong> pr\u00e4sentierten auf der B\u00fchne, was im Sportunterricht an Choreografien und Ideen entstanden war.<\/p>\n<p>&nbsp;<\/p>\n<p>Insgesamt 20 Tanz- und Akrobatiknummern f\u00fcllten den Abend \u2013 ein Programm, das vom ersten Takt an Tempo gewann und bis zum finalen Applaus nicht mehr losliess.<\/p>\n<p>&nbsp;<\/p>\n<p>Die Vielfalt war gross: Mitreissende <strong>Hip-Hop-Moves, <\/strong>epische Jazz- und Contemporary T\u00e4nze sowie eine feurige <strong>Salsa-Rueda<\/strong>, die sommerliche Leichtigkeit auf die Showb\u00fchne zauberte. Und selbstverst\u00e4ndlich h\u00e4tte niemand die ber\u00fchmte <strong>Elvis-Show <\/strong>verpassen wollen: Mit brillanten Kost\u00fcmen und einem Hauch Nostalgie brachte die Fachschaft Sport den King stilecht wieder auf die B\u00fchne.<\/p>\n<p>&nbsp;<\/p>\n<p>Auch die akrobatischen Freif\u00e4cher zeigten eindrucksvoll, was Pr\u00e4zision und Kraft bewirken k\u00f6nnen: Beim Ger\u00e4teturnen sorgten perfekte Landungen f\u00fcr spontane Zwischenapplause, w\u00e4hrend die Artistinnen am Vertikaltuch mit luftigen Drehungen und atemberaubenden Figuren die Schwerkraft herausforderten.<\/p>\n<p>&nbsp;<\/p>\n<p>Gut <strong>zwei Stunden<\/strong> dauerte dieses abendf\u00fcllende, atmosph\u00e4risch dichte Spektakel. Jede Minute war ein kleines Feuerwerk aus Rhythmus, Bewegung und jugendlicher Lebensfreude. Vom ersten Spot bis zum finalen Applaus blieb die Stimmung hoch und das Tempo pulsierend.<\/p>\n<p>&nbsp;<\/p>\n<p><em>\u00ab<\/em><em>Let\u2019s Move\u00bb<\/em> findet im <strong>Zweijahresrhythmus<\/strong> statt, was f\u00fcr das Publikum bedeutet: Schon jetzt darf man sich auf die n\u00e4chste Ausgabe freuen. Wer die Show dieses Jahr verpasst hat, sollte sich den Termin f\u00fcr 2028 bereits merken. Denn wenn die Kantonsschule Wettingen zur Bewegung ruft, bleibt garantiert niemand lange sitzen.<\/p>\n<p>&nbsp;<\/p>\n<p>&nbsp;<\/p>\n<p>&nbsp;<\/p>\n<ul>\n<li><a href=\"https:\/\/fs.kswe.ch\/spo\/wp-content\/uploads\/sites\/9\/2026\/04\/NEU_Programmheft2026.docx\"><span style=\"color: #800000\"><span style=\"color: #800000\">Programm Let&#8217;s Move 2026<\/span><\/span><\/a><\/li>\n<li><a href=\"https:\/\/fs.kswe.ch\/spo\/wp-content\/uploads\/sites\/9\/2026\/04\/Aarg.-Zeitung-1.4.26-.pdf\"><span style=\"color: #800000\"><span style=\"color: #800000\">Presse_AZ<\/span><\/span><\/a><\/li>\n<li><span style=\"color: #800000\"><a style=\"color: #800000\" href=\"https:\/\/fs.kswe.ch\/spo\/wp-content\/uploads\/sites\/9\/2026\/04\/Limmatwelle-LM-26.pdf\"><span style=\"color: #800000\">Presse_ Limmatwelle<\/span><\/a><\/span><\/li>\n<li><span style=\"color: #800000\"><span style=\"color: #800000\">KSWE-News<\/span><\/span> Youtube<\/li>\n<li><span style=\"color: #800000\"><span style=\"color: #800000\">Let&#8217;s Move- der Film<\/span><\/span> &#8211; alle 20 Auftritte<\/li>\n<\/ul>\n<p>&nbsp;<\/p>\n<p>&nbsp;<\/p>\n<p>Text: Andrea Baumeler<\/p>\n<p>Bilder: Martin Rizek<\/p>\n<p>&nbsp;<\/p>\n<p>&nbsp;<\/p>\n<p>[\/vc_column_text][vc_column_text]<\/p>\n<ul>\n<li><span style=\"color: #800000\"><a style=\"color: #800000\" href=\"https:\/\/fs.kswe.ch\/spo\/letsmove\/\"><span style=\"color: #800000\">zur\u00fcck<\/span><\/a><\/span><\/li>\n<\/ul>\n<p>[\/vc_column_text][\/vc_column][\/vc_row][vc_row row_type=&#8220;row&#8220; use_row_as_full_screen_section=&#8220;no&#8220; type=&#8220;full_width&#8220; text_align=&#8220;left&#8220; background_animation=&#8220;none&#8220; css_animation=&#8220;&#8220;][vc_column][vc_empty_space height=&#8220;24px&#8220;][\/vc_column][\/vc_row][vc_row row_type=&#8220;row&#8220; use_row_as_full_screen_section=&#8220;no&#8220; type=&#8220;full_width&#8220; text_align=&#8220;left&#8220; background_animation=&#8220;none&#8220; css_animation=&#8220;&#8220;][vc_column][vc_separator type=&#8220;normal&#8220; border_style=&#8220;&#8220;][\/vc_column][\/vc_row][vc_row row_type=&#8220;row&#8220; use_row_as_full_screen_section=&#8220;no&#8220; type=&#8220;full_width&#8220; text_align=&#8220;left&#8220; background_animation=&#8220;none&#8220; css_animation=&#8220;&#8220;][vc_column][vc_empty_space height=&#8220;24px&#8220;][\/vc_column][\/vc_row][vc_row row_type=&#8220;row&#8220; use_row_as_full_screen_section=&#8220;no&#8220; type=&#8220;full_width&#8220; text_align=&#8220;left&#8220; background_animation=&#8220;none&#8220; css_animation=&#8220;&#8220;][vc_column][vc_empty_space height=&#8220;12px&#8220;][\/vc_column][\/vc_row][vc_row row_type=&#8220;row&#8220; use_row_as_full_screen_section=&#8220;no&#8220; type=&#8220;full_width&#8220; text_align=&#8220;left&#8220; background_animation=&#8220;none&#8220; css_animation=&#8220;&#8220;][vc_column][vc_gallery type=&#8220;image_grid&#8220; images=&#8220;14620,14625,14657,14613,14619,14656,14610,14655,14652,14651,14650,14649,14647,14646,14645,14644,14643,14640,14611,14639,14638,14629,14612,14628,14627,14626,14614,14624,14623,14622,14621,14618,14617,14609,14608,14607,14604,14603,14602,14601,14600,14599,14598,14595,14605&#8243; img_size=&#8220;full&#8220; onclick=&#8220;&#8220; css=&#8220;&#8220; column_number=&#8220;0&#8243; grayscale=&#8220;no&#8220; space_between_images=&#8220;no&#8220;][\/vc_column][\/vc_row]<\/p>\n<\/div>","protected":false},"excerpt":{"rendered":"<p>[vc_row row_type=&#8220;row&#8220; use_row_as_full_screen_section=&#8220;no&#8220; type=&#8220;full_width&#8220; text_align=&#8220;left&#8220; background_animation=&#8220;none&#8220; css_animation=&#8220;&#8220;][vc_column][vc_empty_space height=&#8220;24px&#8220;][vc_column_text css=&#8220;&#8220;]Let`s Move 2026[\/vc_column_text][\/vc_column][\/vc_row][vc_row row_type=&#8220;row&#8220; use_row_as_full_screen_section=&#8220;no&#8220; type=&#8220;full_width&#8220; text_align=&#8220;left&#8220; background_animation=&#8220;none&#8220; css_animation=&#8220;&#8220;][vc_column][vc_empty_space][\/vc_column][\/vc_row][vc_row row_type=&#8220;row&#8220; use_row_as_full_screen_section=&#8220;no&#8220; type=&#8220;full_width&#8220; text_align=&#8220;left&#8220; background_animation=&#8220;none&#8220; css_animation=&#8220;&#8220;][vc_column][vc_column_text css=&#8220;&#8220;]\u00abLet\u2019s Move\u00bb &#8211; Tanz- und Akrobatikshow der Kantonsschule Wettingen &nbsp; Wenn die Sporthalle zur Showb\u00fchne wird: \u201eLet\u2019s Move\u201c der Kantonsschule Wettingen begeistert&#8230;<\/p>\n","protected":false},"author":25,"featured_media":0,"parent":0,"menu_order":0,"comment_status":"closed","ping_status":"closed","template":"","meta":{"footnotes":""},"class_list":["post-14597","page","type-page","status-publish","hentry"],"_links":{"self":[{"href":"https:\/\/fs.kswe.ch\/spo\/wp-json\/wp\/v2\/pages\/14597","targetHints":{"allow":["GET"]}}],"collection":[{"href":"https:\/\/fs.kswe.ch\/spo\/wp-json\/wp\/v2\/pages"}],"about":[{"href":"https:\/\/fs.kswe.ch\/spo\/wp-json\/wp\/v2\/types\/page"}],"author":[{"embeddable":true,"href":"https:\/\/fs.kswe.ch\/spo\/wp-json\/wp\/v2\/users\/25"}],"replies":[{"embeddable":true,"href":"https:\/\/fs.kswe.ch\/spo\/wp-json\/wp\/v2\/comments?post=14597"}],"version-history":[{"count":13,"href":"https:\/\/fs.kswe.ch\/spo\/wp-json\/wp\/v2\/pages\/14597\/revisions"}],"predecessor-version":[{"id":14683,"href":"https:\/\/fs.kswe.ch\/spo\/wp-json\/wp\/v2\/pages\/14597\/revisions\/14683"}],"wp:attachment":[{"href":"https:\/\/fs.kswe.ch\/spo\/wp-json\/wp\/v2\/media?parent=14597"}],"curies":[{"name":"wp","href":"https:\/\/api.w.org\/{rel}","templated":true}]}}