{"id":14576,"date":"2026-03-29T20:38:04","date_gmt":"2026-03-29T18:38:04","guid":{"rendered":"https:\/\/fs.kswe.ch\/spo\/?page_id=14576"},"modified":"2026-03-29T20:38:04","modified_gmt":"2026-03-29T18:38:04","slug":"msmvolley26","status":"publish","type":"page","link":"https:\/\/fs.kswe.ch\/spo\/msmvolley26\/","title":{"rendered":"MSMVolleyball26"},"content":{"rendered":"<div class=\"wpb-content-wrapper\"><p>[vc_row row_type=&#8220;row&#8220; use_row_as_full_screen_section=&#8220;no&#8220; type=&#8220;full_width&#8220; text_align=&#8220;left&#8220; background_animation=&#8220;none&#8220; css_animation=&#8220;&#8220;][vc_column width=&#8220;2\/3&#8243;][vc_empty_space height=&#8220;24px&#8220;][\/vc_column][vc_column width=&#8220;1\/3&#8243;][\/vc_column][\/vc_row][vc_row row_type=&#8220;row&#8220; use_row_as_full_screen_section=&#8220;no&#8220; type=&#8220;full_width&#8220; text_align=&#8220;left&#8220; background_animation=&#8220;none&#8220; css_animation=&#8220;&#8220;][vc_column][vc_column_text css=&#8220;&#8220;]<strong>Volleyball Mittelschulmeisterschaften 2026 (Herren)<\/strong><\/p>\n<p>&nbsp;<\/p>\n<p>&nbsp;<\/p>\n<p><em>Wettinger KSWE-Volleyballer gewinnen die Aargauer Mittelschulmeisterschaft<\/em><\/p>\n<p><em>\u00a0<\/em><\/p>\n<p>&nbsp;<\/p>\n<p>Endlich! Nach mehreren Jahren f\u00e4hrt ein Wettinger Mittelschul-Team wieder an eine Schweizer Meisterschaft. Die Volleyballer \u00fcberzeugen am Quali-Turnier in Wohlen in Abwesenheit der bereits gesetzten Schweizermeister der Alten Kanti Aarau dank breit aufgestelltem Kader, guter Stimmung und viel Durchschlagskraft im Angriff.<\/p>\n<p>&nbsp;<\/p>\n<p>Bereits vor dem Turnier waren sie sp\u00fcrbar \u2013 die guten Chancen. Schnell wusste man \u00fcber die St\u00e4rkeverh\u00e4ltnisse zwischen den f\u00fcnf Teams Bescheid. In diesem Jahr musste es doch klappen!<\/p>\n<p>&nbsp;<\/p>\n<p>Die entscheidenden Spiele gegen Wohlen und Baden verliefen beide \u00e4hnlich. Nach einem souver\u00e4nen Startsatzsieg boten beide Teams im zweiten Satz mehr Gegenwehr und f\u00fchrten bis Mitte Satz mit zwei bis drei Punkten. Dann aber gelang es Wettingen dank guter Blockarbeit, taktisch cleveren Services und weniger Eigenfehlern in den entscheidenden Momenten, die in den letzten Jahren jeweils besser klassierten und durch altersbedingte Abg\u00e4nge geschw\u00e4chten Teams noch abzufangen und damit zwei klare 2:0-Siege zu feiern. In den Spielen gegen die Neue Kanti Aarau und Zofingen konnten erfreulicherweise alle 14 Spieler ihren Teil zum Erfolg beitragen.<\/p>\n<p>&nbsp;<\/p>\n<p>Nun misst sich das Team mit den besten Mittelschul-Teams der anderen Kantone am 1. April 2026 in Sargans und freut sich sehr darauf.<\/p>\n<p>&nbsp;<\/p>\n<p>F\u00fcr die Fachschaft Sport: Florian Lier<\/p>\n<p>&nbsp;<\/p>\n<p>&nbsp;<\/p>\n<p>Rangliste Herren<\/p>\n<p>&nbsp;<\/p>\n<table>\n<tbody>\n<tr>\n<td width=\"83\">1.<\/td>\n<td width=\"248\">Kanti Wettingen<\/td>\n<td width=\"104\">8 Punkte<\/td>\n<\/tr>\n<tr>\n<td width=\"83\">2.<\/td>\n<td width=\"248\">Kanti Baden<\/td>\n<td width=\"104\">6 Punkte<\/td>\n<\/tr>\n<tr>\n<td width=\"83\">3.<\/td>\n<td width=\"248\">Kanti Wohlen<\/td>\n<td width=\"104\">4 Punkte<\/td>\n<\/tr>\n<tr>\n<td width=\"83\">5.<\/td>\n<td width=\"248\">Neue Kanti Aarau<\/td>\n<td width=\"104\">1 Punkt<\/td>\n<\/tr>\n<tr>\n<td width=\"83\">5.<\/td>\n<td width=\"248\">Kanti Zofingen<\/td>\n<td width=\"104\">1 Punkt<\/td>\n<\/tr>\n<\/tbody>\n<\/table>\n<p>&nbsp;<\/p>\n<p>&nbsp;<\/p>\n<p>&nbsp;<\/p>\n<p>Hinten v.l.n.r.: Felix Funk G3I, Tim Fl\u00fctsch G3G, Matteo Schild G4J, Anas Hatoum G1H, Janis Henriques G4I, Marlon Kirchhofer G1H, Mauri Fueter F3B, Luis Paluca F3C, Aron Angst F4<\/p>\n<p>Vorne v.l.n.r.: Jonas V\u00f6geli G3B, Nelio M\u00fcller G2E, Daniel Surdu G3I, Angelo Kirchhofer G3H, Julian Chaves G1A, Florian Lier<\/p>\n<p>&nbsp;<\/p>\n<p>[\/vc_column_text][\/vc_column][\/vc_row][vc_row row_type=&#8220;row&#8220; use_row_as_full_screen_section=&#8220;no&#8220; type=&#8220;full_width&#8220; text_align=&#8220;left&#8220; background_animation=&#8220;none&#8220; css_animation=&#8220;&#8220;][vc_column][vc_empty_space][\/vc_column][\/vc_row][vc_row row_type=&#8220;row&#8220; use_row_as_full_screen_section=&#8220;no&#8220; type=&#8220;full_width&#8220; text_align=&#8220;left&#8220; background_animation=&#8220;none&#8220; css_animation=&#8220;&#8220;][vc_column][vc_separator type=&#8220;normal&#8220; border_style=&#8220;&#8220;][\/vc_column][\/vc_row][vc_row row_type=&#8220;row&#8220; use_row_as_full_screen_section=&#8220;no&#8220; type=&#8220;full_width&#8220; text_align=&#8220;left&#8220; background_animation=&#8220;none&#8220; css_animation=&#8220;&#8220;][vc_column][vc_column_text]<\/p>\n<ul>\n<li style=\"text-align: left\"><a href=\"https:\/\/fs.kswe.ch\/spo\/mittelschulmeisterschaften\/\"><span style=\"color: #800000\">zur\u00fcck<\/span><\/a><\/li>\n<\/ul>\n<p>[\/vc_column_text][\/vc_column][\/vc_row][vc_row row_type=&#8220;row&#8220; use_row_as_full_screen_section=&#8220;no&#8220; type=&#8220;full_width&#8220; text_align=&#8220;left&#8220; background_animation=&#8220;none&#8220; css_animation=&#8220;&#8220;][vc_column][vc_empty_space height=&#8220;12px&#8220;][vc_separator type=&#8220;normal&#8220; border_style=&#8220;&#8220;][vc_empty_space height=&#8220;24px&#8220;][\/vc_column][\/vc_row][vc_row row_type=&#8220;row&#8220; use_row_as_full_screen_section=&#8220;no&#8220; type=&#8220;full_width&#8220; text_align=&#8220;left&#8220; background_animation=&#8220;none&#8220; css_animation=&#8220;&#8220;][vc_column][vc_empty_space height=&#8220;12px&#8220;][\/vc_column][\/vc_row][vc_row row_type=&#8220;row&#8220; use_row_as_full_screen_section=&#8220;no&#8220; type=&#8220;full_width&#8220; text_align=&#8220;left&#8220; background_animation=&#8220;none&#8220; css_animation=&#8220;&#8220;][vc_column][vc_gallery type=&#8220;image_grid&#8220; images=&#8220;14575&#8243; img_size=&#8220;full&#8220; onclick=&#8220;&#8220; css=&#8220;&#8220; column_number=&#8220;0&#8243; grayscale=&#8220;no&#8220; space_between_images=&#8220;no&#8220;][\/vc_column][\/vc_row][vc_row row_type=&#8220;row&#8220; use_row_as_full_screen_section=&#8220;no&#8220; type=&#8220;full_width&#8220; text_align=&#8220;left&#8220; background_animation=&#8220;none&#8220; css_animation=&#8220;&#8220;][vc_column][vc_empty_space height=&#8220;60px&#8220;][\/vc_column][\/vc_row]<\/p>\n<\/div>","protected":false},"excerpt":{"rendered":"<p>[vc_row row_type=&#8220;row&#8220; use_row_as_full_screen_section=&#8220;no&#8220; type=&#8220;full_width&#8220; text_align=&#8220;left&#8220; background_animation=&#8220;none&#8220; css_animation=&#8220;&#8220;][vc_column width=&#8220;2\/3&#8243;][vc_empty_space height=&#8220;24px&#8220;][\/vc_column][vc_column width=&#8220;1\/3&#8243;][\/vc_column][\/vc_row][vc_row row_type=&#8220;row&#8220; use_row_as_full_screen_section=&#8220;no&#8220; type=&#8220;full_width&#8220; text_align=&#8220;left&#8220; background_animation=&#8220;none&#8220; css_animation=&#8220;&#8220;][vc_column][vc_column_text css=&#8220;&#8220;]Volleyball Mittelschulmeisterschaften 2026 (Herren) &nbsp; &nbsp; Wettinger KSWE-Volleyballer gewinnen die Aargauer Mittelschulmeisterschaft \u00a0 &nbsp; Endlich! Nach mehreren Jahren f\u00e4hrt ein Wettinger Mittelschul-Team wieder an eine Schweizer Meisterschaft. Die Volleyballer&#8230;<\/p>\n","protected":false},"author":25,"featured_media":0,"parent":0,"menu_order":0,"comment_status":"closed","ping_status":"closed","template":"","meta":{"footnotes":""},"class_list":["post-14576","page","type-page","status-publish","hentry"],"_links":{"self":[{"href":"https:\/\/fs.kswe.ch\/spo\/wp-json\/wp\/v2\/pages\/14576","targetHints":{"allow":["GET"]}}],"collection":[{"href":"https:\/\/fs.kswe.ch\/spo\/wp-json\/wp\/v2\/pages"}],"about":[{"href":"https:\/\/fs.kswe.ch\/spo\/wp-json\/wp\/v2\/types\/page"}],"author":[{"embeddable":true,"href":"https:\/\/fs.kswe.ch\/spo\/wp-json\/wp\/v2\/users\/25"}],"replies":[{"embeddable":true,"href":"https:\/\/fs.kswe.ch\/spo\/wp-json\/wp\/v2\/comments?post=14576"}],"version-history":[{"count":2,"href":"https:\/\/fs.kswe.ch\/spo\/wp-json\/wp\/v2\/pages\/14576\/revisions"}],"predecessor-version":[{"id":14579,"href":"https:\/\/fs.kswe.ch\/spo\/wp-json\/wp\/v2\/pages\/14576\/revisions\/14579"}],"wp:attachment":[{"href":"https:\/\/fs.kswe.ch\/spo\/wp-json\/wp\/v2\/media?parent=14576"}],"curies":[{"name":"wp","href":"https:\/\/api.w.org\/{rel}","templated":true}]}}