{"id":13097,"date":"2023-09-15T11:31:31","date_gmt":"2023-09-15T09:31:31","guid":{"rendered":"https:\/\/fs.kswe.ch\/spo\/?page_id=13097"},"modified":"2024-01-09T12:37:37","modified_gmt":"2024-01-09T11:37:37","slug":"sporttag23","status":"publish","type":"page","link":"https:\/\/fs.kswe.ch\/spo\/sporttag23\/","title":{"rendered":"Sporttag23"},"content":{"rendered":"<div class=\"wpb-content-wrapper\"><p>[vc_row row_type=&#8220;row&#8220; use_row_as_full_screen_section=&#8220;no&#8220; type=&#8220;full_width&#8220; text_align=&#8220;left&#8220; background_animation=&#8220;none&#8220; css_animation=&#8220;&#8220;][vc_column width=&#8220;2\/3&#8243;][vc_column_text]<strong><em>Sporttag 2023 &#8211; <b><span data-contrast=\"auto\">Highlandgames und Spielturniere<\/span><\/b><br \/>\n<\/em><\/strong>[\/vc_column_text][\/vc_column][vc_column width=&#8220;1\/3&#8243;][\/vc_column][\/vc_row][vc_row row_type=&#8220;row&#8220; use_row_as_full_screen_section=&#8220;no&#8220; type=&#8220;full_width&#8220; text_align=&#8220;left&#8220; background_animation=&#8220;none&#8220; css_animation=&#8220;&#8220;][vc_column][vc_empty_space][\/vc_column][\/vc_row][vc_row row_type=&#8220;row&#8220; use_row_as_full_screen_section=&#8220;no&#8220; type=&#8220;full_width&#8220; text_align=&#8220;left&#8220; background_animation=&#8220;none&#8220; css_animation=&#8220;&#8220;][vc_column][vc_column_text]Sporttag KSWE- ein Event mit vielen Highlights<\/p>\n<p>&nbsp;<\/p>\n<p>Am Dienstag, 12.September fand der Sporttag der KSWE bei angenehmen, sommerlichen Temperaturen statt. Am Morgen starteten einige fleissig mit Fussball und Volleyball, w\u00e4hrend sich andere Klassen bei den ber\u00fchmten Highland-Games in verschiedenen Disziplinen massen. Bei den Highland-Games traten zwei Klassen gegeneinander an und k\u00e4mpften dabei um jeden einzelnen Punkt. Darunter waren Spiele wie Baumstammwerfen und \u00abDigging in the ribs\u00bb, bei welchem man versuchte, den Gegner mithilfe eines prall gef\u00fcllten Sacks vom Balken runterzuwerfen. Eines der beliebtesten Spiele dieses Halbtages.<br \/>\nAm Mittag wurde von den Spielen zu den Highland Games gewechselt und umgekehrt. Sowohl beim Volleyball und Fussball als auch bei den Klassen Challenges gab jede Abteilung ihr Bestes. Bei Letzterem ging es nicht nur um Ruhm und Ehre, sondern auch darum, eines der heiss begehrten KSWE Winner-Shirts zu ergattern. Als beste Highlander und Highlanderinnen erwiesen sich bei den Mixed Teams die Klasse G3A, bei den Frauen die Klasse F2D.<br \/>\nEinige fanden es trotz h\u00e4ufigen Niederlagen lustig, denn die Gruppe, in der man spielte, harmonierte. Bez\u00fcglich R\u00fcckmeldung zu den Highland-Games gab es unterschiedliche Gef\u00fchle und Aussagen: \u00abEinige Posten waren cool, andere eher weniger, aber im Grossen und Ganzen machte es wirklich Spass\u00bb. Es wurde viel geschwitzt und Adrenalin schoss durch die K\u00f6rper der tapferen Sportlerinnen und Sportler. Der Tag wurde schliesslich mit der Rangverk\u00fcndigung und Preisverleihung beendet.<\/p>\n<p>Ein Danke gilt der Fachschaft Sport, welche den Sporttag jedes Jahr wieder professionell organisieren. Ebenfalls ein grosses Dankesch\u00f6n an alle Lehrpersonen und Helfenden, die am Sporttag mitgeholfen haben und an alle, die am Sporttag mitgemacht haben. Bis zum n\u00e4chsten Jahr!<\/p>\n<p>&nbsp;<\/p>\n<p>C\u00e9lina Tr\u00fcssel, F3A<\/p>\n<p>&nbsp;<\/p>\n<p>Fotos: Roland Herzog[\/vc_column_text][\/vc_column][\/vc_row][vc_row row_type=&#8220;row&#8220; use_row_as_full_screen_section=&#8220;no&#8220; type=&#8220;full_width&#8220; text_align=&#8220;left&#8220; background_animation=&#8220;none&#8220; css_animation=&#8220;&#8220;][vc_column][vc_empty_space][vc_separator type=&#8220;normal&#8220; border_style=&#8220;&#8220;][\/vc_column][\/vc_row][vc_row row_type=&#8220;row&#8220; use_row_as_full_screen_section=&#8220;no&#8220; type=&#8220;full_width&#8220; text_align=&#8220;left&#8220; background_animation=&#8220;none&#8220; css_animation=&#8220;&#8220;][vc_column width=&#8220;1\/3&#8243;][vc_column_text]<\/p>\n<ul>\n<li><a href=\"https:\/\/fs.kswe.ch\/spo\/wp-content\/uploads\/sites\/9\/2023\/09\/Ranglisten_Spielturniere.pdf\"><span style=\"color: #800000\"><span style=\"color: #800000\">Ranglisten Spielturniere<\/span><\/span><\/a><\/li>\n<li><span style=\"color: #800000\"><a style=\"color: #800000\" href=\"https:\/\/fs.kswe.ch\/spo\/wp-content\/uploads\/sites\/9\/2023\/09\/Rangliste-Highlandgames.pdf\" target=\"_blank\" rel=\"noopener\"><span style=\"color: #800000\">Rangliste Highland- Games<\/span><\/a><\/span><\/li>\n<\/ul>\n<p>[\/vc_column_text][\/vc_column][vc_column width=&#8220;1\/3&#8243;][vc_column_text][\/vc_column_text][\/vc_column][vc_column width=&#8220;1\/3&#8243;][vc_column_text]<\/p>\n<ul>\n<li style=\"text-align: right\"><a href=\"https:\/\/fs.kswe.ch\/spo\/sporttag\"><span style=\"color: #800000\">zur\u00fcck<\/span><\/a><\/li>\n<\/ul>\n<p>[\/vc_column_text][\/vc_column][\/vc_row][vc_row row_type=&#8220;row&#8220; use_row_as_full_screen_section=&#8220;no&#8220; type=&#8220;full_width&#8220; text_align=&#8220;left&#8220; background_animation=&#8220;none&#8220; css_animation=&#8220;&#8220;][vc_column][vc_empty_space height=&#8220;12px&#8220;][vc_separator type=&#8220;normal&#8220; border_style=&#8220;&#8220;][vc_empty_space height=&#8220;24px&#8220;][\/vc_column][\/vc_row][vc_row row_type=&#8220;row&#8220; use_row_as_full_screen_section=&#8220;no&#8220; type=&#8220;full_width&#8220; text_align=&#8220;left&#8220; background_animation=&#8220;none&#8220; css_animation=&#8220;&#8220;][vc_column][vc_column_text]<\/p>\n<ul>\n<li style=\"text-align: left\">Bildergalerie<\/li>\n<\/ul>\n<p>[\/vc_column_text][\/vc_column][\/vc_row][vc_row row_type=&#8220;row&#8220; use_row_as_full_screen_section=&#8220;no&#8220; type=&#8220;full_width&#8220; text_align=&#8220;left&#8220; background_animation=&#8220;none&#8220; css_animation=&#8220;&#8220;][vc_column][vc_empty_space][\/vc_column][\/vc_row][vc_row row_type=&#8220;row&#8220; use_row_as_full_screen_section=&#8220;no&#8220; type=&#8220;full_width&#8220; text_align=&#8220;left&#8220; background_animation=&#8220;none&#8220; css_animation=&#8220;&#8220;][vc_column][vc_gallery type=&#8220;image_grid&#8220; images=&#8220;13100,13113,13105,13107,13124,13114,13148,13102,13109,13101,13163,13162,13161,13160,13158,13155,13115,13152,13151,13150,13140,13133,13149,13147,13146,13145,13159,13144,13157,13143,13142,13141,13139,13138,13136,13103,13135,13134,13132,13131,13128,13127,13117,13126,13154,13125,13123,13122,13121,13120,13118,13153,13116,13112,13111,13110,13108,13106,13104,13174,13171,13176,13172,13170,13168,13167,13173,13169,13175,13164,13165,13166,13177&#8243; img_size=&#8220;full&#8220; onclick=&#8220;&#8220; column_number=&#8220;0&#8243; grayscale=&#8220;no&#8220; space_between_images=&#8220;no&#8220;][\/vc_column][\/vc_row][vc_row row_type=&#8220;row&#8220; use_row_as_full_screen_section=&#8220;no&#8220; type=&#8220;full_width&#8220; text_align=&#8220;left&#8220; background_animation=&#8220;none&#8220; css_animation=&#8220;&#8220;][vc_column][\/vc_column][\/vc_row]<\/p>\n<\/div>","protected":false},"excerpt":{"rendered":"<p>[vc_row row_type=&#8220;row&#8220; use_row_as_full_screen_section=&#8220;no&#8220; type=&#8220;full_width&#8220; text_align=&#8220;left&#8220; background_animation=&#8220;none&#8220; css_animation=&#8220;&#8220;][vc_column width=&#8220;2\/3&#8243;][vc_column_text]Sporttag 2023 &#8211; Highlandgames und Spielturniere [\/vc_column_text][\/vc_column][vc_column width=&#8220;1\/3&#8243;][\/vc_column][\/vc_row][vc_row row_type=&#8220;row&#8220; use_row_as_full_screen_section=&#8220;no&#8220; type=&#8220;full_width&#8220; text_align=&#8220;left&#8220; background_animation=&#8220;none&#8220; css_animation=&#8220;&#8220;][vc_column][vc_empty_space][\/vc_column][\/vc_row][vc_row row_type=&#8220;row&#8220; use_row_as_full_screen_section=&#8220;no&#8220; type=&#8220;full_width&#8220; text_align=&#8220;left&#8220; background_animation=&#8220;none&#8220; css_animation=&#8220;&#8220;][vc_column][vc_column_text]Sporttag KSWE- ein Event mit vielen Highlights &nbsp; Am Dienstag, 12.September fand der Sporttag der KSWE bei angenehmen, sommerlichen&#8230;<\/p>\n","protected":false},"author":25,"featured_media":0,"parent":0,"menu_order":0,"comment_status":"closed","ping_status":"closed","template":"","meta":{"footnotes":""},"class_list":["post-13097","page","type-page","status-publish","hentry"],"_links":{"self":[{"href":"https:\/\/fs.kswe.ch\/spo\/wp-json\/wp\/v2\/pages\/13097","targetHints":{"allow":["GET"]}}],"collection":[{"href":"https:\/\/fs.kswe.ch\/spo\/wp-json\/wp\/v2\/pages"}],"about":[{"href":"https:\/\/fs.kswe.ch\/spo\/wp-json\/wp\/v2\/types\/page"}],"author":[{"embeddable":true,"href":"https:\/\/fs.kswe.ch\/spo\/wp-json\/wp\/v2\/users\/25"}],"replies":[{"embeddable":true,"href":"https:\/\/fs.kswe.ch\/spo\/wp-json\/wp\/v2\/comments?post=13097"}],"version-history":[{"count":8,"href":"https:\/\/fs.kswe.ch\/spo\/wp-json\/wp\/v2\/pages\/13097\/revisions"}],"predecessor-version":[{"id":13357,"href":"https:\/\/fs.kswe.ch\/spo\/wp-json\/wp\/v2\/pages\/13097\/revisions\/13357"}],"wp:attachment":[{"href":"https:\/\/fs.kswe.ch\/spo\/wp-json\/wp\/v2\/media?parent=13097"}],"curies":[{"name":"wp","href":"https:\/\/api.w.org\/{rel}","templated":true}]}}