{"id":10342,"date":"2020-02-04T12:56:54","date_gmt":"2020-02-04T11:56:54","guid":{"rendered":"https:\/\/fs.kswe.ch\/spo\/?page_id=10342"},"modified":"2020-02-05T17:30:14","modified_gmt":"2020-02-05T16:30:14","slug":"fiveoclockdance20","status":"publish","type":"page","link":"https:\/\/fs.kswe.ch\/spo\/fiveoclockdance20\/","title":{"rendered":"FiveOClockDance20"},"content":{"rendered":"<div class=\"wpb-content-wrapper\"><p>[vc_row row_type=&#8220;row&#8220; use_row_as_full_screen_section=&#8220;no&#8220; type=&#8220;full_width&#8220; text_align=&#8220;left&#8220; background_animation=&#8220;none&#8220; css_animation=&#8220;&#8220;][vc_column width=&#8220;2\/3&#8243;][vc_column_text]<em><strong>Five o&#8217;Clock Dance 2020<br \/>\n<\/strong><\/em>[\/vc_column_text][\/vc_column][vc_column width=&#8220;1\/3&#8243;][\/vc_column][\/vc_row][vc_row row_type=&#8220;row&#8220; use_row_as_full_screen_section=&#8220;no&#8220; type=&#8220;full_width&#8220; text_align=&#8220;left&#8220; background_animation=&#8220;none&#8220; css_animation=&#8220;&#8220;][vc_column][vc_empty_space][\/vc_column][\/vc_row][vc_row row_type=&#8220;row&#8220; use_row_as_full_screen_section=&#8220;no&#8220; type=&#8220;full_width&#8220; text_align=&#8220;left&#8220; background_animation=&#8220;none&#8220; css_animation=&#8220;&#8220;][vc_column][vc_column_text]<strong>Tanz- und Akrobatik-Shows beeindrucken das zahlreich erschienene Publikum<\/strong><\/p>\n<p><strong>\u00a0<\/strong><\/p>\n<p>Zum Abschluss des Wintersemesters fand am 29. Januar in den Sporthallen der Kantonsschule Wettingen traditionell die Tanz- und Akrobatik-Show \u201eFive o\u2019clock dance\u201c statt. Dieses Jahr wurde der Event erstmals in der neuen Dreifachsporthalle durchgef\u00fchrt. Die verschiedenen Shows stammten einerseits aus dem Grundlagen- und Erg\u00e4nzungsfach Sport, andererseits aus den Freif\u00e4chern Sport.<\/p>\n<p>&nbsp;<\/p>\n<p>Insgesamt haben rund 200 Tanzende und Turnende das zahlreich erschienene Publikum begeistert, beeindruckt und f\u00fcr beste Tanzlaune gesorgt. Beim f\u00fcnften \u201eFive o\u2019clock dance\u201c vom 29. Januar mit dabei waren die Sch\u00fcler*innen des Erg\u00e4nzungsfaches Sport (Mario Jacky), die Freif\u00e4cher Tanzen (Livia Fricker), Aerobic (Sabine Fl\u00fcck), Vertikaltuch und Luftring (Andrea Baumeler) und Salsa (Daria Reimann), der Wahlsport \u201eRock\u2019n Roll\u201c (Barbara Humbel), die Sportabteilungen F1ACD (Nadja Wernli), F3D (Simone Zuberb\u00fchler), G2G (Livia Fricker), G3A (Simone Zuberb\u00fchler), G3FG (Andrea Baumeler), das Jazz-Duo Christelle und Michelle, und die \u201eSchool Dance Award- Gruppe\u201c der KSWE. Das Finale brachte schliesslich alle Mitwirkenden nochmals auf die B\u00fchne.<\/p>\n<p>&nbsp;<\/p>\n<p>Die Fachschaft Sport gratuliert allen T\u00e4nzer*innen Turnerinnen zu ihrem gelungenen Auftritt und dankt den zahlreichen Sch\u00fcler*innen, Lehrpersonen, Angeh\u00f6rigen und weiteren Tanz Interessierten f\u00fcr ihr Erscheinen.<\/p>\n<p>&nbsp;<\/p>\n<p>Text: Andrea Baumeler<\/p>\n<p>Photos: Martin Rizek[\/vc_column_text][\/vc_column][\/vc_row][vc_row row_type=&#8220;row&#8220; use_row_as_full_screen_section=&#8220;no&#8220; type=&#8220;full_width&#8220; text_align=&#8220;left&#8220; background_animation=&#8220;none&#8220; css_animation=&#8220;&#8220;][vc_column][vc_empty_space][\/vc_column][\/vc_row][vc_row row_type=&#8220;row&#8220; use_row_as_full_screen_section=&#8220;no&#8220; type=&#8220;full_width&#8220; text_align=&#8220;left&#8220; background_animation=&#8220;none&#8220; css_animation=&#8220;&#8220;][vc_column width=&#8220;5\/6&#8243;][vc_column_text]<\/p>\n<ul>\n<li style=\"text-align: left\"><a href=\"https:\/\/fs.kswe.ch\/spo\/five_oclock_dance\/\"><span style=\"color: #800000\">zur\u00fcck<\/span><\/a><\/li>\n<\/ul>\n<p>[\/vc_column_text][\/vc_column][vc_column width=&#8220;1\/6&#8243;][\/vc_column][\/vc_row][vc_row row_type=&#8220;row&#8220; use_row_as_full_screen_section=&#8220;no&#8220; type=&#8220;full_width&#8220; text_align=&#8220;left&#8220; background_animation=&#8220;none&#8220; css_animation=&#8220;&#8220;][vc_column][vc_empty_space height=&#8220;12px&#8220;][vc_separator type=&#8220;normal&#8220; border_style=&#8220;&#8220;][vc_empty_space][\/vc_column][\/vc_row][vc_row row_type=&#8220;row&#8220; use_row_as_full_screen_section=&#8220;no&#8220; type=&#8220;full_width&#8220; text_align=&#8220;left&#8220; background_animation=&#8220;none&#8220; css_animation=&#8220;&#8220;][vc_column][vc_column_text]Bildergalerie[\/vc_column_text][\/vc_column][\/vc_row][vc_row row_type=&#8220;row&#8220; use_row_as_full_screen_section=&#8220;no&#8220; type=&#8220;full_width&#8220; text_align=&#8220;left&#8220; background_animation=&#8220;none&#8220; css_animation=&#8220;&#8220;][vc_column][vc_empty_space][\/vc_column][\/vc_row][vc_row row_type=&#8220;row&#8220; use_row_as_full_screen_section=&#8220;no&#8220; type=&#8220;full_width&#8220; text_align=&#8220;left&#8220; background_animation=&#8220;none&#8220; css_animation=&#8220;&#8220;][vc_column][vc_gallery type=&#8220;image_grid&#8220; images=&#8220;10315,10339,10338,10284,10336,10335,10334,10337,10332,10331,10333,10328,10330,10329,10325,10326,10327,10322,10324,10323,10321,10320,10319,10318,10317,10316,10303,10304,10307,10306,10305,10308,10309,10300,10302,10301,10296,10298,10297,10299,10295,10294,10293,10292,10291,10290,10289,10288,10287,10286,10285,10311,10310,10314,10312,10313&#8243; img_size=&#8220;full&#8220; onclick=&#8220;&#8220; column_number=&#8220;0&#8243; grayscale=&#8220;no&#8220; space_between_images=&#8220;no&#8220;][\/vc_column][\/vc_row]<\/p>\n<\/div>","protected":false},"excerpt":{"rendered":"<p>[vc_row row_type=&#8220;row&#8220; use_row_as_full_screen_section=&#8220;no&#8220; type=&#8220;full_width&#8220; text_align=&#8220;left&#8220; background_animation=&#8220;none&#8220; css_animation=&#8220;&#8220;][vc_column width=&#8220;2\/3&#8243;][vc_column_text]Five o&#8217;Clock Dance 2020 [\/vc_column_text][\/vc_column][vc_column width=&#8220;1\/3&#8243;][\/vc_column][\/vc_row][vc_row row_type=&#8220;row&#8220; use_row_as_full_screen_section=&#8220;no&#8220; type=&#8220;full_width&#8220; text_align=&#8220;left&#8220; background_animation=&#8220;none&#8220; css_animation=&#8220;&#8220;][vc_column][vc_empty_space][\/vc_column][\/vc_row][vc_row row_type=&#8220;row&#8220; use_row_as_full_screen_section=&#8220;no&#8220; type=&#8220;full_width&#8220; text_align=&#8220;left&#8220; background_animation=&#8220;none&#8220; css_animation=&#8220;&#8220;][vc_column][vc_column_text]Tanz- und Akrobatik-Shows beeindrucken das zahlreich erschienene Publikum \u00a0 Zum Abschluss des Wintersemesters fand am 29. Januar in den Sporthallen der&#8230;<\/p>\n","protected":false},"author":10,"featured_media":0,"parent":0,"menu_order":0,"comment_status":"closed","ping_status":"closed","template":"","meta":{"footnotes":""},"class_list":["post-10342","page","type-page","status-publish","hentry"],"_links":{"self":[{"href":"https:\/\/fs.kswe.ch\/spo\/wp-json\/wp\/v2\/pages\/10342","targetHints":{"allow":["GET"]}}],"collection":[{"href":"https:\/\/fs.kswe.ch\/spo\/wp-json\/wp\/v2\/pages"}],"about":[{"href":"https:\/\/fs.kswe.ch\/spo\/wp-json\/wp\/v2\/types\/page"}],"author":[{"embeddable":true,"href":"https:\/\/fs.kswe.ch\/spo\/wp-json\/wp\/v2\/users\/10"}],"replies":[{"embeddable":true,"href":"https:\/\/fs.kswe.ch\/spo\/wp-json\/wp\/v2\/comments?post=10342"}],"version-history":[{"count":6,"href":"https:\/\/fs.kswe.ch\/spo\/wp-json\/wp\/v2\/pages\/10342\/revisions"}],"predecessor-version":[{"id":10351,"href":"https:\/\/fs.kswe.ch\/spo\/wp-json\/wp\/v2\/pages\/10342\/revisions\/10351"}],"wp:attachment":[{"href":"https:\/\/fs.kswe.ch\/spo\/wp-json\/wp\/v2\/media?parent=10342"}],"curies":[{"name":"wp","href":"https:\/\/api.w.org\/{rel}","templated":true}]}}