{"id":286,"date":"2024-09-18T00:16:12","date_gmt":"2024-09-17T22:16:12","guid":{"rendered":"http:\/\/mus.fs.kswe.ch\/?page_id=286"},"modified":"2024-09-27T10:22:32","modified_gmt":"2024-09-27T08:22:32","slug":"spitzenfoerderung","status":"publish","type":"page","link":"https:\/\/fs.kswe.ch\/mus\/spitzenfoerderung\/","title":{"rendered":"Spitzenf\u00f6rderung"},"content":{"rendered":"<h1>Spitzenf\u00f6rderung Musik<\/h1>\n<p>Das kantonale Spitzenf\u00f6rderungsprogramm hat zum Ziel, musikalisch begabte Sch\u00fclerinnen und Sch\u00fcler so zu f\u00f6rdern, dass sie die Aufnahmepr\u00fcfung an eine Musikhochschule ohne Absolvierung eines Vorkurses bestehen.<\/p>\n<p>Wenn du auf deinem Instrument oder im Gesang \u00fcberdurchschnittlich begabt bist und auch \u00fcberdurchschnittlich viel \u00fcbst, kannst du dich f\u00fcr die Zulassungspr\u00fcfung zum kantonalen Spitzenf\u00f6rderungsprogramm anmelden, sofern deine Instrumentallehrperson dich hierf\u00fcr empfiehlt. Die Anmeldung erfolgt jeweils im Fr\u00fchjahr bei der Schulleitung. Es stehen rund f\u00fcnfzehn Pl\u00e4tze f\u00fcr das jeweilige Schuljahr zur Verf\u00fcgung. Qualifizierst du dich f\u00fcr das Programm, erh\u00e4ltst du mindestens eine zweite ganze Lektion Instrumentalunterricht auf dem Hauptinstrument beziehungsweise Gesangsunterricht und kannst an verschiedenen Kursen und Workshops teilnehmen.<\/p>\n<p>Der Geh\u00f6rbildungsunterricht des kantonalen Spitzenf\u00f6rderungsprogramms findet im w\u00f6chentlichen Rhythmus an der Kantonsschule Wettingen statt.<\/p>\n<p><img fetchpriority=\"high\" decoding=\"async\" class=\"alignnone wp-image-777\" src=\"http:\/\/fs.kswe.ch\/mus\/wp-content\/uploads\/sites\/18\/2024\/09\/hand-300x218.jpg\" alt=\"\" width=\"270\" height=\"196\" srcset=\"https:\/\/fs.kswe.ch\/mus\/wp-content\/uploads\/sites\/18\/2024\/09\/hand-300x218.jpg 300w, https:\/\/fs.kswe.ch\/mus\/wp-content\/uploads\/sites\/18\/2024\/09\/hand-700x509.jpg 700w, https:\/\/fs.kswe.ch\/mus\/wp-content\/uploads\/sites\/18\/2024\/09\/hand-768x558.jpg 768w, https:\/\/fs.kswe.ch\/mus\/wp-content\/uploads\/sites\/18\/2024\/09\/hand-1536x1116.jpg 1536w, https:\/\/fs.kswe.ch\/mus\/wp-content\/uploads\/sites\/18\/2024\/09\/hand-2048x1488.jpg 2048w, https:\/\/fs.kswe.ch\/mus\/wp-content\/uploads\/sites\/18\/2024\/09\/hand-1100x799.jpg 1100w, https:\/\/fs.kswe.ch\/mus\/wp-content\/uploads\/sites\/18\/2024\/09\/hand-413x300.jpg 413w, https:\/\/fs.kswe.ch\/mus\/wp-content\/uploads\/sites\/18\/2024\/09\/hand-1800x1308.jpg 1800w\" sizes=\"(max-width: 270px) 100vw, 270px\" \/>\u00a0 \u00a0 \u00a0 \u00a0 \u00a0 \u00a0 \u00a0 \u00a0 <img decoding=\"async\" class=\"alignnone wp-image-776\" src=\"http:\/\/fs.kswe.ch\/mus\/wp-content\/uploads\/sites\/18\/2024\/09\/spifoe-300x184.png\" alt=\"\" width=\"318\" height=\"195\" srcset=\"https:\/\/fs.kswe.ch\/mus\/wp-content\/uploads\/sites\/18\/2024\/09\/spifoe-300x184.png 300w, https:\/\/fs.kswe.ch\/mus\/wp-content\/uploads\/sites\/18\/2024\/09\/spifoe-700x428.png 700w, https:\/\/fs.kswe.ch\/mus\/wp-content\/uploads\/sites\/18\/2024\/09\/spifoe-768x470.png 768w, https:\/\/fs.kswe.ch\/mus\/wp-content\/uploads\/sites\/18\/2024\/09\/spifoe-1536x940.png 1536w, https:\/\/fs.kswe.ch\/mus\/wp-content\/uploads\/sites\/18\/2024\/09\/spifoe-1100x673.png 1100w, https:\/\/fs.kswe.ch\/mus\/wp-content\/uploads\/sites\/18\/2024\/09\/spifoe-490x300.png 490w, https:\/\/fs.kswe.ch\/mus\/wp-content\/uploads\/sites\/18\/2024\/09\/spifoe-1800x1101.png 1800w, https:\/\/fs.kswe.ch\/mus\/wp-content\/uploads\/sites\/18\/2024\/09\/spifoe.png 1880w\" sizes=\"(max-width: 318px) 100vw, 318px\" \/>\u00a0 \u00a0 \u00a0 \u00a0 \u00a0 \u00a0 \u00a0 \u00a0 \u00a0 <img decoding=\"async\" class=\"alignnone wp-image-778\" src=\"http:\/\/fs.kswe.ch\/mus\/wp-content\/uploads\/sites\/18\/2024\/09\/Finger-300x159.png\" alt=\"\" width=\"366\" height=\"194\" srcset=\"https:\/\/fs.kswe.ch\/mus\/wp-content\/uploads\/sites\/18\/2024\/09\/Finger-300x159.png 300w, https:\/\/fs.kswe.ch\/mus\/wp-content\/uploads\/sites\/18\/2024\/09\/Finger-700x372.png 700w, https:\/\/fs.kswe.ch\/mus\/wp-content\/uploads\/sites\/18\/2024\/09\/Finger-768x408.png 768w, https:\/\/fs.kswe.ch\/mus\/wp-content\/uploads\/sites\/18\/2024\/09\/Finger-1536x816.png 1536w, https:\/\/fs.kswe.ch\/mus\/wp-content\/uploads\/sites\/18\/2024\/09\/Finger-2048x1088.png 2048w, https:\/\/fs.kswe.ch\/mus\/wp-content\/uploads\/sites\/18\/2024\/09\/Finger-1100x584.png 1100w, https:\/\/fs.kswe.ch\/mus\/wp-content\/uploads\/sites\/18\/2024\/09\/Finger-565x300.png 565w, https:\/\/fs.kswe.ch\/mus\/wp-content\/uploads\/sites\/18\/2024\/09\/Finger-1800x956.png 1800w\" sizes=\"(max-width: 366px) 100vw, 366px\" \/><\/p>\n","protected":false},"excerpt":{"rendered":"<p>Spitzenf\u00f6rderung Musik Das kantonale Spitzenf\u00f6rderungsprogramm hat zum Ziel, musikalisch begabte Sch\u00fclerinnen und Sch\u00fcler so zu f\u00f6rdern, dass sie die Aufnahmepr\u00fcfung an eine Musikhochschule ohne Absolvierung eines Vorkurses bestehen. Wenn du auf deinem Instrument oder im Gesang \u00fcberdurchschnittlich begabt bist und auch \u00fcberdurchschnittlich viel \u00fcbst, kannst&#8230;<\/p>\n","protected":false},"author":2,"featured_media":0,"parent":0,"menu_order":6,"comment_status":"closed","ping_status":"closed","template":"","meta":{"footnotes":""},"class_list":["post-286","page","type-page","status-publish","hentry"],"_links":{"self":[{"href":"https:\/\/fs.kswe.ch\/mus\/wp-json\/wp\/v2\/pages\/286","targetHints":{"allow":["GET"]}}],"collection":[{"href":"https:\/\/fs.kswe.ch\/mus\/wp-json\/wp\/v2\/pages"}],"about":[{"href":"https:\/\/fs.kswe.ch\/mus\/wp-json\/wp\/v2\/types\/page"}],"author":[{"embeddable":true,"href":"https:\/\/fs.kswe.ch\/mus\/wp-json\/wp\/v2\/users\/2"}],"replies":[{"embeddable":true,"href":"https:\/\/fs.kswe.ch\/mus\/wp-json\/wp\/v2\/comments?post=286"}],"version-history":[{"count":15,"href":"https:\/\/fs.kswe.ch\/mus\/wp-json\/wp\/v2\/pages\/286\/revisions"}],"predecessor-version":[{"id":781,"href":"https:\/\/fs.kswe.ch\/mus\/wp-json\/wp\/v2\/pages\/286\/revisions\/781"}],"wp:attachment":[{"href":"https:\/\/fs.kswe.ch\/mus\/wp-json\/wp\/v2\/media?parent=286"}],"curies":[{"name":"wp","href":"https:\/\/api.w.org\/{rel}","templated":true}]}}