{"id":293,"date":"2025-01-26T19:55:47","date_gmt":"2025-01-26T18:55:47","guid":{"rendered":"https:\/\/fs.kswe.ch\/mat\/?page_id=293"},"modified":"2026-04-23T16:27:10","modified_gmt":"2026-04-23T14:27:10","slug":"ueber-uns","status":"publish","type":"page","link":"https:\/\/fs.kswe.ch\/mat\/ueber-uns\/","title":{"rendered":"\u00dcber uns"},"content":{"rendered":"<h2>\u00dcber Uns<\/h2>\n<p>An der Kantonsschule Wettingen unterrichten \u00fcber 10 Lehrpersonen Mathematik. Was uns verbindet ist die Liebe zum Fach und die Freude am Unterrichten. Wer wir sind, erfahren Sie hier.<\/p>\n<p><strong>Daniel Berger<br \/>\n<\/strong><\/p>\n<p>Ich bin im Berner Oberland aufgewachsen und habe nach der Matura das Mathematik-Studium an der ETH in Z\u00fcrich absolviert. Anschliessend habe ich fast 20 Jahre im In- und Ausland in der Finanzindustrie gearbeitet, bevor ich es mich wieder zur\u00fcck zu der Mathematik zog, jetzt als Lehrer an der KSWE.<\/p>\n<p>Meine Freizeit verbringe ich mit meiner Familie, wir spielen gerne Gesellschaftsspiele oder unternehmen Ausfl\u00fcge. Immer mit dabei ist unser Berner Sennenhund, er begleitet mich auch bei meinem Hobby Geocaching.<\/p>\n<p><strong>Max Egli<\/strong><\/p>\n<p><strong>Julia J\u00e4ckel<\/strong><\/p>\n<p><strong>Lukas Kaufmann<\/strong><\/p>\n<p><strong>Markus Kriener<\/strong><\/p>\n<p>Aufgewachsen in Norddeutschland (Detmold), gen S\u00fcden gezogen (erst T\u00fcbingen, dann Z\u00fcrich), lebt nun in Aarau. Mag Mathematik (John N. Conway), Physik (Richard Feynman), Literatur (Thomas Hettche, W.H.Auden, Montaigne), Film (zum Beispiel alles von Phoebe Waller-Bridge) und Musik (nur Sachen bis und mit Mahler) &#8211; nicht immer in dieser Reihenfolge.<\/p>\n<p><strong>Roman Meier<\/strong><\/p>\n<p>Unterrichtet leidenschaftlich gerne Mathematik und arbeitet gerne mit den jungen Menschen an der Kanti Wettingen.<\/p>\n<p>Beruflich viel unterwegs und engagiert, kulturell interessiert, pflegt viele Hobbies und Freundschaften, geniesst das Leben.<\/p>\n<p><strong>Tatjana Miladinovic<\/p>\n<p><\/strong><\/p>\n<p><strong>Jenny Pletscher<\/strong><\/p>\n<p><strong><br \/>\nLuca Raffi<br \/>\n<\/strong>Schon im Jugendalter machte es mir Spass, Wissen weiterzugeben und Aha-Momente zu gestalten. An der Mathematik gefallen mir einerseits sorgf\u00e4ltige Analysen, und andererseits der Gedanke, stets eine L\u00f6sung finden zu wollen. Meine Freizeit widme ich vor allem dem Sport &#8211; insbesondere Beachvolleyball hat es mir angetan. Neue Kulturen, neue L\u00e4nder und neue Weiten zu entdecken weckt meine Neugier, weshalb ich bereits eine l\u00e4ngere S\u00fcdamerikareise durchf\u00fchrte.<strong><br \/>\n<\/strong><\/p>\n<p><strong>Eva Ravnikar<\/strong><span data-ccp-props=\"{&quot;201341983&quot;:0,&quot;335559739&quot;:160,&quot;335559740&quot;:259}\"><strong>\u00a0<\/strong><br \/>\n<\/span><span data-contrast=\"auto\">In Ljubljana, Slowenien geboren, wanderte ich gleich nach meinem <\/span><span data-contrast=\"auto\">ersten\u00a0<\/span><span data-contrast=\"auto\">Studium zur Elektroingenieurin in die Schweiz aus. <\/span><span data-contrast=\"auto\">In der Freizeit <\/span><span data-contrast=\"auto\">geniesse<\/span><span data-contrast=\"auto\"> ich die Sonne, Wasser und vor allem sch\u00f6ne <\/span><span data-contrast=\"auto\">Sonnenunterg<\/span><span data-contrast=\"auto\">\u00e4nge nach einem Tag mit viel Velofahren, Wandern oder Segeln. Wenn zu Hause, h\u00f6re ich gerne B\u00fccher, lerne Sprachen,\u00a0 musiziere und liebe es, Puzzles und R\u00e4tsel jeder Art zu l\u00f6sen.<br \/>\n<\/span><span data-contrast=\"auto\">Als Lehrperson<\/span><span data-contrast=\"auto\">\u00a0<\/span><span data-contrast=\"auto\">sind mir<\/span><span data-contrast=\"auto\">\u00a0die f<\/span><span data-contrast=\"auto\">achliche Kompetenz<\/span><span data-contrast=\"auto\">, eine i<\/span><span data-contrast=\"auto\">ndividuelle Unterst\u00fctzung\u00a0<\/span><span data-contrast=\"auto\">der Sch\u00fclerinnen und Sch\u00fcler<\/span><span data-contrast=\"auto\">\u00a0und<\/span><span data-contrast=\"auto\"> regelm\u00e4ssiges Feedback wichtig<\/span><span data-contrast=\"auto\">, da mich<\/span><span data-contrast=\"auto\">\u00a0<\/span><span data-contrast=\"auto\">die<\/span><span data-contrast=\"auto\">\u00a0<\/span><span data-contrast=\"auto\">Lernprozesse und deren Steuerung<\/span><span data-contrast=\"auto\"> sehr interessieren.<\/span><\/p>\n<p><strong>Mathilde R\u00fcfenacht<\/strong><\/p>\n<p><strong><br \/>\nRaphael Schumacher<\/p>\n<p><\/strong><\/p>\n<p><strong>Peter Skrotzky<\/p>\n<p><\/strong><\/p>\n<p><strong>Diana Teider<br \/>\n<\/strong>Ich bin in der Region Baden aufgewachsen und habe Mathematik an der Universit\u00e4t Z\u00fcrich studiert. Mathematik fasziniert mich, weil sie uns erm\u00f6glicht, die Welt auf eine klare und strukturierte Weise zu verstehen \u2013 eine Begeisterung, die ich gerne an meine Sch\u00fclerinnen und Sch\u00fcler weitergebe. Neben meiner T\u00e4tigkeit als Mathematiklehrperson unterrichte ich leidenschaftlich gerne Tanz und tanze auch selbst regelm\u00e4ssig. Bewegung und Rhythmus geben mir den perfekten Ausgleich zur analytischen Denkweise der Mathematik. Mein Ziel ist es, die Sch\u00fclerinnen und Sch\u00fcler sowohl fachlich als auch menschlich zu inspirieren.<strong><br \/>\n<\/strong><\/p>\n<p><span class=\"TextRun BCX9 SCXW190113900\" lang=\"DE-CH\" xml:lang=\"DE-CH\" data-contrast=\"auto\"><span class=\"NormalTextRun BCX9 SCXW190113900\"><strong>Andreia Venzin<br \/>\n<\/strong><span class=\"ui-provider a b c d e f g h i j k l m n o p q r s t u v w x y z ab ac ae af ag ah ai aj ak\" dir=\"ltr\">Aufgewachsen im Fricktal, besuchte ich die Alte Kantonsschule in Aarau, wo ich bereits den Schwerpunkt auf die F\u00e4cher Mathematik und Geographie legte. Sp\u00e4ter zog es mich an die Universit\u00e4t Z\u00fcrich, um diese beiden F\u00e4cher in einem Studium zu vertiefen. Heute lebe ich weiterhin auf dem Land, wo ich die Ruhe und die N\u00e4he zur Natur besonders sch\u00e4tze. In meiner Freizeit spiele ich Klavier, lese gerne und halte mich mit sportlichen Aktivit\u00e4ten fit.\u00a0<\/span><strong><br \/>\n<\/strong><\/span><\/span><\/p>\n<p><span class=\"TextRun BCX9 SCXW190113900\" lang=\"DE-CH\" xml:lang=\"DE-CH\" data-contrast=\"auto\"><span class=\"NormalTextRun BCX9 SCXW190113900\"><strong>Gian Luca Venzin<\/strong><br \/>\n<\/span><\/span><span class=\"EOP BCX9 SCXW190113900\" data-ccp-props=\"{}\"><span data-teams=\"true\"><span class=\"ui-provider a b c d e f g h i j k l m n o p q r s t u v w x y z ab ac ae af ag ah ai aj ak\" dir=\"ltr\">Ich komme aus Gipf-Oberfrick im Fricktal. Meine\u00a0Kanti-Zeit absolvierte ich an der Alten Kantonsschule in Aarau und habe anschliessend an der Universit\u00e4t Basel die F\u00e4cher Mathematik und Sport studiert.\u00a0Seit Sommer 2020 unterrichte ich in Wettingen das Fach Mathematik.\u00a0In meiner Freizeit\u00a0besch\u00e4ftigt mich vor allem mein zweites Fach; Ich treibe f\u00fcr mein Leben gerne Sport, am allerliebsten spiele ich Fussball.<\/span><\/span> <\/span><\/p>\n","protected":false},"excerpt":{"rendered":"<p>\u00dcber Uns An der Kantonsschule Wettingen unterrichten \u00fcber 10 Lehrpersonen Mathematik. Was uns verbindet ist die Liebe zum Fach und die Freude am Unterrichten. Wer wir sind, erfahren Sie hier. Daniel Berger Ich bin im Berner Oberland aufgewachsen und habe nach der Matura das Mathematik-Studium&#8230;<\/p>\n","protected":false},"author":2,"featured_media":0,"parent":0,"menu_order":0,"comment_status":"closed","ping_status":"closed","template":"","meta":{"footnotes":""},"class_list":["post-293","page","type-page","status-publish","hentry"],"_links":{"self":[{"href":"https:\/\/fs.kswe.ch\/mat\/wp-json\/wp\/v2\/pages\/293","targetHints":{"allow":["GET"]}}],"collection":[{"href":"https:\/\/fs.kswe.ch\/mat\/wp-json\/wp\/v2\/pages"}],"about":[{"href":"https:\/\/fs.kswe.ch\/mat\/wp-json\/wp\/v2\/types\/page"}],"author":[{"embeddable":true,"href":"https:\/\/fs.kswe.ch\/mat\/wp-json\/wp\/v2\/users\/2"}],"replies":[{"embeddable":true,"href":"https:\/\/fs.kswe.ch\/mat\/wp-json\/wp\/v2\/comments?post=293"}],"version-history":[{"count":57,"href":"https:\/\/fs.kswe.ch\/mat\/wp-json\/wp\/v2\/pages\/293\/revisions"}],"predecessor-version":[{"id":802,"href":"https:\/\/fs.kswe.ch\/mat\/wp-json\/wp\/v2\/pages\/293\/revisions\/802"}],"wp:attachment":[{"href":"https:\/\/fs.kswe.ch\/mat\/wp-json\/wp\/v2\/media?parent=293"}],"curies":[{"name":"wp","href":"https:\/\/api.w.org\/{rel}","templated":true}]}}