{"id":30,"date":"2016-03-01T11:19:48","date_gmt":"2016-03-01T11:19:48","guid":{"rendered":"http:\/\/stockholm2.select-themes.com\/?page_id=30"},"modified":"2019-08-28T11:09:56","modified_gmt":"2019-08-28T09:09:56","slug":"home","status":"publish","type":"page","link":"https:\/\/fs.kswe.ch\/fra\/","title":{"rendered":"Fachschaft Franz\u00f6sisch"},"content":{"rendered":"<div class=\"wpb-content-wrapper\"><p>[vc_row row_type=&#8220;row&#8220; use_row_as_full_screen_section=&#8220;no&#8220; type=&#8220;grid&#8220; text_align=&#8220;left&#8220; background_animation=&#8220;none&#8220; css_animation=&#8220;&#8220; css=&#8220;.vc_custom_1499456944853{padding-right: 30px !important;padding-bottom: 30px !important;padding-left: 30px !important;}&#8220;][vc_column][vc_column_text]<\/p>\n<h1>Bienvenue!<\/h1>\n<p>Willkommen auf der Seite der Fachschaft Franz\u00f6sisch der Kantonsschule Wettingen.<br \/>\nHier finden Sie die wichtigsten Informationen rund um den Franz\u00f6sischunterricht an der KSWE.[\/vc_column_text][\/vc_column][\/vc_row][vc_row row_type=&#8220;row&#8220; use_row_as_full_screen_section=&#8220;no&#8220; type=&#8220;full_width&#8220; text_align=&#8220;left&#8220; background_animation=&#8220;none&#8220; css_animation=&#8220;&#8220;][vc_column]<div class=\"lvca-portfolio-wrap lvca-gapless-grid\"><div id=\"lvca-portfolio-69eb52ef43cef\" \n                    class=\"lvca-portfolio js-isotope lvca-fitRows lvca-grid-container  lvca-grid-desktop-2 lvca-grid-tablet-2 lvca-grid-mobile-1\"\n                    data-gutter=\"20\"\n                    data-tablet_gutter=\"10\"\n                    data-tablet_width=\"800\"\n                    data-mobile_gutter=\"10\"\n                    data-mobile_width=\"480\"\n                    data-isotope-options='{ \"itemSelector\": \".lvca-portfolio-item\", \"layoutMode\": \"fitRows\" }'><div data-id=\"id-791\" class=\"lvca-grid-item lvca-portfolio-item  term-1\"><article id=\"post-791\" class=\"post-791 post type-post status-publish format-standard has-post-thumbnail hentry category-allgemein\"><div class=\"lvca-project-image\"><img fetchpriority=\"high\" decoding=\"async\" width=\"700\" height=\"394\" src=\"https:\/\/fs.kswe.ch\/fra\/wp-content\/uploads\/sites\/7\/2023\/06\/KARAOKE-2023-700x394.jpeg\" class=\"attachment-large size-large wp-post-image\" alt=\"\" srcset=\"https:\/\/fs.kswe.ch\/fra\/wp-content\/uploads\/sites\/7\/2023\/06\/KARAOKE-2023-700x394.jpeg 700w, https:\/\/fs.kswe.ch\/fra\/wp-content\/uploads\/sites\/7\/2023\/06\/KARAOKE-2023-300x169.jpeg 300w, https:\/\/fs.kswe.ch\/fra\/wp-content\/uploads\/sites\/7\/2023\/06\/KARAOKE-2023-768x432.jpeg 768w, https:\/\/fs.kswe.ch\/fra\/wp-content\/uploads\/sites\/7\/2023\/06\/KARAOKE-2023-1100x619.jpeg 1100w, https:\/\/fs.kswe.ch\/fra\/wp-content\/uploads\/sites\/7\/2023\/06\/KARAOKE-2023-732x412.jpeg 732w, https:\/\/fs.kswe.ch\/fra\/wp-content\/uploads\/sites\/7\/2023\/06\/KARAOKE-2023.jpeg 1280w\" sizes=\"(max-width: 700px) 100vw, 700px\" \/><\/div><div class=\"lvca-entry-text-wrap \"><h3 class=\"entry-title\"><a href=\"https:\/\/fs.kswe.ch\/fra\/blog\/2023\/06\/16\/karaoke-2023\/\" title=\"KARAOKE 2023\"  rel=\"bookmark\">KARAOKE 2023<\/a><\/h3><div class=\"entry-summary\">Bereits zum 6. Mal fand am 7. Juni das traditionelle Concours de karaok\u00e9 statt. Organisiert von der Fachschaft Franz\u00f6sisch und dieses Jahr \u2013 wie urspr\u00fcnglich angedacht \u2013 wieder nur f\u00fcr 1. und 2. Klassen offen, soll dieser Anlass in der (meist) sonnenlichtdurchfluteten Cafeteria den Sch\u00fclerInnen...<\/div><\/div><\/article><!-- .hentry --><\/div><div data-id=\"id-793\" class=\"lvca-grid-item lvca-portfolio-item  term-1\"><article id=\"post-793\" class=\"post-793 post type-post status-publish format-standard has-post-thumbnail hentry category-allgemein\"><div class=\"lvca-project-image\"><img decoding=\"async\" width=\"700\" height=\"393\" src=\"https:\/\/fs.kswe.ch\/fra\/wp-content\/uploads\/sites\/7\/2023\/06\/dusapin-700x393.jpg\" class=\"attachment-large size-large wp-post-image\" alt=\"\" srcset=\"https:\/\/fs.kswe.ch\/fra\/wp-content\/uploads\/sites\/7\/2023\/06\/dusapin-700x393.jpg 700w, https:\/\/fs.kswe.ch\/fra\/wp-content\/uploads\/sites\/7\/2023\/06\/dusapin-300x169.jpg 300w, https:\/\/fs.kswe.ch\/fra\/wp-content\/uploads\/sites\/7\/2023\/06\/dusapin-768x432.jpg 768w, https:\/\/fs.kswe.ch\/fra\/wp-content\/uploads\/sites\/7\/2023\/06\/dusapin-732x411.jpg 732w, https:\/\/fs.kswe.ch\/fra\/wp-content\/uploads\/sites\/7\/2023\/06\/dusapin.jpg 936w\" sizes=\"(max-width: 700px) 100vw, 700px\" \/><\/div><div class=\"lvca-entry-text-wrap \"><h3 class=\"entry-title\"><a href=\"https:\/\/fs.kswe.ch\/fra\/blog\/2023\/06\/16\/rencontre-avec-elisa-shua-dusapin\/\" title=\"RENCONTRE AVEC ELISA SHUA DUSAPIN\"  rel=\"bookmark\">RENCONTRE AVEC ELISA SHUA DUSAPIN<\/a><\/h3><div class=\"entry-summary\">Le 24 avril 2023, les \u00e9l\u00e8ves de la KSWE ont eu le plaisir de rencontrer \u00c9lisa Shua Dusapin, une jeune \u00e9crivaine franco-cor\u00e9enne qui habite en Suisse romande. Elle a commenc\u00e9 \u00e0 \u00e9crire son premier roman quand elle \u00e9tait tr\u00e8s jeune. Aujourd\u2019hui, elle a trente ans...<\/div><\/div><\/article><!-- .hentry --><\/div><div data-id=\"id-711\" class=\"lvca-grid-item lvca-portfolio-item  term-1\"><article id=\"post-711\" class=\"post-711 post type-post status-publish format-standard has-post-thumbnail hentry category-allgemein\"><div class=\"lvca-project-image\"><img decoding=\"async\" width=\"700\" height=\"393\" src=\"https:\/\/fs.kswe.ch\/fra\/wp-content\/uploads\/sites\/7\/2022\/06\/DSC4904-700x393.jpg\" class=\"attachment-large size-large wp-post-image\" alt=\"\" srcset=\"https:\/\/fs.kswe.ch\/fra\/wp-content\/uploads\/sites\/7\/2022\/06\/DSC4904-700x393.jpg 700w, https:\/\/fs.kswe.ch\/fra\/wp-content\/uploads\/sites\/7\/2022\/06\/DSC4904-300x169.jpg 300w, https:\/\/fs.kswe.ch\/fra\/wp-content\/uploads\/sites\/7\/2022\/06\/DSC4904-768x431.jpg 768w, https:\/\/fs.kswe.ch\/fra\/wp-content\/uploads\/sites\/7\/2022\/06\/DSC4904-1100x618.jpg 1100w, https:\/\/fs.kswe.ch\/fra\/wp-content\/uploads\/sites\/7\/2022\/06\/DSC4904-732x411.jpg 732w, https:\/\/fs.kswe.ch\/fra\/wp-content\/uploads\/sites\/7\/2022\/06\/DSC4904.jpg 1280w\" sizes=\"(max-width: 700px) 100vw, 700px\" \/><\/div><div class=\"lvca-entry-text-wrap \"><h3 class=\"entry-title\"><a href=\"https:\/\/fs.kswe.ch\/fra\/blog\/2022\/06\/15\/kara-ok-2022\/\" title=\"KARA-OK! 2022\"  rel=\"bookmark\">KARA-OK! 2022<\/a><\/h3><div class=\"entry-summary\"><\/div><\/div><\/article><!-- .hentry --><\/div><div data-id=\"id-631\" class=\"lvca-grid-item lvca-portfolio-item  term-1\"><article id=\"post-631\" class=\"post-631 post type-post status-publish format-standard has-post-thumbnail hentry category-allgemein\"><div class=\"lvca-project-image\"><img loading=\"lazy\" decoding=\"async\" width=\"615\" height=\"410\" src=\"https:\/\/fs.kswe.ch\/fra\/wp-content\/uploads\/sites\/7\/2020\/05\/0_Asterix-comic-from-2017-Roman-character-name-coronavirus-wearing-a-face-mask1.jpg\" class=\"attachment-large size-large wp-post-image\" alt=\"\" srcset=\"https:\/\/fs.kswe.ch\/fra\/wp-content\/uploads\/sites\/7\/2020\/05\/0_Asterix-comic-from-2017-Roman-character-name-coronavirus-wearing-a-face-mask1.jpg 615w, https:\/\/fs.kswe.ch\/fra\/wp-content\/uploads\/sites\/7\/2020\/05\/0_Asterix-comic-from-2017-Roman-character-name-coronavirus-wearing-a-face-mask1-300x200.jpg 300w\" sizes=\"(max-width: 615px) 100vw, 615px\" \/><\/div><div class=\"lvca-entry-text-wrap \"><h3 class=\"entry-title\"><a href=\"https:\/\/fs.kswe.ch\/fra\/blog\/2020\/05\/10\/corona\/\" title=\"Corona\"  rel=\"bookmark\">Corona<\/a><\/h3><div class=\"entry-summary\">Vous trouverez ici toutes les informations sur le corona virus, en Suisse, en France, et dans toute la francophonie: des caricatures, des chansons, des vid\u00e9os de youtubeurs, des articles de presse, des exercices en ligne&#8230; Petit floril\u00e8ge de l&#8217;acualit\u00e9 francophone, dat\u00e9 du 17.05.2020 &nbsp; Plan...<\/div><\/div><\/article><!-- .hentry --><\/div><div data-id=\"id-621\" class=\"lvca-grid-item lvca-portfolio-item  term-1\"><article id=\"post-621\" class=\"post-621 post type-post status-publish format-standard has-post-thumbnail hentry category-allgemein\"><div class=\"lvca-project-image\"><img loading=\"lazy\" decoding=\"async\" width=\"636\" height=\"477\" src=\"https:\/\/fs.kswe.ch\/fra\/wp-content\/uploads\/sites\/7\/2019\/12\/77227871.jpg\" class=\"attachment-large size-large wp-post-image\" alt=\"\" srcset=\"https:\/\/fs.kswe.ch\/fra\/wp-content\/uploads\/sites\/7\/2019\/12\/77227871.jpg 636w, https:\/\/fs.kswe.ch\/fra\/wp-content\/uploads\/sites\/7\/2019\/12\/77227871-300x225.jpg 300w\" sizes=\"(max-width: 636px) 100vw, 636px\" \/><\/div><div class=\"lvca-entry-text-wrap \"><h3 class=\"entry-title\"><a href=\"https:\/\/fs.kswe.ch\/fra\/blog\/2019\/12\/04\/une-semaine-a-biel-bienne-bilingualismus-in-der-praxis\/\" title=\"Une semaine \u00e0 Biel\/Bienne: Bilingualismus in der Praxis\"  rel=\"bookmark\">Une semaine \u00e0 Biel\/Bienne: Bilingualismus in der Praxis<\/a><\/h3><div class=\"entry-summary\">M\u00f6chten Sie Biel\/Bienne kennenlernen, eine der wenigen zweisprachigen St\u00e4dte der Schweiz? Sind Sie daran interessiert, sich dem speziellen Flair einer Stadt auszusetzen, in der die Mentalit\u00e4t der Romandie auf jene der Deutschschweiz trifft? Hier unser Bericht zur Variowoche in Biel. &nbsp; Die den Sch\u00fclerinnen und...<\/div><\/div><\/article><!-- .hentry --><\/div><div data-id=\"id-595\" class=\"lvca-grid-item lvca-portfolio-item  term-1\"><article id=\"post-595\" class=\"post-595 post type-post status-publish format-standard has-post-thumbnail hentry category-allgemein\"><div class=\"lvca-project-image\"><img loading=\"lazy\" decoding=\"async\" width=\"700\" height=\"933\" src=\"https:\/\/fs.kswe.ch\/fra\/wp-content\/uploads\/sites\/7\/2019\/12\/Photo1-700x933.jpg\" class=\"attachment-large size-large wp-post-image\" alt=\"\" srcset=\"https:\/\/fs.kswe.ch\/fra\/wp-content\/uploads\/sites\/7\/2019\/12\/Photo1-700x933.jpg 700w, https:\/\/fs.kswe.ch\/fra\/wp-content\/uploads\/sites\/7\/2019\/12\/Photo1-225x300.jpg 225w, https:\/\/fs.kswe.ch\/fra\/wp-content\/uploads\/sites\/7\/2019\/12\/Photo1-768x1024.jpg 768w, https:\/\/fs.kswe.ch\/fra\/wp-content\/uploads\/sites\/7\/2019\/12\/Photo1-549x732.jpg 549w, https:\/\/fs.kswe.ch\/fra\/wp-content\/uploads\/sites\/7\/2019\/12\/Photo1-600x800.jpg 600w, https:\/\/fs.kswe.ch\/fra\/wp-content\/uploads\/sites\/7\/2019\/12\/Photo1-1100x1467.jpg 1100w, https:\/\/fs.kswe.ch\/fra\/wp-content\/uploads\/sites\/7\/2019\/12\/Photo1.jpg 1488w\" sizes=\"(max-width: 700px) 100vw, 700px\" \/><\/div><div class=\"lvca-entry-text-wrap \"><h3 class=\"entry-title\"><a href=\"https:\/\/fs.kswe.ch\/fra\/blog\/2019\/12\/04\/le-voyage-a-neuchatel-de-loption-specifique-francais-spf-fra-2019\/\" title=\"Le voyage \u00e0 Neuch\u00e2tel de l\u2019option sp\u00e9cifique Fran\u00e7ais (SPF FRA 2019).\"  rel=\"bookmark\">Le voyage \u00e0 Neuch\u00e2tel de l\u2019option sp\u00e9cifique Fran\u00e7ais (SPF FRA 2019).<\/a><\/h3><div class=\"entry-summary\">Le 24 octobre 2019, la classe du cours \u00ab Option sp\u00e9cifique Fran\u00e7ais \u00bb a pu d\u00e9couvrir la r\u00e9gion jurassienne en visitant Neuch\u00e2tel et Bienne. D\u00e9couvrez leur compte rendu de cette excursion en photos.<\/div><\/div><\/article><!-- .hentry --><\/div><div data-id=\"id-537\" class=\"lvca-grid-item lvca-portfolio-item  term-1\"><article id=\"post-537\" class=\"post-537 post type-post status-publish format-standard has-post-thumbnail hentry category-allgemein\"><div class=\"lvca-project-image\"><img loading=\"lazy\" decoding=\"async\" width=\"700\" height=\"391\" src=\"https:\/\/fs.kswe.ch\/fra\/wp-content\/uploads\/sites\/7\/2019\/07\/Screenshot_2019-07-19-Kantonsschule-Wettingen-karaoke-2019-2-1-700x391.jpg\" class=\"attachment-large size-large wp-post-image\" alt=\"Karaoke19\" srcset=\"https:\/\/fs.kswe.ch\/fra\/wp-content\/uploads\/sites\/7\/2019\/07\/Screenshot_2019-07-19-Kantonsschule-Wettingen-karaoke-2019-2-1-700x391.jpg 700w, https:\/\/fs.kswe.ch\/fra\/wp-content\/uploads\/sites\/7\/2019\/07\/Screenshot_2019-07-19-Kantonsschule-Wettingen-karaoke-2019-2-1-300x168.jpg 300w, https:\/\/fs.kswe.ch\/fra\/wp-content\/uploads\/sites\/7\/2019\/07\/Screenshot_2019-07-19-Kantonsschule-Wettingen-karaoke-2019-2-1-768x429.jpg 768w, https:\/\/fs.kswe.ch\/fra\/wp-content\/uploads\/sites\/7\/2019\/07\/Screenshot_2019-07-19-Kantonsschule-Wettingen-karaoke-2019-2-1-732x409.jpg 732w, https:\/\/fs.kswe.ch\/fra\/wp-content\/uploads\/sites\/7\/2019\/07\/Screenshot_2019-07-19-Kantonsschule-Wettingen-karaoke-2019-2-1-1100x614.jpg 1100w, https:\/\/fs.kswe.ch\/fra\/wp-content\/uploads\/sites\/7\/2019\/07\/Screenshot_2019-07-19-Kantonsschule-Wettingen-karaoke-2019-2-1.jpg 1352w\" sizes=\"(max-width: 700px) 100vw, 700px\" \/><\/div><div class=\"lvca-entry-text-wrap \"><h3 class=\"entry-title\"><a href=\"https:\/\/fs.kswe.ch\/fra\/blog\/2019\/07\/19\/537\/\" title=\"Le fran\u00e7ais en chantant\"  rel=\"bookmark\">Le fran\u00e7ais en chantant<\/a><\/h3><div class=\"entry-summary\">Pour la quatri\u00e8me fois d\u00e9j\u00e0, plusieurs classes ont termin\u00e9 l\u2019ann\u00e9e scolaire en chantant en fran\u00e7ais. Comme d\u2019habitude ce sont leurs professeurs de fran\u00e7ais qui sont d\u2019abord mont\u00e9s sur sc\u00e8ne (avec une ancienne \u00e9l\u00e8ve et fille de prof en guest-star), histoire de chauffer le public et...<\/div><\/div><\/article><!-- .hentry --><\/div><div data-id=\"id-480\" class=\"lvca-grid-item lvca-portfolio-item  term-1\"><article id=\"post-480\" class=\"post-480 post type-post status-publish format-standard has-post-thumbnail hentry category-allgemein\"><div class=\"lvca-project-image\"><img loading=\"lazy\" decoding=\"async\" width=\"700\" height=\"465\" src=\"https:\/\/fs.kswe.ch\/fra\/wp-content\/uploads\/sites\/7\/2019\/06\/SLAM1-700x465.png\" class=\"attachment-large size-large wp-post-image\" alt=\"SLAM1\" srcset=\"https:\/\/fs.kswe.ch\/fra\/wp-content\/uploads\/sites\/7\/2019\/06\/SLAM1-700x465.png 700w, https:\/\/fs.kswe.ch\/fra\/wp-content\/uploads\/sites\/7\/2019\/06\/SLAM1-300x199.png 300w, https:\/\/fs.kswe.ch\/fra\/wp-content\/uploads\/sites\/7\/2019\/06\/SLAM1-768x510.png 768w, https:\/\/fs.kswe.ch\/fra\/wp-content\/uploads\/sites\/7\/2019\/06\/SLAM1-732x486.png 732w, https:\/\/fs.kswe.ch\/fra\/wp-content\/uploads\/sites\/7\/2019\/06\/SLAM1.png 797w\" sizes=\"(max-width: 700px) 100vw, 700px\" \/><\/div><div class=\"lvca-entry-text-wrap \"><h3 class=\"entry-title\"><a href=\"https:\/\/fs.kswe.ch\/fra\/blog\/2019\/06\/24\/je-reve\/\" title=\"Je r\u00eave&#8230;\"  rel=\"bookmark\">Je r\u00eave&#8230;<\/a><\/h3><div class=\"entry-summary\">Soir\u00e9e d\u2019inauguration de la Semaine de la Langue Fran\u00e7aise et de la Francophonie, Berne, jeudi 14 mars 2019 \u2013 F2C et G1H. Faire r\u00e9sonner la langue fran\u00e7aise \u00e0 travers une cr\u00e9ation personnelle c\u00e9l\u00e9br\u00e9e collectivement le temps d\u2019une soir\u00e9e haute en couleurs\u2026 Le 14 mars dernier...<\/div><\/div><\/article><!-- .hentry --><\/div><div data-id=\"id-483\" class=\"lvca-grid-item lvca-portfolio-item  term-1\"><article id=\"post-483\" class=\"post-483 post type-post status-publish format-standard has-post-thumbnail hentry category-allgemein\"><div class=\"lvca-project-image\"><img loading=\"lazy\" decoding=\"async\" width=\"700\" height=\"393\" src=\"https:\/\/fs.kswe.ch\/fra\/wp-content\/uploads\/sites\/7\/2019\/06\/KARAOKE2019-700x393.jpg\" class=\"attachment-large size-large wp-post-image\" alt=\"Karaok 2019\" srcset=\"https:\/\/fs.kswe.ch\/fra\/wp-content\/uploads\/sites\/7\/2019\/06\/KARAOKE2019-700x393.jpg 700w, https:\/\/fs.kswe.ch\/fra\/wp-content\/uploads\/sites\/7\/2019\/06\/KARAOKE2019-300x169.jpg 300w, https:\/\/fs.kswe.ch\/fra\/wp-content\/uploads\/sites\/7\/2019\/06\/KARAOKE2019-768x432.jpg 768w, https:\/\/fs.kswe.ch\/fra\/wp-content\/uploads\/sites\/7\/2019\/06\/KARAOKE2019-732x411.jpg 732w, https:\/\/fs.kswe.ch\/fra\/wp-content\/uploads\/sites\/7\/2019\/06\/KARAOKE2019.jpg 936w\" sizes=\"(max-width: 700px) 100vw, 700px\" \/><\/div><div class=\"lvca-entry-text-wrap \"><h3 class=\"entry-title\"><a href=\"https:\/\/fs.kswe.ch\/fra\/blog\/2019\/06\/24\/karaoke-2019\/\" title=\"Karaok\u00e9 2019\"  rel=\"bookmark\">Karaok\u00e9 2019<\/a><\/h3><div class=\"entry-summary\">Vive la chanson fran\u00e7aise! Cette ann\u00e9e encore, et ce pour la quatri\u00e8me \u00e9dition, a lieu notre tradtionnel karaok\u00e9. Rendez-vous dans la Caf\u00e9t\u00e9ria ce mercredi 26 juin \u00e0 17h30!<\/div><\/div><\/article><!-- .hentry --><\/div><div data-id=\"id-487\" class=\"lvca-grid-item lvca-portfolio-item  term-1\"><article id=\"post-487\" class=\"post-487 post type-post status-publish format-standard has-post-thumbnail hentry category-allgemein\"><div class=\"lvca-project-image\"><img loading=\"lazy\" decoding=\"async\" width=\"222\" height=\"125\" src=\"https:\/\/fs.kswe.ch\/fra\/wp-content\/uploads\/sites\/7\/2019\/06\/AMOS-GODOT-1.jpg\" class=\"attachment-large size-large wp-post-image\" alt=\"Amos Godot\" \/><\/div><div class=\"lvca-entry-text-wrap \"><h3 class=\"entry-title\"><a href=\"https:\/\/fs.kswe.ch\/fra\/blog\/2019\/06\/24\/en-attendant-godot\/\" title=\"En attendant Godot\"  rel=\"bookmark\">En attendant Godot<\/a><\/h3><div class=\"entry-summary\">Das Akzentfach AMOS (Moderne Sprachen)\u00a0 inszenierte am 06.06.2019 ein St\u00fcck von Beckett in drei Sprachen. Dans sa pi\u00e8ce En attendant Godot, \u00e9crite au lendemain de la Seconde Guerre mondiale, l\u2019\u00e9crivain irlandais Samuel Beckett (1906-1989) a mis en sc\u00e8ne l\u2019existence humaine dans ce qu\u2019elle a de...<\/div><\/div><\/article><!-- .hentry --><\/div><\/div><!-- .lvca-portfolio --><\/div><!-- .lvca-portfolio-wrap -->[\/vc_column][\/vc_row]<\/p>\n<\/div>","protected":false},"excerpt":{"rendered":"<p>[vc_row row_type=&#8220;row&#8220; use_row_as_full_screen_section=&#8220;no&#8220; type=&#8220;grid&#8220; text_align=&#8220;left&#8220; background_animation=&#8220;none&#8220; css_animation=&#8220;&#8220; css=&#8220;.vc_custom_1499456944853{padding-right: 30px !important;padding-bottom: 30px !important;padding-left: 30px !important;}&#8220;][vc_column][vc_column_text] Bienvenue! Willkommen auf der Seite der Fachschaft Franz\u00f6sisch der Kantonsschule Wettingen. Hier finden Sie die wichtigsten Informationen rund um den Franz\u00f6sischunterricht an der KSWE.[\/vc_column_text][\/vc_column][\/vc_row][vc_row row_type=&#8220;row&#8220; use_row_as_full_screen_section=&#8220;no&#8220; type=&#8220;full_width&#8220; text_align=&#8220;left&#8220; background_animation=&#8220;none&#8220; css_animation=&#8220;&#8220;][vc_column][\/vc_column][\/vc_row]<\/p>\n","protected":false},"author":1,"featured_media":0,"parent":0,"menu_order":0,"comment_status":"closed","ping_status":"closed","template":"","meta":{"footnotes":""},"class_list":["post-30","page","type-page","status-publish","hentry"],"_links":{"self":[{"href":"https:\/\/fs.kswe.ch\/fra\/wp-json\/wp\/v2\/pages\/30","targetHints":{"allow":["GET"]}}],"collection":[{"href":"https:\/\/fs.kswe.ch\/fra\/wp-json\/wp\/v2\/pages"}],"about":[{"href":"https:\/\/fs.kswe.ch\/fra\/wp-json\/wp\/v2\/types\/page"}],"author":[{"embeddable":true,"href":"https:\/\/fs.kswe.ch\/fra\/wp-json\/wp\/v2\/users\/1"}],"replies":[{"embeddable":true,"href":"https:\/\/fs.kswe.ch\/fra\/wp-json\/wp\/v2\/comments?post=30"}],"version-history":[{"count":11,"href":"https:\/\/fs.kswe.ch\/fra\/wp-json\/wp\/v2\/pages\/30\/revisions"}],"predecessor-version":[{"id":569,"href":"https:\/\/fs.kswe.ch\/fra\/wp-json\/wp\/v2\/pages\/30\/revisions\/569"}],"wp:attachment":[{"href":"https:\/\/fs.kswe.ch\/fra\/wp-json\/wp\/v2\/media?parent=30"}],"curies":[{"name":"wp","href":"https:\/\/api.w.org\/{rel}","templated":true}]}}