{"id":437,"date":"2019-03-25T18:09:46","date_gmt":"2019-03-25T17:09:46","guid":{"rendered":"https:\/\/fs.kswe.ch\/chem\/?page_id=437"},"modified":"2025-08-11T16:36:28","modified_gmt":"2025-08-11T14:36:28","slug":"unser-team","status":"publish","type":"page","link":"https:\/\/fs.kswe.ch\/chem\/","title":{"rendered":"Willkommen"},"content":{"rendered":"<h1 style=\"text-align: center\"><strong>Herzlich Willkommen auf der Website der Fachschaft Chemie<\/strong><\/h1>\n<h4 style=\"text-align: center\"><img fetchpriority=\"high\" decoding=\"async\" class=\"aligncenter size-full wp-image-587\" src=\"https:\/\/fs.kswe.ch\/chem\/wp-content\/uploads\/sites\/11\/2025\/08\/FS-Bild-2025.jpg\" alt=\"\" width=\"700\" height=\"583\" srcset=\"https:\/\/fs.kswe.ch\/chem\/wp-content\/uploads\/sites\/11\/2025\/08\/FS-Bild-2025.jpg 700w, https:\/\/fs.kswe.ch\/chem\/wp-content\/uploads\/sites\/11\/2025\/08\/FS-Bild-2025-300x250.jpg 300w, https:\/\/fs.kswe.ch\/chem\/wp-content\/uploads\/sites\/11\/2025\/08\/FS-Bild-2025-360x300.jpg 360w\" sizes=\"(max-width: 700px) 100vw, 700px\" \/><\/h4>\n<h4 style=\"text-align: center\">Dr. Alexander Luginb\u00fchl, Stefan Ibold, Dr. Karolin Kr\u00fcger, Claudia Ginsburg, Ramon M\u00e4gert<\/h4>\n<h4 style=\"text-align: center\">Dr. Manon Haag, Evelyne Kunz, Isabella Paganini, Caroline Forrer-Michel<\/h4>\n<p>&nbsp;<\/p>\n<p style=\"text-align: center\">\n","protected":false},"excerpt":{"rendered":"<p>Herzlich Willkommen auf der Website der Fachschaft Chemie Dr. Alexander Luginb\u00fchl, Stefan Ibold, Dr. Karolin Kr\u00fcger, Claudia Ginsburg, Ramon M\u00e4gert Dr. Manon Haag, Evelyne Kunz, Isabella Paganini, Caroline Forrer-Michel &nbsp;<\/p>\n","protected":false},"author":12,"featured_media":0,"parent":0,"menu_order":0,"comment_status":"closed","ping_status":"closed","template":"","meta":{"footnotes":""},"class_list":["post-437","page","type-page","status-publish","hentry"],"_links":{"self":[{"href":"https:\/\/fs.kswe.ch\/chem\/wp-json\/wp\/v2\/pages\/437","targetHints":{"allow":["GET"]}}],"collection":[{"href":"https:\/\/fs.kswe.ch\/chem\/wp-json\/wp\/v2\/pages"}],"about":[{"href":"https:\/\/fs.kswe.ch\/chem\/wp-json\/wp\/v2\/types\/page"}],"author":[{"embeddable":true,"href":"https:\/\/fs.kswe.ch\/chem\/wp-json\/wp\/v2\/users\/12"}],"replies":[{"embeddable":true,"href":"https:\/\/fs.kswe.ch\/chem\/wp-json\/wp\/v2\/comments?post=437"}],"version-history":[{"count":19,"href":"https:\/\/fs.kswe.ch\/chem\/wp-json\/wp\/v2\/pages\/437\/revisions"}],"predecessor-version":[{"id":588,"href":"https:\/\/fs.kswe.ch\/chem\/wp-json\/wp\/v2\/pages\/437\/revisions\/588"}],"wp:attachment":[{"href":"https:\/\/fs.kswe.ch\/chem\/wp-json\/wp\/v2\/media?parent=437"}],"curies":[{"name":"wp","href":"https:\/\/api.w.org\/{rel}","templated":true}]}}