{"id":290,"date":"2018-11-29T10:26:45","date_gmt":"2018-11-29T09:26:45","guid":{"rendered":"http:\/\/ins.fs.kswe.ch\/?page_id=290"},"modified":"2023-06-14T11:12:07","modified_gmt":"2023-06-14T09:12:07","slug":"wettbewerbe_studienwochen","status":"publish","type":"page","link":"https:\/\/fs.kswe.ch\/bio\/wettbewerbe_studienwochen\/","title":{"rendered":"Wettbewerbe oder Studienwochen"},"content":{"rendered":"<div>\n<h1><strong>Wettbewerbe oder Studienwochen<\/strong><\/h1>\n<\/div>\n<h2><strong>Studienwochen bei Schweizer Jugend forscht<br \/>\n<\/strong><\/h2>\n<div class=\"header-image\"><strong>Es gibt f\u00fcr jeden Geschmack die passende Studienwoche<br \/>\n<\/strong><\/div>\n<p>Motivierte Sch\u00fclerinnen und Sch\u00fcler erhalten die einmalige Gelegenheit, an einer Universit\u00e4t oder einem Pharmaunternehmen ein eigenes Forschungsprojekt durchzuf\u00fchren und werden von Experten vor Ort begleitet und unterst\u00fctzt. Die Teilnehmenden k\u00f6nnen in dieser Studienwoche von \u00bbSchweizer Jugend forscht\u00ab ihr Wissen praktisch anwenden, ausbauen und wertvolle Kontakte zu Gleichgesinnten aus dem Forschungsfeld kn\u00fcpfen. Zudem erhalten sie vertiefte Einblicke in die jeweilige Fachrichtung. Am Ende der Woche werden die Arbeiten an der Schlussveranstaltung der \u00d6ffentlichkeit vorgestellt.<\/p>\n<blockquote class=\"wp-embedded-content\" data-secret=\"4MkTUOm0Zt\"><p><a href=\"https:\/\/sjf.ch\/studienwochen\/\">Studienwochen<\/a><\/p><\/blockquote>\n<p><iframe class=\"wp-embedded-content\" sandbox=\"allow-scripts\" security=\"restricted\" style=\"position: absolute; clip: rect(1px, 1px, 1px, 1px);\" title=\"&#8222;Studienwochen&#8220; &#8212; Schweizer Jugend forscht\" src=\"https:\/\/sjf.ch\/studienwochen\/embed\/#?secret=HpXtfGeKva#?secret=4MkTUOm0Zt\" data-secret=\"4MkTUOm0Zt\" width=\"600\" height=\"338\" frameborder=\"0\" marginwidth=\"0\" marginheight=\"0\" scrolling=\"no\"><\/iframe><\/p>\n<p>Erkunden Sie gleich hier die vielf\u00e4ltigen Angebote!<\/p>\n<p>&nbsp;<\/p>\n<h2><strong>Biologie-Olympiade 2023<br \/>\n<\/strong><\/h2>\n<div class=\"header-image\"><strong>Melden Sie sich bei Ihrer Biologie-Lehrperson!<br \/>\n<\/strong><\/div>\n<div><\/div>\n<div>F\u00fcr alle Interessierte f\u00fchren wir einen Vorbereitungskurs f\u00fcr die erste Runde an der KSWE durch!<\/div>\n<div>Hier finden Sie n\u00e4here Informationen zur <a href=\"https:\/\/biology.olympiad.ch\/de\/\" target=\"_blank\" rel=\"noopener noreferrer\">Biologie-Olympiade<\/a>.<\/div>\n","protected":false},"excerpt":{"rendered":"<p>Wettbewerbe oder Studienwochen Studienwochen bei Schweizer Jugend forscht Es gibt f\u00fcr jeden Geschmack die passende Studienwoche Motivierte Sch\u00fclerinnen und Sch\u00fcler erhalten die einmalige Gelegenheit, an einer Universit\u00e4t oder einem Pharmaunternehmen ein eigenes Forschungsprojekt durchzuf\u00fchren und werden von Experten vor Ort begleitet und unterst\u00fctzt. Die Teilnehmenden&#8230;<\/p>\n","protected":false},"author":2,"featured_media":826,"parent":0,"menu_order":0,"comment_status":"closed","ping_status":"closed","template":"","meta":{"footnotes":""},"class_list":["post-290","page","type-page","status-publish","has-post-thumbnail","hentry"],"_links":{"self":[{"href":"https:\/\/fs.kswe.ch\/bio\/wp-json\/wp\/v2\/pages\/290","targetHints":{"allow":["GET"]}}],"collection":[{"href":"https:\/\/fs.kswe.ch\/bio\/wp-json\/wp\/v2\/pages"}],"about":[{"href":"https:\/\/fs.kswe.ch\/bio\/wp-json\/wp\/v2\/types\/page"}],"author":[{"embeddable":true,"href":"https:\/\/fs.kswe.ch\/bio\/wp-json\/wp\/v2\/users\/2"}],"replies":[{"embeddable":true,"href":"https:\/\/fs.kswe.ch\/bio\/wp-json\/wp\/v2\/comments?post=290"}],"version-history":[{"count":21,"href":"https:\/\/fs.kswe.ch\/bio\/wp-json\/wp\/v2\/pages\/290\/revisions"}],"predecessor-version":[{"id":876,"href":"https:\/\/fs.kswe.ch\/bio\/wp-json\/wp\/v2\/pages\/290\/revisions\/876"}],"wp:featuredmedia":[{"embeddable":true,"href":"https:\/\/fs.kswe.ch\/bio\/wp-json\/wp\/v2\/media\/826"}],"wp:attachment":[{"href":"https:\/\/fs.kswe.ch\/bio\/wp-json\/wp\/v2\/media?parent=290"}],"curies":[{"name":"wp","href":"https:\/\/api.w.org\/{rel}","templated":true}]}}