{"id":512,"date":"2019-04-24T19:24:08","date_gmt":"2019-04-24T17:24:08","guid":{"rendered":"https:\/\/fs.kswe.ch\/bgf\/?page_id=512"},"modified":"2020-01-24T18:51:51","modified_gmt":"2020-01-24T17:51:51","slug":"science-club","status":"publish","type":"page","link":"https:\/\/fs.kswe.ch\/bgf\/science-club\/","title":{"rendered":"Science Club"},"content":{"rendered":"<p><strong>Science Club<\/strong><\/p>\n<p>&nbsp;<\/p>\n<p>Im Science Club werden aktuelle Forschungsprojekte besprochen. Alle 4-6 Wochen findet eine Lifeschaltung statt. Sch\u00fcler*innen k\u00f6nnen die zuvor entwickelten Fragen direkt an die betreffenden Wissenschaftler stellen. Sch\u00fcler*innen des Science Clubs nehmen auch regelm\u00e4ssig an ausserschulischen Veranstaltungen teil, an Universit\u00e4ten, an Veranstaltungen der Life Science Industrie, an Sch\u00fclerkongressen. Gewissen Sch\u00fcler*innen sind bereits seit Jahren dabei, junge 1. Kl\u00e4sslerinnen stossen dazu. Es finden rege Diskussionen zu den ansprochsvollen Forschungsgebieten statt. Die Sessions werden jeweils aufgezeichnet und stehen den Mitgliedern des Science Clubs zur Verf\u00fcgung.<\/p>\n<p><strong>Wie forschen Forscher? Wer definiert, was erforscht werden soll? Wodurch zeichnet sich ein erfolgreicher Forscher, eine erfolgreiche Forscherin aus?<\/strong><\/p>\n<p>Im Science Club setzen wir uns mit aktuellen Forschungsprojekten auseinander. Einmal monatlich besuchen wir virtuell, mittels einer interaktiv geschalteten Videokonferenz, ein Forschungslabor. Sch\u00fclerinnen und Sch\u00fcler k\u00f6nnen sich somit mit ihren Fragen direkt an die Forschenden wenden, andere Jugendliche h\u00f6ren bzw. sehen zu. Um in einen fachlichen Diskurs eintreten zu k\u00f6nnen, m\u00fcssen vorg\u00e4ngig die Grundlagen erarbeitet werden.<\/p>\n<p>Da es sich dabei nicht selten um Fachgebiete handelt, die im gymnasialen Lehrplan nicht aufgef\u00fchrt sind, stellen die Forschenden Unterlagen zusammen und erarbeiten Pr\u00e4sentationen, welche vorg\u00e4ngig in den verschiedenen Science Clubs studiert und diskutiert werden. Dazu geh\u00f6ren Filmbeitr\u00e4ge, Interviews, Pr\u00e4sentationen, Originalliteratur und Kurztexte, die auch Laien Einblick in die oft komplexen Themengebiete erm\u00f6glichen.<\/p>\n<p>Neben dem Gespr\u00e4ch mit Wissenschaftlern via Videokonferenz laden wir auch immer wieder in- und ausl\u00e4ndische Fachkr\u00e4fte zu uns in den Club ein. So erhalten die KursteilnehmerInnen Einblick in aktuelle Forschungsprojekte an der ETH und an in- und ausl\u00e4ndischen Universit\u00e4ten.<\/p>\n<p>Einmal pro Jahr besuchen wir gemeinsam einen zweit\u00e4gigen Sch\u00fclerkongress auf Schloss Beuggen (D, vorausgesetzt, der Besuch dieses Anlasses wird bewilligt.) Dabei k\u00f6nnen sich Sch\u00fclerInnen, VertreterInnen aus der Wirtschaft und der Hochschulen aus Deutschland, Frankreich und der Schweiz auf vielf\u00e4ltige Weise austauschen.<\/p>\n<p>Der Science Club richtet sich an Sch\u00fclerInnen, die sich vertieft mit aktuellen Forschungsprojekten aus dem Bereich Life Sciences auseinandersetzen m\u00f6chten, um letztlich Einblick in m\u00f6gliche zuk\u00fcnftige Berufsfelder zu erlangen.<\/p>\n<p><strong>Beispiele von Schwerpunktthemen:<\/strong><\/p>\n<ul>\n<li>Protein-Design \u2013 How can we predict form and function of new designed proteins?<\/li>\n<li>Stress and metabolic response \u2013 Neurology and biochemistry of a wide spread phenomenon<\/li>\n<li>Immune-tolerance and rare cell populations \u2013 Searching the needle in the hay<\/li>\n<li>Optogenetics \u2013 A light-driven switch in the brain<\/li>\n<\/ul>\n<p>&nbsp;<\/p>\n<p><strong>Lehrperson:<\/strong> Samuel Ginsburg<\/p>\n<p><strong>Aufwand:<\/strong> eine Lektion w\u00f6chentlich w\u00e4hrend des ganzen akademischen Jahres<\/p>\n<blockquote><p>Sch\u00fclerstimme:<\/p>\n<p>\u201eIm Science Club sprechen wir \u00fcber aktuelle Forschungen aus verschiedenen Gebieten der Wissenschaft und tauschen uns \u00fcber revolution\u00e4re Meilensteine der Menschheit aus. So sind wir an vorderster Front dabei, wenn es darum geht m\u00f6glichst vielen Menschen zu helfen und das Leben lebenswerter zu gestalten. Das beschr\u00e4nkt sich nicht nur auf die Pharmakologie oder Biologie sondern zieht sich auf alle Gebiete weiter, die unser Leben massgeblich vereinfachen, verbessern und uns ganz neue Perspektiven er\u00f6ffnen.<\/p>\n<p>Ich gehe in den Science Club weil ich an genau diesen Fortschritt glaube und \u00fcberzeugt bin, dass auch wir das Leben vieler Menschen weiterhin verbessern<\/p>\n<p>k\u00f6nnen. Die Wissenschaft ist erst am Anfang und es gibt noch so viel zu erforschen und entdecken. Ich m\u00f6chte gerne ein Teil dieser Zukunft werden, die die Menschheit weiterbringt.\u201c<\/p>\n<p>Maz Wegm\u00fcller, 2019<\/p><\/blockquote>\n","protected":false},"excerpt":{"rendered":"<p>Science Club &nbsp; Im Science Club werden aktuelle Forschungsprojekte besprochen. Alle 4-6 Wochen findet eine Lifeschaltung statt. Sch\u00fcler*innen k\u00f6nnen die zuvor entwickelten Fragen direkt an die betreffenden Wissenschaftler stellen. Sch\u00fcler*innen des Science Clubs nehmen auch regelm\u00e4ssig an ausserschulischen Veranstaltungen teil, an Universit\u00e4ten, an Veranstaltungen der&#8230;<\/p>\n","protected":false},"author":16,"featured_media":0,"parent":0,"menu_order":0,"comment_status":"closed","ping_status":"closed","template":"","meta":{"footnotes":""},"class_list":["post-512","page","type-page","status-publish","hentry"],"_links":{"self":[{"href":"https:\/\/fs.kswe.ch\/bgf\/wp-json\/wp\/v2\/pages\/512","targetHints":{"allow":["GET"]}}],"collection":[{"href":"https:\/\/fs.kswe.ch\/bgf\/wp-json\/wp\/v2\/pages"}],"about":[{"href":"https:\/\/fs.kswe.ch\/bgf\/wp-json\/wp\/v2\/types\/page"}],"author":[{"embeddable":true,"href":"https:\/\/fs.kswe.ch\/bgf\/wp-json\/wp\/v2\/users\/16"}],"replies":[{"embeddable":true,"href":"https:\/\/fs.kswe.ch\/bgf\/wp-json\/wp\/v2\/comments?post=512"}],"version-history":[{"count":6,"href":"https:\/\/fs.kswe.ch\/bgf\/wp-json\/wp\/v2\/pages\/512\/revisions"}],"predecessor-version":[{"id":642,"href":"https:\/\/fs.kswe.ch\/bgf\/wp-json\/wp\/v2\/pages\/512\/revisions\/642"}],"wp:attachment":[{"href":"https:\/\/fs.kswe.ch\/bgf\/wp-json\/wp\/v2\/media?parent=512"}],"curies":[{"name":"wp","href":"https:\/\/api.w.org\/{rel}","templated":true}]}}