{"id":485,"date":"2019-04-24T18:54:35","date_gmt":"2019-04-24T16:54:35","guid":{"rendered":"https:\/\/fs.kswe.ch\/bgf\/?page_id=485"},"modified":"2025-02-16T09:37:38","modified_gmt":"2025-02-16T08:37:38","slug":"vorbereitung-wissenschaftsolympiade-mathematik","status":"publish","type":"page","link":"https:\/\/fs.kswe.ch\/bgf\/vorbereitung-wissenschaftsolympiade-mathematik\/","title":{"rendered":"Vorbereitung Wissenschaftsolympiade Mathematik"},"content":{"rendered":"<p>Im Vorbereitungskurs auf die Mathematik-Olympiade (FmatO) bietet Ihnen unsere Schule die M\u00f6glichkeit, Ihre mathematischen F\u00e4higkeiten auf ein neues Niveau zu heben. Der Kurs findet w\u00f6chentlich statt (eine Lektion) und richtet sich an Sch\u00fclerinnen und Sch\u00fcler (SuS), die sich gezielt auf die Mathematik-Olympiade vorbereiten wollen, steht aber auch allen SuS offen, die ihre mathematischen Kenntnisse erweitern und vertiefen wollen.<\/p>\n<p>Im Kurs besch\u00e4ftigen wir uns mit spannenden Themen, die \u00fcber den normalen Unterricht hinausgehen, wie zum Beispiel interessante S\u00e4tze und Probleme aus der Zahlentheorie, Ungleichungen und Funktionalgleichungen in der Analysis sowie Beweise, S\u00e4tze und Anwendungen der euklidische Geometrie und Kombinatorik. Die Inhalte und Aufgaben sind so ausgew\u00e4hlt, dass sie das logisches Denken, die Probleml\u00f6sef\u00e4higkeiten und den Forschungsgeist herausfordern und f\u00f6rdern.<\/p>\n<p><img decoding=\"async\" class=\"alignleft wp-image-793 \" src=\"https:\/\/fs.kswe.ch\/bgf\/wp-content\/uploads\/sites\/13\/2025\/02\/Math-Olymp.png\" alt=\"\" width=\"132\" height=\"102\" \/>Internationale Mathematik-Olympiade (IMO) findet jedes Jahr in einem anderen Land statt, und jedes teilnehmende Land stellt ein sechsk\u00f6pfiges Team, das anspruchsvolle mathematische Probleme l\u00f6sen soll. Unsere Kursteilnehmer haben in den vergangenen Jahren sowohl bei der Schweizer Mathematik-Olympiade (SMO) als auch auf internationaler Ebene beachtliche Erfolge erzielt. M\u00f6chten auch Sie an solchen Wettbewerben teilnehmen und die Schweiz vertreten?<\/p>\n<p><img decoding=\"async\" class=\"alignright wp-image-794\" src=\"https:\/\/fs.kswe.ch\/bgf\/wp-content\/uploads\/sites\/13\/2025\/02\/Math-Winners.png\" alt=\"\" width=\"156\" height=\"176\" \/>Allein zwischen 2022 und 2024 haben drei unserer Sch\u00fcler und Kursteilnehmer herausragende Erfolge erzielt und insgesamt sechs Medaillen in der Finalrunde der Schweizer Mathematik-Olympiade gewonnen. Bei der Internationalen Mathematik-Olympiade (IMO) errang Felix Xu eine Gold- (2024) sowie eine Bronzemedaille (2023), w\u00e4hrend Jerry Schupp und Emil Spiess zusammen drei Medaillen bei der Mitteleurop\u00e4ischen Mathematikolympiade (MEMO) in zwei Jahren gewannen. Diese beeindruckenden Erfolge zeigen das aussergew\u00f6hnliche Talent und Engagement unserer Sch\u00fcler und den Erfolg des Kurses.<\/p>\n<p>F\u00fcr weitere Informationen und Anmeldung kontaktieren Sie: Tatjana Miladinovic, mit@kswe.ch<\/p>\n<p>&nbsp;<\/p>\n<p><strong>Lehrperson:<\/strong> Tatjana Miladinovic<\/p>\n<p><strong>Aufwand:<\/strong> eine Lektion pro Woche w\u00e4hrend des ganzen SJ<\/p>\n","protected":false},"excerpt":{"rendered":"<p>Im Vorbereitungskurs auf die Mathematik-Olympiade (FmatO) bietet Ihnen unsere Schule die M\u00f6glichkeit, Ihre mathematischen F\u00e4higkeiten auf ein neues Niveau zu heben. Der Kurs findet w\u00f6chentlich statt (eine Lektion) und richtet sich an Sch\u00fclerinnen und Sch\u00fcler (SuS), die sich gezielt auf die Mathematik-Olympiade vorbereiten wollen, steht&#8230;<\/p>\n","protected":false},"author":16,"featured_media":0,"parent":0,"menu_order":0,"comment_status":"closed","ping_status":"closed","template":"","meta":{"footnotes":""},"class_list":["post-485","page","type-page","status-publish","hentry"],"_links":{"self":[{"href":"https:\/\/fs.kswe.ch\/bgf\/wp-json\/wp\/v2\/pages\/485","targetHints":{"allow":["GET"]}}],"collection":[{"href":"https:\/\/fs.kswe.ch\/bgf\/wp-json\/wp\/v2\/pages"}],"about":[{"href":"https:\/\/fs.kswe.ch\/bgf\/wp-json\/wp\/v2\/types\/page"}],"author":[{"embeddable":true,"href":"https:\/\/fs.kswe.ch\/bgf\/wp-json\/wp\/v2\/users\/16"}],"replies":[{"embeddable":true,"href":"https:\/\/fs.kswe.ch\/bgf\/wp-json\/wp\/v2\/comments?post=485"}],"version-history":[{"count":6,"href":"https:\/\/fs.kswe.ch\/bgf\/wp-json\/wp\/v2\/pages\/485\/revisions"}],"predecessor-version":[{"id":795,"href":"https:\/\/fs.kswe.ch\/bgf\/wp-json\/wp\/v2\/pages\/485\/revisions\/795"}],"wp:attachment":[{"href":"https:\/\/fs.kswe.ch\/bgf\/wp-json\/wp\/v2\/media?parent=485"}],"curies":[{"name":"wp","href":"https:\/\/api.w.org\/{rel}","templated":true}]}}